{"id":78,"date":"2024-09-12T17:51:55","date_gmt":"2024-09-12T15:51:55","guid":{"rendered":"https:\/\/mladez.evangnet.cz\/prazska\/?post_type=event&#038;p=78"},"modified":"2024-09-24T19:39:43","modified_gmt":"2024-09-24T17:39:43","slug":"somfest","status":"publish","type":"event","link":"https:\/\/mladez.evangnet.cz\/prazska\/akce\/somfest\/","title":{"rendered":"SOMfest"},"content":{"rendered":"<p>Chce\u0161 si u\u017e\u00edt prima ve\u010der ve spole\u010dnosti zaj\u00edmav\u00fdch lid\u00ed? P\u0159ij\u010f oslavit 30.<br \/>\nv\u00fdro\u010d\u00ed zalo\u017een\u00ed jedn\u00e9 z prvn\u00edch organizac\u00ed v \u010cesku, kter\u00e1 za\u010dala \u0161\u00ed\u0159it<br \/>\nFair Trade \u2013 Obch\u016fdku jednoho sv\u011bta. Na t\u00e9to mezigenera\u010dn\u00ed akci se<br \/>\nm\u016f\u017ee\u0161 t\u011b\u0161it na bohat\u00fd hudebn\u00ed program s kapelami naprosto<br \/>\nodli\u0161n\u00fdch \u017e\u00e1nr\u016f, tak\u017ee si ka\u017ed\u00fd p\u0159ijde na sv\u00e9!<\/p>\n<p>Na p\u00f3diu vystoup\u00ed metalov\u00e1 kapela Loudout, rapper MC $hmejkee,<br \/>\nindie folk kapela Kruh 19 a alt-rockov\u00e1 skupina Drainage.<br \/>\nKrom\u011b skv\u011bl\u00fdch koncert\u016f si bude\u0161 moci zakoupit rukod\u011bln\u00e9 v\u00fdrobky,<br \/>\nFair Trade produkty a t\u0159eba si i pochutnat na \u010dokol\u00e1dov\u00e9 ty\u010dince.<br \/>\n\u010cek\u00e1 jedine\u010dn\u00e1 p\u0159\u00edle\u017eitost zapa\u0159it s fajn lidmi, pobavit se a oslavit<br \/>\ntuto v\u00fdjime\u010dnou p\u0159\u00edle\u017eitost spole\u010dn\u011b s n\u00e1mi.<\/p>\n<p>Nenech si uj\u00edt tuto skv\u011blou akci, kter\u00e1 se kon\u00e1 v p\u00e1tek 27. z\u00e1\u0159\u00ed 2024<br \/>\nv evangelick\u00e9m kostele na Sm\u00edchov\u011b (\u010cCE Sm\u00edchov, Na Doubkov\u00e9 2040\/8).<\/p>\n<p>Akce za\u010d\u00edn\u00e1 v 18:00 a doporu\u010den\u00e9 vstupn\u00e9 je 150,- K\u010d.<br \/>\nBudeme se na v\u00e1s t\u011b\u0161it,<br \/>\nVa\u0161i SOM\u00e1ci<\/p>\n","protected":false},"featured_media":54,"menu_order":0,"template":"","categories":[4],"class_list":["post-78","event","type-event","status-publish","has-post-thumbnail","hentry","category-udalosti"],"_links":{"self":[{"href":"https:\/\/mladez.evangnet.cz\/prazska\/wp-json\/wp\/v2\/event\/78","targetHints":{"allow":["GET"]}}],"collection":[{"href":"https:\/\/mladez.evangnet.cz\/prazska\/wp-json\/wp\/v2\/event"}],"about":[{"href":"https:\/\/mladez.evangnet.cz\/prazska\/wp-json\/wp\/v2\/types\/event"}],"version-history":[{"count":1,"href":"https:\/\/mladez.evangnet.cz\/prazska\/wp-json\/wp\/v2\/event\/78\/revisions"}],"predecessor-version":[{"id":83,"href":"https:\/\/mladez.evangnet.cz\/prazska\/wp-json\/wp\/v2\/event\/78\/revisions\/83"}],"wp:featuredmedia":[{"embeddable":true,"href":"https:\/\/mladez.evangnet.cz\/prazska\/wp-json\/wp\/v2\/media\/54"}],"wp:attachment":[{"href":"https:\/\/mladez.evangnet.cz\/prazska\/wp-json\/wp\/v2\/media?parent=78"}],"wp:term":[{"taxonomy":"category","embeddable":true,"href":"https:\/\/mladez.evangnet.cz\/prazska\/wp-json\/wp\/v2\/categories?post=78"}],"curies":[{"name":"wp","href":"https:\/\/api.w.org\/{rel}","templated":true}]}}

<p>Chceš si užít prima večer ve společnosti zajímavých lidí? Přijď oslavit 30.<br />
výročí založení jedné z prvních organizací v Česku, která začala šířit<br />
Fair Trade – Obchůdku jednoho světa. Na této mezigenerační akci se<br />
můžeš těšit na bohatý hudební program s kapelami naprosto<br />
odlišných žánrů, takže si každý přijde na své!</p>
<p>Na pódiu vystoupí metalová kapela Loudout, rapper MC $hmejkee,<br />
indie folk kapela Kruh 19 a alt-rocková skupina Drainage.<br />
Kromě skvělých koncertů si budeš moci zakoupit rukodělné výrobky,<br />
Fair Trade produkty a třeba si i pochutnat na čokoládové tyčince.<br />
Čeká jedinečná příležitost zapařit s fajn lidmi, pobavit se a oslavit<br />
tuto výjimečnou příležitost společně s námi.</p>
<p>Nenech si ujít tuto skvělou akci, která se koná v pátek 27. září 2024<br />
v evangelickém kostele na Smíchově (ČCE Smíchov, Na Doubkové 2040/8).</p>
<p>Akce začíná v 18:00 a doporučené vstupné je 150,- Kč.<br />
Budeme se na vás těšit,<br />
Vaši SOMáci</p>
