{"id":472,"date":"2026-01-14T18:04:26","date_gmt":"2026-01-14T17:04:26","guid":{"rendered":"https:\/\/mladez.evangnet.cz\/prazska\/?post_type=event&#038;p=472"},"modified":"2026-03-05T19:17:48","modified_gmt":"2026-03-05T18:17:48","slug":"akce-pro-konfirmandy","status":"publish","type":"event","link":"https:\/\/mladez.evangnet.cz\/prazska\/akce\/akce-pro-konfirmandy\/","title":{"rendered":"Akce pro konfirmandy"},"content":{"rendered":"\n<p>&#8220; K svobod\u011b je dlouh\u00e9 putov\u00e1n\u00ed&#8230;&#8220;<\/p>\n\n\n\n<p>Jak\u00e9 to je putovat 40 let pou\u0161t\u00ed si nikdo z n\u00e1s nedok\u00e1\u017ee ani p\u0159edstavit. M\u016f\u017eeme si to alespo\u0148 p\u0159ipom\u00ednat a simulovat. A takovou p\u0159\u00edle\u017eitost\u00ed bude akce pro konfirmandy a mlad\u0161\u00ed ml\u00e1de\u017e. Potk\u00e1me se v Lib\u010dic\u00edch nad Vltavou v sobotu 11. dubna 2026.<\/p>\n\n\n\n<p>Pokud ti je 12 &#8211; 16 let, nebo zn\u00e1\u0161 n\u011bkoho v tomto v\u011bku, nev\u00e1hej a p\u0159ihla\u0161uj se: <a href=\"https:\/\/forms.gle\/NnxCxxW8dDw7brJz8?fbclid=IwZXh0bgNhZW0CMTAAYnJpZBExa0UwaXMzSFVlVGt3NHZwOXNydGMGYXBwX2lkEDIyMjAzOTE3ODgyMDA4OTIAAR6mSQxJE3f_Q4D2NILhkrP4BG7EeoR6mHx9_KjmifIdJaSeoICUtIUXlOjnDA_aem_kBiDgNWfDwHEBJovN0kRtw\" target=\"_blank\" rel=\"noreferrer noopener\">https:\/\/forms.gle\/NnxCxxW8dDw7brJz8<\/a><\/p>\n\n\n\n<p><img loading=\"lazy\" decoding=\"async\" height=\"16\" width=\"16\" alt=\"\ud83e\udec2\" src=\"https:\/\/static.xx.fbcdn.net\/images\/emoji.php\/v9\/t68\/1\/16\/1fac2.png\"> Budeme se na Tebe t\u011b\u0161it,<\/p>\n\n\n\n<p><img loading=\"lazy\" decoding=\"async\" height=\"16\" width=\"16\" alt=\"\ud83d\udc9a\" src=\"https:\/\/static.xx.fbcdn.net\/images\/emoji.php\/v9\/t94\/1\/16\/1f49a.png\"> Tv\u016fj SOM<\/p>\n","protected":false},"featured_media":336,"menu_order":0,"template":"","categories":[],"class_list":["post-472","event","type-event","status-publish","has-post-thumbnail","hentry"],"_links":{"self":[{"href":"https:\/\/mladez.evangnet.cz\/prazska\/wp-json\/wp\/v2\/event\/472","targetHints":{"allow":["GET"]}}],"collection":[{"href":"https:\/\/mladez.evangnet.cz\/prazska\/wp-json\/wp\/v2\/event"}],"about":[{"href":"https:\/\/mladez.evangnet.cz\/prazska\/wp-json\/wp\/v2\/types\/event"}],"version-history":[{"count":2,"href":"https:\/\/mladez.evangnet.cz\/prazska\/wp-json\/wp\/v2\/event\/472\/revisions"}],"predecessor-version":[{"id":553,"href":"https:\/\/mladez.evangnet.cz\/prazska\/wp-json\/wp\/v2\/event\/472\/revisions\/553"}],"wp:featuredmedia":[{"embeddable":true,"href":"https:\/\/mladez.evangnet.cz\/prazska\/wp-json\/wp\/v2\/media\/336"}],"wp:attachment":[{"href":"https:\/\/mladez.evangnet.cz\/prazska\/wp-json\/wp\/v2\/media?parent=472"}],"wp:term":[{"taxonomy":"category","embeddable":true,"href":"https:\/\/mladez.evangnet.cz\/prazska\/wp-json\/wp\/v2\/categories?post=472"}],"curies":[{"name":"wp","href":"https:\/\/api.w.org\/{rel}","templated":true}]}}

<p>&#8220; K svobodě je dlouhé putování&#8230;&#8220;</p>



<p>Jaké to je putovat 40 let pouští si nikdo z nás nedokáže ani představit. Můžeme si to alespoň připomínat a simulovat. A takovou příležitostí bude akce pro konfirmandy a mladší mládež. Potkáme se v Libčicích nad Vltavou v sobotu 11. dubna 2026.</p>



<p>Pokud ti je 12 &#8211; 16 let, nebo znáš někoho v tomto věku, neváhej a přihlašuj se: <a href="https://forms.gle/NnxCxxW8dDw7brJz8?fbclid=IwZXh0bgNhZW0CMTAAYnJpZBExa0UwaXMzSFVlVGt3NHZwOXNydGMGYXBwX2lkEDIyMjAzOTE3ODgyMDA4OTIAAR6mSQxJE3f_Q4D2NILhkrP4BG7EeoR6mHx9_KjmifIdJaSeoICUtIUXlOjnDA_aem_kBiDgNWfDwHEBJovN0kRtw" target="_blank" rel="noreferrer noopener">https://forms.gle/NnxCxxW8dDw7brJz8</a></p>



<p><img loading="lazy" decoding="async" height="16" width="16" alt="🫂" src="https://static.xx.fbcdn.net/images/emoji.php/v9/t68/1/16/1fac2.png"> Budeme se na Tebe těšit,</p>



<p><img loading="lazy" decoding="async" height="16" width="16" alt="💚" src="https://static.xx.fbcdn.net/images/emoji.php/v9/t94/1/16/1f49a.png"> Tvůj SOM</p>
