{"id":469,"date":"2026-01-14T17:52:40","date_gmt":"2026-01-14T16:52:40","guid":{"rendered":"https:\/\/mladez.evangnet.cz\/prazska\/?post_type=event&#038;p=469"},"modified":"2026-03-04T19:35:01","modified_gmt":"2026-03-04T18:35:01","slug":"muza-nebo-hruza","status":"publish","type":"event","link":"https:\/\/mladez.evangnet.cz\/prazska\/akce\/muza-nebo-hruza\/","title":{"rendered":"M\u00faza, nebo hr\u016fza"},"content":{"rendered":"\n<p>&#8222;Tymp\u00e1ny, housle, hudba, zp\u011bv v jednom t\u00f3nu, cimb\u00e1ly, pozouny&#8230;&#8220;<\/p>\n\n\n\n<p>Tyto i v\u0161echny ostatn\u00ed n\u00e1stroje budou v\u00edt\u00e1ny na akci M\u00faza nebo hr\u016fza. Potk\u00e1me se v sobotu 14. b\u0159ezna v 13:30 ve stra\u0161nick\u00e9m kostele (Kralick\u00e1 4).<\/p>\n\n\n\n<p>Odpoledne bude rozd\u011blen\u00e9 do dvou, respektive t\u0159\u00ed \u010d\u00e1st\u00ed. V prvn\u00ed z nich se budete moct z\u00fa\u010dastnit bu\u010f muzic\u00edrov\u00e1n\u00ed, nebo tvo\u0159en\u00ed z modelovac\u00ed hmoty.<\/p>\n\n\n\n<p>V druh\u00e9 \u010d\u00e1sti si budete vyb\u00edrat mezi tancem a nat\u00e1\u010den\u00edm kr\u00e1tk\u00e9ho filmu.<\/p>\n\n\n\n<p>No a v t\u0159et\u00ed \u010d\u00e1sti si m\u016f\u017eeme spole\u010dn\u011b uk\u00e1zat, co jsme vytvo\u0159ili a co jsme se nau\u010dili, a str\u00e1vit spolu i zbytek ve\u010dera.<\/p>\n\n\n\n<p>Je tohle l\u00e1k\u00e1v\u00e1 p\u0159edstava, jak str\u00e1vit sobotn\u00ed odpoledne? Pokud ano, p\u0159ihla\u0161ujte se zde, nebo p\u0159es QR k\u00f3d: <a href=\"https:\/\/docs.google.com\/forms\/d\/e\/1FAIpQLSdGTw8vv8Hd4W8PAnEynMubkBd7EA98XwzBLCMvPmwsV8UpzA\/viewform?fbclid=IwZXh0bgNhZW0CMTAAYnJpZBExZGlPM1lvNHpMaFZwNmtERHNydGMGYXBwX2lkEDIyMjAzOTE3ODgyMDA4OTIAAR5M6d_MvQfvD8Ei-GBBtXALxLegFBA6l3aUP-gAUgSzQWfsLF8fSPXZxL0-_g_aem_uDFSIbgCtLbe-AVcJ7k1ng\" target=\"_blank\" rel=\"noreferrer noopener\">https:\/\/docs.google.com\/&#8230;\/1FAIpQLSdGTw8vv8Hd4W&#8230;\/viewform<\/a><\/p>\n\n\n\n<p>Budeme se na v\u00e1s t\u011b\u0161it,<\/p>\n\n\n\n<p>v\u00e1\u0161 SOM<\/p>\n\n\n\n<p><\/p>\n","protected":false},"featured_media":317,"menu_order":0,"template":"","categories":[],"class_list":["post-469","event","type-event","status-publish","has-post-thumbnail","hentry"],"_links":{"self":[{"href":"https:\/\/mladez.evangnet.cz\/prazska\/wp-json\/wp\/v2\/event\/469","targetHints":{"allow":["GET"]}}],"collection":[{"href":"https:\/\/mladez.evangnet.cz\/prazska\/wp-json\/wp\/v2\/event"}],"about":[{"href":"https:\/\/mladez.evangnet.cz\/prazska\/wp-json\/wp\/v2\/types\/event"}],"version-history":[{"count":2,"href":"https:\/\/mladez.evangnet.cz\/prazska\/wp-json\/wp\/v2\/event\/469\/revisions"}],"predecessor-version":[{"id":551,"href":"https:\/\/mladez.evangnet.cz\/prazska\/wp-json\/wp\/v2\/event\/469\/revisions\/551"}],"wp:featuredmedia":[{"embeddable":true,"href":"https:\/\/mladez.evangnet.cz\/prazska\/wp-json\/wp\/v2\/media\/317"}],"wp:attachment":[{"href":"https:\/\/mladez.evangnet.cz\/prazska\/wp-json\/wp\/v2\/media?parent=469"}],"wp:term":[{"taxonomy":"category","embeddable":true,"href":"https:\/\/mladez.evangnet.cz\/prazska\/wp-json\/wp\/v2\/categories?post=469"}],"curies":[{"name":"wp","href":"https:\/\/api.w.org\/{rel}","templated":true}]}}

Múza, nebo hrůza

<p>&#8222;Tympány, housle, hudba, zpěv v jednom tónu, cimbály, pozouny&#8230;&#8220;</p>



<p>Tyto i všechny ostatní nástroje budou vítány na akci Múza nebo hrůza. Potkáme se v sobotu 14. března v 13:30 ve strašnickém kostele (Kralická 4).</p>



<p>Odpoledne bude rozdělené do dvou, respektive tří částí. V první z nich se budete moct zúčastnit buď muzicírování, nebo tvoření z modelovací hmoty.</p>



<p>V druhé části si budete vybírat mezi tancem a natáčením krátkého filmu.</p>



<p>No a v třetí části si můžeme společně ukázat, co jsme vytvořili a co jsme se naučili, a strávit spolu i zbytek večera.</p>



<p>Je tohle lákává představa, jak strávit sobotní odpoledne? Pokud ano, přihlašujte se zde, nebo přes QR kód: <a href="https://docs.google.com/forms/d/e/1FAIpQLSdGTw8vv8Hd4W8PAnEynMubkBd7EA98XwzBLCMvPmwsV8UpzA/viewform?fbclid=IwZXh0bgNhZW0CMTAAYnJpZBExZGlPM1lvNHpMaFZwNmtERHNydGMGYXBwX2lkEDIyMjAzOTE3ODgyMDA4OTIAAR5M6d_MvQfvD8Ei-GBBtXALxLegFBA6l3aUP-gAUgSzQWfsLF8fSPXZxL0-_g_aem_uDFSIbgCtLbe-AVcJ7k1ng" target="_blank" rel="noreferrer noopener">https://docs.google.com/&#8230;/1FAIpQLSdGTw8vv8Hd4W&#8230;/viewform</a></p>



<p>Budeme se na vás těšit,</p>



<p>váš SOM</p>



<p></p>
