{"id":380,"date":"2025-05-21T23:40:10","date_gmt":"2025-05-21T21:40:10","guid":{"rendered":"https:\/\/mladez.evangnet.cz\/prazska\/?post_type=event&#038;p=380"},"modified":"2025-05-21T23:40:10","modified_gmt":"2025-05-21T21:40:10","slug":"mladeznicka-voda","status":"publish","type":"event","link":"https:\/\/mladez.evangnet.cz\/prazska\/akce\/mladeznicka-voda\/","title":{"rendered":"Ml\u00e1de\u017enick\u00e1 Voda"},"content":{"rendered":"\n<p>Na vodu u\u017e jezd\u00edm jenom s Vendou, s Vendou, do kanoe nevlezu u\u017e s Bendou, s Bendou&#8230;&#8220;<\/p>\n\n\n\n<p>Vendu s sebou asi m\u00edt nebudeme, ale ur\u010dit\u011b pojede <a href=\"https:\/\/www.facebook.com\/profile.php?id=100013100294589&amp;__cft__[0]=AZWJJC92Ul7R2hqG1h8QIxo1Ti-qzTgXEY7J0JaNN34FjN2eygqY8dvUs2vAu5Dw42D85lXhKH07eh1sHArCwT7H4ux8R0hc1Y4cnm7jkUmxGBouz-wxb2nvv-GnG3UFJTqTa5mwplObVRAem7Z8hCUxVrmNsx_KCM7YxfPg1XrWH7RQMYqGVSaEp1MroN7ySt7SjkT_k4-ZbZoFb-cEJVLj&amp;__tn__=-]K-R\" target=\"_blank\" rel=\"noopener\">Kuba Rais<\/a> a V\u00e1clav Jel\u00ednek, co\u017e jsou kluci, kte\u0159\u00ed tuto akci organizuj\u00ed. A s nimi se nebudeme m\u00edt \u010deho b\u00e1t. Spole\u010dn\u011b se budeme plavit po \u0159ece Orlici, po jej\u00ed Tich\u00e9 i Divok\u00e9 \u010d\u00e1sti.<\/p>\n\n\n\n<p>Tak\u017ee pokud m\u00e1te t\u00fdden 14. &#8211; 20. \u010dervence voln\u00fd, p\u0159ihlaste se a p\u0159idejte s k nezapomenuteln\u00e9 ml\u00e1de\u017enick\u00e9 vod\u011b. Odkaz na p\u0159ihla\u0161ov\u00e1n\u00ed zde: <a href=\"https:\/\/docs.google.com\/forms\/d\/e\/1FAIpQLSceJiX2eparBLGN8-6X68w1rxYN3VO5PKKlDIi51KBydB1oEw\/viewform?usp=dialog&amp;fbclid=IwZXh0bgNhZW0CMTAAYnJpZBExRE41czV0WEVwS2M1b25WYQEeCnPU1cgxAWeJiH-u17vzFA3ERzT65pPln5q04lRUhSOpUtTA9DayG-PJp_k_aem_HqgT2zwNf94oMonJ5mOAiQ\" target=\"_blank\" rel=\"noreferrer noopener\">https:\/\/docs.google.com\/&#8230;\/1FAIpQLSceJiX2epa&#8230;\/viewform&#8230;<\/a>Kluci i my se na v\u00e1s budeme t\u011b\u0161it.<\/p>\n\n\n\n<p>V\u00e1\u0161 SOM<\/p>\n\n\n\n<p><\/p>\n","protected":false},"featured_media":381,"menu_order":0,"template":"","categories":[],"class_list":["post-380","event","type-event","status-publish","has-post-thumbnail","hentry"],"_links":{"self":[{"href":"https:\/\/mladez.evangnet.cz\/prazska\/wp-json\/wp\/v2\/event\/380","targetHints":{"allow":["GET"]}}],"collection":[{"href":"https:\/\/mladez.evangnet.cz\/prazska\/wp-json\/wp\/v2\/event"}],"about":[{"href":"https:\/\/mladez.evangnet.cz\/prazska\/wp-json\/wp\/v2\/types\/event"}],"version-history":[{"count":1,"href":"https:\/\/mladez.evangnet.cz\/prazska\/wp-json\/wp\/v2\/event\/380\/revisions"}],"predecessor-version":[{"id":382,"href":"https:\/\/mladez.evangnet.cz\/prazska\/wp-json\/wp\/v2\/event\/380\/revisions\/382"}],"wp:featuredmedia":[{"embeddable":true,"href":"https:\/\/mladez.evangnet.cz\/prazska\/wp-json\/wp\/v2\/media\/381"}],"wp:attachment":[{"href":"https:\/\/mladez.evangnet.cz\/prazska\/wp-json\/wp\/v2\/media?parent=380"}],"wp:term":[{"taxonomy":"category","embeddable":true,"href":"https:\/\/mladez.evangnet.cz\/prazska\/wp-json\/wp\/v2\/categories?post=380"}],"curies":[{"name":"wp","href":"https:\/\/api.w.org\/{rel}","templated":true}]}}

Mládežnická Voda

<p>Na vodu už jezdím jenom s Vendou, s Vendou, do kanoe nevlezu už s Bendou, s Bendou&#8230;&#8220;</p>



<p>Vendu s sebou asi mít nebudeme, ale určitě pojede <a href="https://www.facebook.com/profile.php?id=100013100294589&amp;__cft__[0]=AZWJJC92Ul7R2hqG1h8QIxo1Ti-qzTgXEY7J0JaNN34FjN2eygqY8dvUs2vAu5Dw42D85lXhKH07eh1sHArCwT7H4ux8R0hc1Y4cnm7jkUmxGBouz-wxb2nvv-GnG3UFJTqTa5mwplObVRAem7Z8hCUxVrmNsx_KCM7YxfPg1XrWH7RQMYqGVSaEp1MroN7ySt7SjkT_k4-ZbZoFb-cEJVLj&amp;__tn__=-]K-R" target="_blank" rel="noopener">Kuba Rais</a> a Václav Jelínek, což jsou kluci, kteří tuto akci organizují. A s nimi se nebudeme mít čeho bát. Společně se budeme plavit po řece Orlici, po její Tiché i Divoké části.</p>



<p>Takže pokud máte týden 14. &#8211; 20. července volný, přihlaste se a přidejte s k nezapomenutelné mládežnické vodě. Odkaz na přihlašování zde: <a href="https://docs.google.com/forms/d/e/1FAIpQLSceJiX2eparBLGN8-6X68w1rxYN3VO5PKKlDIi51KBydB1oEw/viewform?usp=dialog&amp;fbclid=IwZXh0bgNhZW0CMTAAYnJpZBExRE41czV0WEVwS2M1b25WYQEeCnPU1cgxAWeJiH-u17vzFA3ERzT65pPln5q04lRUhSOpUtTA9DayG-PJp_k_aem_HqgT2zwNf94oMonJ5mOAiQ" target="_blank" rel="noreferrer noopener">https://docs.google.com/&#8230;/1FAIpQLSceJiX2epa&#8230;/viewform&#8230;</a>Kluci i my se na vás budeme těšit.</p>



<p>Váš SOM</p>



<p></p>
