{"id":298,"date":"2024-12-18T23:34:47","date_gmt":"2024-12-18T22:34:47","guid":{"rendered":"https:\/\/mladez.evangnet.cz\/prazska\/?post_type=event&#038;p=298"},"modified":"2025-03-22T13:06:51","modified_gmt":"2025-03-22T12:06:51","slug":"akce-pro-mladsi-mladez-a-konfirmandy","status":"publish","type":"event","link":"https:\/\/mladez.evangnet.cz\/prazska\/akce\/akce-pro-mladsi-mladez-a-konfirmandy\/","title":{"rendered":"Akce pro mlad\u0161\u00ed ml\u00e1de\u017e a konfirmandy"},"content":{"rendered":"\n<p>Ahoj ml\u00e1de\u017en\u00edci, \u010dek\u00e1 v\u00e1s v\u00edkendov\u00e1 akce pln\u00e1 her, z\u00e1bavn\u00fdch aktivit, pozn\u00e1n\u00ed a p\u0159\u00e1telstv\u00ed.&nbsp;Vyzkou\u0161\u00edte si \u017eivot v kl\u00e1\u0161te\u0159e na vlastn\u00ed k\u016f\u017ei.&nbsp;<\/p>\n\n\n\n<p>Kde? Kl\u00e1\u0161te\u0159e svat\u00e9 Dobrotiv\u00e9.<\/p>\n\n\n\n<p>Kdy? 25.-27. duben &#8211; v p\u00e1tek budeme odj\u00ed\u017ed\u011bt spole\u010dn\u00fdm spojem&nbsp;<\/p>\n\n\n\n<p>Pro koho? Mlad\u0161\u00ed ml\u00e1de\u017e (zhruba 13-17 let)&nbsp;<\/p>\n\n\n\n<p>Cena? 400K\u010d<\/p>\n\n\n\n<p>Co bude pot\u0159eba s sebou a informace o odjezdu a pr\u016fb\u011bhu v\u00edkendu up\u0159esn\u00edme v mailu, kter\u00fd po\u0161leme p\u0159ed akc\u00ed.<\/p>\n\n\n\n<p>Kontakt na organiz\u00e1tora:&nbsp;<\/p>\n\n\n\n<p>Nat\u00e1lie Urb\u00e1nkov\u00e1&nbsp;<\/p>\n\n\n\n<p>722086214, natalkaurbankova@seznam.cz&nbsp;<\/p>\n","protected":false},"featured_media":299,"menu_order":0,"template":"","categories":[],"class_list":["post-298","event","type-event","status-publish","has-post-thumbnail","hentry"],"_links":{"self":[{"href":"https:\/\/mladez.evangnet.cz\/prazska\/wp-json\/wp\/v2\/event\/298","targetHints":{"allow":["GET"]}}],"collection":[{"href":"https:\/\/mladez.evangnet.cz\/prazska\/wp-json\/wp\/v2\/event"}],"about":[{"href":"https:\/\/mladez.evangnet.cz\/prazska\/wp-json\/wp\/v2\/types\/event"}],"version-history":[{"count":2,"href":"https:\/\/mladez.evangnet.cz\/prazska\/wp-json\/wp\/v2\/event\/298\/revisions"}],"predecessor-version":[{"id":329,"href":"https:\/\/mladez.evangnet.cz\/prazska\/wp-json\/wp\/v2\/event\/298\/revisions\/329"}],"wp:featuredmedia":[{"embeddable":true,"href":"https:\/\/mladez.evangnet.cz\/prazska\/wp-json\/wp\/v2\/media\/299"}],"wp:attachment":[{"href":"https:\/\/mladez.evangnet.cz\/prazska\/wp-json\/wp\/v2\/media?parent=298"}],"wp:term":[{"taxonomy":"category","embeddable":true,"href":"https:\/\/mladez.evangnet.cz\/prazska\/wp-json\/wp\/v2\/categories?post=298"}],"curies":[{"name":"wp","href":"https:\/\/api.w.org\/{rel}","templated":true}]}}

Akce pro mladší mládež a konfirmandy

<p>Ahoj mládežníci, čeká vás víkendová akce plná her, zábavných aktivit, poznání a přátelství.&nbsp;Vyzkoušíte si život v klášteře na vlastní kůži.&nbsp;</p>



<p>Kde? Klášteře svaté Dobrotivé.</p>



<p>Kdy? 25.-27. duben &#8211; v pátek budeme odjíždět společným spojem&nbsp;</p>



<p>Pro koho? Mladší mládež (zhruba 13-17 let)&nbsp;</p>



<p>Cena? 400Kč</p>



<p>Co bude potřeba s sebou a informace o odjezdu a průběhu víkendu upřesníme v mailu, který pošleme před akcí.</p>



<p>Kontakt na organizátora:&nbsp;</p>



<p>Natálie Urbánková&nbsp;</p>



<p>722086214, natalkaurbankova@seznam.cz&nbsp;</p>
