{"id":281,"date":"2024-12-17T22:50:01","date_gmt":"2024-12-17T21:50:01","guid":{"rendered":"https:\/\/mladez.evangnet.cz\/prazska\/?post_type=event&#038;p=281"},"modified":"2025-12-05T20:20:35","modified_gmt":"2025-12-05T19:20:35","slug":"pubkviz-2","status":"publish","type":"event","link":"https:\/\/mladez.evangnet.cz\/prazska\/akce\/pubkviz-2\/","title":{"rendered":"Pubkv\u00edz"},"content":{"rendered":"\n<p>Moudrost mi d\u00e1vej, s\u00e1m ji nem\u00e1m&#8230;&#8220;<\/p>\n\n\n\n<p>I kdy\u017e nem\u00e1\u0161 v\u0161echnu moudrost sv\u011bta, dora\u017e na evangelick\u00fd PubQuiz v pond\u011bl\u00ed 8.12. na klimenstkou faru.<\/p>\n\n\n\n<p>A co je to za PubQuiz, kdy\u017e nebude v hospod\u011b? Neboj, SOM\u00e1ci u\u017e p\u0159ipravuj\u00ed pochutiny, kter\u00e9 obvykle v hospod\u00e1ch b\u00fdvaj\u00ed (hermel\u00edny u\u017e se nakl\u00e1daj\u00ed).<\/p>\n\n\n\n<p>Tak vytvo\u0159 t\u00fdm, p\u0159ihla\u0161 se a my se na tebe a v\u0161echny ostatn\u00ed budeme t\u011b\u0161it.<\/p>\n\n\n\n<p>Tv\u016fj staronov\u00fd SOM<\/p>\n\n\n\n<p><\/p>\n","protected":false},"featured_media":338,"menu_order":0,"template":"","categories":[],"class_list":["post-281","event","type-event","status-publish","has-post-thumbnail","hentry"],"_links":{"self":[{"href":"https:\/\/mladez.evangnet.cz\/prazska\/wp-json\/wp\/v2\/event\/281","targetHints":{"allow":["GET"]}}],"collection":[{"href":"https:\/\/mladez.evangnet.cz\/prazska\/wp-json\/wp\/v2\/event"}],"about":[{"href":"https:\/\/mladez.evangnet.cz\/prazska\/wp-json\/wp\/v2\/types\/event"}],"version-history":[{"count":4,"href":"https:\/\/mladez.evangnet.cz\/prazska\/wp-json\/wp\/v2\/event\/281\/revisions"}],"predecessor-version":[{"id":444,"href":"https:\/\/mladez.evangnet.cz\/prazska\/wp-json\/wp\/v2\/event\/281\/revisions\/444"}],"wp:featuredmedia":[{"embeddable":true,"href":"https:\/\/mladez.evangnet.cz\/prazska\/wp-json\/wp\/v2\/media\/338"}],"wp:attachment":[{"href":"https:\/\/mladez.evangnet.cz\/prazska\/wp-json\/wp\/v2\/media?parent=281"}],"wp:term":[{"taxonomy":"category","embeddable":true,"href":"https:\/\/mladez.evangnet.cz\/prazska\/wp-json\/wp\/v2\/categories?post=281"}],"curies":[{"name":"wp","href":"https:\/\/api.w.org\/{rel}","templated":true}]}}

Pubkvíz

<p>Moudrost mi dávej, sám ji nemám&#8230;&#8220;</p>



<p>I když nemáš všechnu moudrost světa, doraž na evangelický PubQuiz v pondělí 8.12. na klimenstkou faru.</p>



<p>A co je to za PubQuiz, když nebude v hospodě? Neboj, SOMáci už připravují pochutiny, které obvykle v hospodách bývají (hermelíny už se nakládají).</p>



<p>Tak vytvoř tým, přihlaš se a my se na tebe a všechny ostatní budeme těšit.</p>



<p>Tvůj staronový SOM</p>



<p></p>
