{"id":636,"date":"2026-01-21T21:44:06","date_gmt":"2026-01-21T20:44:06","guid":{"rendered":"https:\/\/mladez.evangnet.cz\/policska\/?post_type=event&#038;p=636"},"modified":"2026-04-19T22:07:34","modified_gmt":"2026-04-19T20:07:34","slug":"quattro-vie","status":"publish","type":"event","link":"https:\/\/mladez.evangnet.cz\/policska\/akce\/quattro-vie\/","title":{"rendered":"Quattro Vie"},"content":{"rendered":"\n<p>Mil\u00e9 ml\u00e1de\u017enictvo,<br>po velk\u00e9m \u00fasp\u011bchu z lo\u0148sk\u00e9ho podzimu se znovu spojuj\u00ed cesty na\u0161ich senior\u00e1t\u016f na ml\u00e1de\u017enick\u00e9 akci zvan\u00e9&nbsp;<strong>Quattro<\/strong>. Ze&nbsp;<strong>\u010dty\u0159 senior\u00e1t\u016f&nbsp;<\/strong>(Kr\u00e1lov\u00e9hradeck\u00e9ho, Libereck\u00e9ho, Poli\u010dsk\u00e9ho a \u00dasteck\u00e9ho) se na\u0161e cesty spoj\u00ed na \u00fazem\u00ed&nbsp;<strong>p\u00e1t\u00e9ho&nbsp;<\/strong>\u2013&nbsp;<strong>Pod\u011bbradsk\u00e9ho<\/strong>.<br><br>Akce tentokr\u00e1t nese n\u00e1zev&nbsp;<strong>Quattro vie&nbsp;<\/strong>(\u010dty\u0159i cesty) s podtitulem&nbsp;<strong>U\u017e spojily se na\u0161e cesty<\/strong>. Vyra\u017ete tedy s n\u00e1mi na tento v\u00edkend, kde v\u00e1s \u010dek\u00e1 sportovn\u00ed program, r\u016fzn\u00e9 hry, duchovno, spousta muzic\u00edrov\u00e1n\u00ed a hlavn\u011b p\u0159\u00edle\u017eitost k nov\u00fdm setk\u00e1n\u00edm.&nbsp;<br><\/p>\n\n\n\n<h2 class=\"wp-block-heading has-black-color has-text-color has-background has-link-color wp-elements-ac2863f9a4d2d12bd4adff162572aad5\" style=\"background-color:#fdb94c;font-size:25px\"><strong>P\u0158IHLA\u0160OV\u00c1N\u00cd<\/strong><\/h2>\n\n\n\n<p>Z d\u016fvodu pronajat\u00e9ho prostoru na span\u00ed a zaji\u0161t\u011bn\u00e9ho sobotn\u00edho ob\u011bda v restauraci je nutn\u00e9 se p\u0159ihl\u00e1sit nejpozd\u011bji&nbsp;<strong>do ned\u011ble 19. dubna<\/strong>. V p\u0159\u00edpad\u011b, \u017ee se p\u0159ihl\u00e1s\u00edte po term\u00ednu nebo p\u0159ijdete na akci bez p\u0159ihl\u00e1\u0161en\u00ed, nen\u00ed zaru\u010deno p\u0159esp\u00e1n\u00ed v pronajat\u00fdch prostor\u00e1ch a sobotn\u00ed spole\u010dn\u00fd ob\u011bd. P\u0159ihlaste se tedy co nejd\u0159\u00edve!<br><\/p>\n\n\n\n<h2 class=\"wp-block-heading has-black-color has-text-color has-background has-link-color wp-elements-5de2470cede9d8929cb207a851696ded\" style=\"background-color:#fdb94c;font-size:25px\"><strong>HARMONOGRAM<\/strong><\/h2>\n\n\n\n<h4 class=\"wp-block-heading\"><strong>P\u00c1TEK<\/strong><\/h4>\n\n\n\n<p>P\u0159\u00edjem<br>Ve\u010de\u0159e<br>Seznamova\u010dky<br>Spole\u010dn\u00e1 (venkovn\u00ed) hra<br>Pobo\u017enost<br>Voln\u00fd program aka deskovky, hudba, chill<br><\/p>\n\n\n\n<h4 class=\"wp-block-heading\"><strong>SOBOTA<\/strong><\/h4>\n\n\n\n<p>Sn\u00eddan\u011b<br>Pobo\u017enost<br>Dopoledn\u00ed blok:<br>K\u0159es\u0165an prepperem, aneb co s environment\u00e1ln\u00edm \u017ealem (Jan Zalab\u00e1k)<br>Pro\u010d NT\u00da? (S\u00e1ra Kocanda)<br>P\u00e9\u010de o zdrav\u00ed a vztahy (Tanita B\u00fdmov\u00e1)<\/p>\n\n\n\n<p>Ob\u011bd<\/p>\n\n\n\n<p>Sportovn\u00ed blok:<br>Volejbal<br>Fotbal<br>Proch\u00e1zka<\/p>\n\n\n\n<p>Odpoledn\u00ed d\u00edlny:<br>Spole\u010dn\u00e9 vyr\u00e1b\u011bn\u00ed (Anna Zalab\u00e1kov\u00e1)<br>TenSing (Matou\u0161 Jahoda)<br>Bibliodrama (M\u00e1\u0161a N\u00e1hlovsk\u00e1)<br>Hudebn\u00ed p\u0159\u00edprava bohoslu\u017eeb (Mat\u011bj Mosteck\u00fd)<\/p>\n\n\n\n<p>PubQuiz<br>Ve\u010de\u0159e<br>Taiz\u00e9<br>Voln\u00fd program aka deskovky, hudba, chill<br><\/p>\n\n\n\n<h4 class=\"wp-block-heading\"><strong>NED\u011aLE<\/strong><\/h4>\n\n\n\n<p>Sn\u00eddan\u011b<br>Bohoslu\u017eba<br>Spole\u010dn\u00e9 rozlou\u010den\u00ed a ukon\u010den\u00ed akce<br><\/p>\n\n\n\n<h2 class=\"wp-block-heading has-black-color has-text-color has-background has-link-color wp-elements-92a707feb16faf879c8291d22c0adb06\" style=\"background-color:#fdb94c;font-size:25px\"><a href=\"https:\/\/www.google.com\/maps\/d\/u\/0\/viewer?mid=1JKwLNbafyX4dan-2MC5jv_poCzOzUik&amp;ll=50.14727893535451%2C15.119401900000007&amp;z=16\" data-type=\"link\" data-id=\"https:\/\/www.google.com\/maps\/d\/u\/0\/viewer?mid=1JKwLNbafyX4dan-2MC5jv_poCzOzUik&amp;ll=50.14727893535451%2C15.119401900000007&amp;z=16\" target=\"_blank\" rel=\"noopener\"><strong>MAPA, ABY JSTE SE NEZTRATILI<\/strong><\/a><\/h2>\n\n\n\n<figure class=\"wp-block-image aligncenter size-large\"><img loading=\"lazy\" decoding=\"async\" width=\"1024\" height=\"672\" src=\"https:\/\/mladez.evangnet.cz\/policska\/wp-content\/uploads\/sites\/5\/2026\/01\/image-1024x672.png\" alt=\"\" class=\"wp-image-690\" srcset=\"https:\/\/mladez.evangnet.cz\/policska\/wp-content\/uploads\/sites\/5\/2026\/01\/image-1024x672.png 1024w, https:\/\/mladez.evangnet.cz\/policska\/wp-content\/uploads\/sites\/5\/2026\/01\/image-300x197.png 300w, https:\/\/mladez.evangnet.cz\/policska\/wp-content\/uploads\/sites\/5\/2026\/01\/image-768x504.png 768w, https:\/\/mladez.evangnet.cz\/policska\/wp-content\/uploads\/sites\/5\/2026\/01\/image.png 1165w\" sizes=\"auto, (max-width: 1024px) 100vw, 1024px\" \/><\/figure>\n\n\n\n<pre class=\"wp-block-verse has-text-align-center has-black-color has-text-color has-background has-link-color wp-elements-74eef42cde8989857a6221b18cffdada\" style=\"background-color:#fdb94c;font-size:20px\"><strong>A tob\u011b pat\u0159\u00ed na\u0161e prosby,<br>bychom byli spole\u010denstv\u00ed,<br>kter\u00e9mu d\u00e1\u0161 pomoc svou.<\/strong><\/pre>\n\n\n\n<p><\/p>\n","protected":false},"featured_media":685,"menu_order":0,"template":"","categories":[],"class_list":["post-636","event","type-event","status-publish","has-post-thumbnail","hentry"],"_links":{"self":[{"href":"https:\/\/mladez.evangnet.cz\/policska\/wp-json\/wp\/v2\/event\/636","targetHints":{"allow":["GET"]}}],"collection":[{"href":"https:\/\/mladez.evangnet.cz\/policska\/wp-json\/wp\/v2\/event"}],"about":[{"href":"https:\/\/mladez.evangnet.cz\/policska\/wp-json\/wp\/v2\/types\/event"}],"version-history":[{"count":15,"href":"https:\/\/mladez.evangnet.cz\/policska\/wp-json\/wp\/v2\/event\/636\/revisions"}],"predecessor-version":[{"id":710,"href":"https:\/\/mladez.evangnet.cz\/policska\/wp-json\/wp\/v2\/event\/636\/revisions\/710"}],"wp:featuredmedia":[{"embeddable":true,"href":"https:\/\/mladez.evangnet.cz\/policska\/wp-json\/wp\/v2\/media\/685"}],"wp:attachment":[{"href":"https:\/\/mladez.evangnet.cz\/policska\/wp-json\/wp\/v2\/media?parent=636"}],"wp:term":[{"taxonomy":"category","embeddable":true,"href":"https:\/\/mladez.evangnet.cz\/policska\/wp-json\/wp\/v2\/categories?post=636"}],"curies":[{"name":"wp","href":"https:\/\/api.w.org\/{rel}","templated":true}]}}

<p>Milé mládežnictvo,<br>po velkém úspěchu z loňského podzimu se znovu spojují cesty našich seniorátů na mládežnické akci zvané&nbsp;<strong>Quattro</strong>. Ze&nbsp;<strong>čtyř seniorátů&nbsp;</strong>(Královéhradeckého, Libereckého, Poličského a Ústeckého) se naše cesty spojí na území&nbsp;<strong>pátého&nbsp;</strong>–&nbsp;<strong>Poděbradského</strong>.<br><br>Akce tentokrát nese název&nbsp;<strong>Quattro vie&nbsp;</strong>(čtyři cesty) s podtitulem&nbsp;<strong>Už spojily se naše cesty</strong>. Vyražte tedy s námi na tento víkend, kde vás čeká sportovní program, různé hry, duchovno, spousta muzicírování a hlavně příležitost k novým setkáním.&nbsp;<br></p>



<h2 class="wp-block-heading has-black-color has-text-color has-background has-link-color wp-elements-ac2863f9a4d2d12bd4adff162572aad5" style="background-color:#fdb94c;font-size:25px"><strong>PŘIHLAŠOVÁNÍ</strong></h2>



<p>Z důvodu pronajatého prostoru na spaní a zajištěného sobotního oběda v restauraci je nutné se přihlásit nejpozději&nbsp;<strong>do neděle 19. dubna</strong>. V případě, že se přihlásíte po termínu nebo přijdete na akci bez přihlášení, není zaručeno přespání v pronajatých prostorách a sobotní společný oběd. Přihlaste se tedy co nejdříve!<br></p>



<h2 class="wp-block-heading has-black-color has-text-color has-background has-link-color wp-elements-5de2470cede9d8929cb207a851696ded" style="background-color:#fdb94c;font-size:25px"><strong>HARMONOGRAM</strong></h2>



<h4 class="wp-block-heading"><strong>PÁTEK</strong></h4>



<p>Příjem<br>Večeře<br>Seznamovačky<br>Společná (venkovní) hra<br>Pobožnost<br>Volný program aka deskovky, hudba, chill<br></p>



<h4 class="wp-block-heading"><strong>SOBOTA</strong></h4>



<p>Snídaně<br>Pobožnost<br>Dopolední blok:<br>Křesťan prepperem, aneb co s environmentálním žalem (Jan Zalabák)<br>Proč NTÚ? (Sára Kocanda)<br>Péče o zdraví a vztahy (Tanita Býmová)</p>



<p>Oběd</p>



<p>Sportovní blok:<br>Volejbal<br>Fotbal<br>Procházka</p>



<p>Odpolední dílny:<br>Společné vyrábění (Anna Zalabáková)<br>TenSing (Matouš Jahoda)<br>Bibliodrama (Máša Náhlovská)<br>Hudební příprava bohoslužeb (Matěj Mostecký)</p>



<p>PubQuiz<br>Večeře<br>Taizé<br>Volný program aka deskovky, hudba, chill<br></p>



<h4 class="wp-block-heading"><strong>NEDĚLE</strong></h4>



<p>Snídaně<br>Bohoslužba<br>Společné rozloučení a ukončení akce<br></p>



<h2 class="wp-block-heading has-black-color has-text-color has-background has-link-color wp-elements-92a707feb16faf879c8291d22c0adb06" style="background-color:#fdb94c;font-size:25px"><a href="https://www.google.com/maps/d/u/0/viewer?mid=1JKwLNbafyX4dan-2MC5jv_poCzOzUik&amp;ll=50.14727893535451%2C15.119401900000007&amp;z=16" data-type="link" data-id="https://www.google.com/maps/d/u/0/viewer?mid=1JKwLNbafyX4dan-2MC5jv_poCzOzUik&amp;ll=50.14727893535451%2C15.119401900000007&amp;z=16" target="_blank" rel="noopener"><strong>MAPA, ABY JSTE SE NEZTRATILI</strong></a></h2>



<figure class="wp-block-image aligncenter size-large"><img loading="lazy" decoding="async" width="1024" height="672" src="https://mladez.evangnet.cz/policska/wp-content/uploads/sites/5/2026/01/image-1024x672.png" alt="" class="wp-image-690" srcset="https://mladez.evangnet.cz/policska/wp-content/uploads/sites/5/2026/01/image-1024x672.png 1024w, https://mladez.evangnet.cz/policska/wp-content/uploads/sites/5/2026/01/image-300x197.png 300w, https://mladez.evangnet.cz/policska/wp-content/uploads/sites/5/2026/01/image-768x504.png 768w, https://mladez.evangnet.cz/policska/wp-content/uploads/sites/5/2026/01/image.png 1165w" sizes="auto, (max-width: 1024px) 100vw, 1024px" /></figure>



<pre class="wp-block-verse has-text-align-center has-black-color has-text-color has-background has-link-color wp-elements-74eef42cde8989857a6221b18cffdada" style="background-color:#fdb94c;font-size:20px"><strong>A tobě patří naše prosby,<br>bychom byli společenství,<br>kterému dáš pomoc svou.</strong></pre>



<p></p>
