{"id":153,"date":"2024-11-30T20:17:21","date_gmt":"2024-11-30T19:17:21","guid":{"rendered":"https:\/\/mladez.evangnet.cz\/podebradska\/?post_type=event&#038;p=153"},"modified":"2025-08-21T13:58:42","modified_gmt":"2025-08-21T11:58:42","slug":"mladsi-mladez","status":"publish","type":"event","link":"https:\/\/mladez.evangnet.cz\/podebradska\/akce\/mladsi-mladez\/","title":{"rendered":"Mlad\u0161\u00ed ml\u00e1de\u017e"},"content":{"rendered":"","protected":false},"featured_media":141,"menu_order":0,"template":"","categories":[],"class_list":["post-153","event","type-event","status-publish","has-post-thumbnail","hentry"],"_links":{"self":[{"href":"https:\/\/mladez.evangnet.cz\/podebradska\/wp-json\/wp\/v2\/event\/153","targetHints":{"allow":["GET"]}}],"collection":[{"href":"https:\/\/mladez.evangnet.cz\/podebradska\/wp-json\/wp\/v2\/event"}],"about":[{"href":"https:\/\/mladez.evangnet.cz\/podebradska\/wp-json\/wp\/v2\/types\/event"}],"version-history":[{"count":1,"href":"https:\/\/mladez.evangnet.cz\/podebradska\/wp-json\/wp\/v2\/event\/153\/revisions"}],"predecessor-version":[{"id":154,"href":"https:\/\/mladez.evangnet.cz\/podebradska\/wp-json\/wp\/v2\/event\/153\/revisions\/154"}],"wp:featuredmedia":[{"embeddable":true,"href":"https:\/\/mladez.evangnet.cz\/podebradska\/wp-json\/wp\/v2\/media\/141"}],"wp:attachment":[{"href":"https:\/\/mladez.evangnet.cz\/podebradska\/wp-json\/wp\/v2\/media?parent=153"}],"wp:term":[{"taxonomy":"category","embeddable":true,"href":"https:\/\/mladez.evangnet.cz\/podebradska\/wp-json\/wp\/v2\/categories?post=153"}],"curies":[{"name":"wp","href":"https:\/\/api.w.org\/{rel}","templated":true}]}}

Mladší mládež
