{"id":1300,"date":"2025-09-03T14:18:22","date_gmt":"2025-09-03T12:18:22","guid":{"rendered":"https:\/\/mladez.evangnet.cz\/moravskoslezska\/?page_id=1300"},"modified":"2026-02-28T18:34:02","modified_gmt":"2026-02-28T17:34:02","slug":"mladsi","status":"publish","type":"page","link":"https:\/\/mladez.evangnet.cz\/moravskoslezska\/akce-msmladez\/mladsi\/","title":{"rendered":"Akce pro konfirmandy a mlad\u0161\u00ed ml\u00e1de\u017e"},"content":{"rendered":"\n<p>V\u011bt\u0161inu na\u0161ich <a href=\"https:\/\/mladez.evangnet.cz\/moravskoslezska\/akce-msmladez\/\" data-type=\"page\" data-id=\"13\">akc\u00ed<\/a> obvykle po\u0159\u00e1d\u00e1me pro v\u011bkovou skupinu 14+. Krom\u011b toho po\u0159\u00e1d\u00e1me tak\u00e9 akce pro mlad\u0161\u00ed ml\u00e1de\u017e (11-15 let = v\u011bk kter\u00fd b\u00fdv\u00e1 v \u010cCE spojen s konfirma\u010dn\u00ed p\u0159\u00edpravou).<\/p>\n\n\n\n<p>Tento limit nen\u00ed zcela striktn\u011b dan\u00fd, m\u016f\u017eeme se domluvit na v\u00fdjimk\u00e1ch. Chceme t\u011bmito akcemi podpo\u0159it dor\u016fstaj\u00edc\u00ed ml\u00e1de\u017e ve sborech, ale je mo\u017en\u00e9 si p\u0159iv\u00e9zt kamar\u00e1da mimo na\u0161i c\u00edrkev. Jen pros\u00edme o respekt k evangelick\u00e9mu zam\u011b\u0159en\u00ed akc\u00ed.<br>Akce je zam\u011b\u0159ena na ml\u00e1de\u017en\u00edky, kte\u0159\u00ed je\u0161t\u011b nebyli na \u017e\u00e1dn\u00e9 jin\u00e9 na\u0161\u00ed akci. <strong>Pokud je ti tedy mezi 11-15 a chce\u0161 za\u010d\u00edt jezdit, pak je pro tebe nejvhodn\u011bj\u0161\u00ed pr\u00e1v\u011b takov\u00e1 akce<\/strong>. Samoz\u0159ejm\u011b p\u0159ije\u010f i kdy\u017e u\u017e jsi na &#8222;konfirmandech&#8220; byl. M\u016f\u017eete se t\u011b\u0161it na skv\u011bl\u00fd program, dobr\u00e9 j\u00eddlo, hry, zp\u00edv\u00e1n\u00ed, kamar\u00e1dy a spoustu dal\u0161\u00edho \ud83d\ude42<\/p>\n\n\n\n<p>Stejn\u011b jako v\u0161echny ostatn\u00ed akce, tak\u00e9 v\u00edkendovky pro mlad\u0161\u00ed ml\u00e1de\u017e za\u0161ti\u0165uje Moravskoslezsk\u00fd SEM.<\/p>\n\n\n\n<p><strong>Ji\u017e 22. &#8211; 24. 5. 2026 po\u0159\u00e1d\u00e1me dal\u0161\u00ed v\u00edkendovku pro mlad\u0161\u00ed ml\u00e1de\u017e v Jesen\u00edku!<\/strong> Bli\u017e\u0161\u00ed info a p\u0159ihla\u0161ov\u00e1n\u00ed<a href=\"https:\/\/mladez.evangnet.cz\/moravskoslezska\/akce\/skola-hrou\/\"><\/a> p\u0159id\u00e1me zanedlouho.<\/p>\n\n\n\n<h2 class=\"wp-block-heading\">Jak to na v\u00edkendovk\u00e1ch chod\u00ed?<\/h2>\n\n\n\n<div class=\"wp-block-columns is-layout-flex wp-container-core-columns-is-layout-28f84493 wp-block-columns-is-layout-flex\">\n<div class=\"wp-block-column is-layout-flow wp-block-column-is-layout-flow\" style=\"flex-basis:50%\">\n<h2 class=\"wp-block-heading\">J\u00eddlo<\/h2>\n\n\n\n<p>Va\u0159it n\u00e1m budou kucha\u0159i z \u0159ad star\u0161\u00edch ml\u00e1de\u017en\u00edk\u016f, kte\u0159\u00ed nebudou m\u00edt na starosti program.<\/p>\n<\/div>\n\n\n\n<div class=\"wp-block-column is-layout-flow wp-block-column-is-layout-flow\" style=\"flex-basis:50%\">\n<figure class=\"wp-block-image\"><img decoding=\"async\" src=\"https:\/\/bdcde39334.cbaul-cdnwnd.com\/a8e4a97e3d3faa5ab6c085849534beb7\/200000017-6003360fda\/DSC_0648.jpg?ph=bdcde39334\" alt=\"\" \/><\/figure>\n<\/div>\n<\/div>\n\n\n\n<div class=\"wp-block-columns is-layout-flex wp-container-core-columns-is-layout-28f84493 wp-block-columns-is-layout-flex\">\n<div class=\"wp-block-column is-layout-flow wp-block-column-is-layout-flow\" style=\"flex-basis:50%\">\n<figure class=\"wp-block-image\"><img decoding=\"async\" src=\"https:\/\/duyn491kcolsw.cloudfront.net\/files\/28\/284\/2845gb.png?ph=bdcde39334\" alt=\"\" \/><\/figure>\n<\/div>\n\n\n\n<div class=\"wp-block-column is-layout-flow wp-block-column-is-layout-flow\" style=\"flex-basis:70%\">\n<h2 class=\"wp-block-heading\">Span\u00ed<\/h2>\n\n\n\n<p>Sp\u00e1t budeme na fa\u0159e ve spac\u00e1c\u00edch na karimatk\u00e1ch na zemi. Postele nebudou, ani sprcha. Ale to zvl\u00e1dne\u0161! \ud83d\ude09<\/p>\n<\/div>\n<\/div>\n\n\n\n<div class=\"wp-block-columns is-layout-flex wp-container-core-columns-is-layout-28f84493 wp-block-columns-is-layout-flex\">\n<div class=\"wp-block-column is-layout-flow wp-block-column-is-layout-flow\" style=\"flex-basis:70%\">\n<h2 class=\"wp-block-heading\">S sebou<\/h2>\n\n\n\n<p>Vezmi si s sebou spac\u00e1k, karimatku, v\u011bci na span\u00ed, z\u00e1kladn\u00ed hygienu, osobn\u00ed l\u00e9ky, oble\u010den\u00ed na v\u00edkend &#8211; tepl\u00e9 na ven i dovnit\u0159, pevn\u00e9 boty, p\u0159ez\u016fvky, p\u0159\u00edpadn\u011b z\u00e1pisn\u00edk a tu\u017eku, pokud jsi zvykl\u00fd si zapisovat.<br>M\u016f\u017ee\u0161 p\u0159ibalit i obl\u00edbenou deskovku, hudebn\u00ed n\u00e1stroj, a buchtu (nap\u0159. od maminky).<br>V\u011bci si sbal do krosny, ne do kufru, z vlakov\u00e9ho n\u00e1dra\u017e\u00ed je to kus p\u011b\u0161ky.<\/p>\n<\/div>\n\n\n\n<div class=\"wp-block-column is-layout-flow wp-block-column-is-layout-flow\" style=\"flex-basis:50%\">\n<figure class=\"wp-block-image\"><img decoding=\"async\" src=\"https:\/\/duyn491kcolsw.cloudfront.net\/files\/4b\/4bd\/4bdc29.png?ph=bdcde39334\" alt=\"\" \/><\/figure>\n<\/div>\n<\/div>\n\n\n\n<h2 class=\"wp-block-heading\">Organiz\u00e1to\u0159i<\/h2>\n\n\n\n<div class=\"wp-block-columns is-layout-flex wp-container-core-columns-is-layout-28f84493 wp-block-columns-is-layout-flex\">\n<div class=\"wp-block-column is-layout-flow wp-block-column-is-layout-flow\">\n<h3 class=\"wp-block-heading\">Ondra Sabela<\/h3>\n\n\n\n<ul class=\"wp-block-list\">\n<li>kontaktn\u00ed osoba<\/li>\n\n\n\n<li><a href=\"mailto:ondrej.sabela@semcr.cz\" target=\"_blank\" rel=\"noreferrer noopener\">ondrej.sabela@semcr.cz<\/a><\/li>\n\n\n\n<li>733715887<\/li>\n\n\n\n<li>pastora\u010dn\u00ed pracovn\u00edk pro ml\u00e1de\u017e a program\u00e1tor, kter\u00fd si r\u00e1d zahraje t\u0159eba na akordeon<\/li>\n\n\n\n<li>star\u00e1 se o propagaci, a muzic\u00edrov\u00e1n\u00ed na v\u00edkendovce<\/li>\n<\/ul>\n<\/div>\n\n\n\n<div class=\"wp-block-column is-layout-flow wp-block-column-is-layout-flow\">\n<figure class=\"wp-block-image size-medium is-style-rounded\"><img loading=\"lazy\" decoding=\"async\" width=\"300\" height=\"300\" src=\"https:\/\/mladez.evangnet.cz\/moravskoslezska\/wp-content\/uploads\/sites\/10\/2025\/05\/ondra-300x300.webp\" alt=\"\" class=\"wp-image-56\" srcset=\"https:\/\/mladez.evangnet.cz\/moravskoslezska\/wp-content\/uploads\/sites\/10\/2025\/05\/ondra-300x300.webp 300w, https:\/\/mladez.evangnet.cz\/moravskoslezska\/wp-content\/uploads\/sites\/10\/2025\/05\/ondra-150x150.webp 150w, https:\/\/mladez.evangnet.cz\/moravskoslezska\/wp-content\/uploads\/sites\/10\/2025\/05\/ondra-768x768.webp 768w, https:\/\/mladez.evangnet.cz\/moravskoslezska\/wp-content\/uploads\/sites\/10\/2025\/05\/ondra.webp 1024w\" sizes=\"auto, (max-width: 300px) 100vw, 300px\" \/><\/figure>\n<\/div>\n<\/div>\n\n\n\n<div class=\"wp-block-columns is-layout-flex wp-container-core-columns-is-layout-28f84493 wp-block-columns-is-layout-flex\">\n<div class=\"wp-block-column is-layout-flow wp-block-column-is-layout-flow\">\n<h3 class=\"wp-block-heading\">Tom\u00e1\u0161 Domes<\/h3>\n\n\n\n<ul class=\"wp-block-list\">\n<li>star\u00e1 se o program, p\u0159ihl\u00e1\u0161ky a koordinaci akce<\/li>\n\n\n\n<li>p\u0159ipravuje velkou hru<\/li>\n\n\n\n<li>r\u00e1d chod\u00ed na v\u00fdlety, kter\u00e9 trvaj\u00ed jen kous\u00ed\u010dek<\/li>\n<\/ul>\n<\/div>\n\n\n\n<div class=\"wp-block-column is-layout-flow wp-block-column-is-layout-flow\">\n<figure class=\"wp-block-image size-medium is-style-rounded\"><img loading=\"lazy\" decoding=\"async\" width=\"300\" height=\"300\" src=\"https:\/\/mladez.evangnet.cz\/moravskoslezska\/wp-content\/uploads\/sites\/10\/2025\/05\/tom-300x300.webp\" alt=\"\" class=\"wp-image-45\" srcset=\"https:\/\/mladez.evangnet.cz\/moravskoslezska\/wp-content\/uploads\/sites\/10\/2025\/05\/tom-300x300.webp 300w, https:\/\/mladez.evangnet.cz\/moravskoslezska\/wp-content\/uploads\/sites\/10\/2025\/05\/tom-150x150.webp 150w, https:\/\/mladez.evangnet.cz\/moravskoslezska\/wp-content\/uploads\/sites\/10\/2025\/05\/tom-768x768.webp 768w, https:\/\/mladez.evangnet.cz\/moravskoslezska\/wp-content\/uploads\/sites\/10\/2025\/05\/tom.webp 1024w\" sizes=\"auto, (max-width: 300px) 100vw, 300px\" \/><\/figure>\n<\/div>\n<\/div>\n\n\n\n<div class=\"wp-block-columns is-layout-flex wp-container-core-columns-is-layout-28f84493 wp-block-columns-is-layout-flex\">\n<div class=\"wp-block-column is-layout-flow wp-block-column-is-layout-flow\"><\/div>\n\n\n\n<div class=\"wp-block-column is-layout-flow wp-block-column-is-layout-flow\"><\/div>\n<\/div>\n\n\n\n<div class=\"wp-block-columns is-layout-flex wp-container-core-columns-is-layout-28f84493 wp-block-columns-is-layout-flex\">\n<div class=\"wp-block-column is-layout-flow wp-block-column-is-layout-flow\" style=\"flex-basis:50%\">\n<h3 class=\"wp-block-heading\">Ane\u017eka Sabelov\u00e1<\/h3>\n\n\n\n<ul class=\"wp-block-list\">\n<li>pastora\u010dn\u00ed pracovnice pro ml\u00e1de\u017e<\/li>\n\n\n\n<li>p\u0159ipravuje ve\u010dern\u00ed tvo\u0159en\u00ed<\/li>\n<\/ul>\n<\/div>\n\n\n\n<div class=\"wp-block-column is-layout-flow wp-block-column-is-layout-flow\" style=\"flex-basis:50%\">\n<figure class=\"wp-block-image size-full is-style-rounded\"><img loading=\"lazy\" decoding=\"async\" width=\"638\" height=\"638\" src=\"https:\/\/mladez.evangnet.cz\/moravskoslezska\/wp-content\/uploads\/sites\/10\/2025\/11\/q5y43iZt.jpg\" alt=\"ane\u017eka\" class=\"wp-image-1431\" srcset=\"https:\/\/mladez.evangnet.cz\/moravskoslezska\/wp-content\/uploads\/sites\/10\/2025\/11\/q5y43iZt.jpg 638w, https:\/\/mladez.evangnet.cz\/moravskoslezska\/wp-content\/uploads\/sites\/10\/2025\/11\/q5y43iZt-300x300.jpg 300w, https:\/\/mladez.evangnet.cz\/moravskoslezska\/wp-content\/uploads\/sites\/10\/2025\/11\/q5y43iZt-150x150.jpg 150w\" sizes=\"auto, (max-width: 638px) 100vw, 638px\" \/><\/figure>\n<\/div>\n<\/div>\n\n\n\n<div class=\"wp-block-columns is-layout-flex wp-container-core-columns-is-layout-28f84493 wp-block-columns-is-layout-flex\">\n<div class=\"wp-block-column is-layout-flow wp-block-column-is-layout-flow\">\n<h3 class=\"wp-block-heading\">Majda Machov\u00e1<\/h3>\n\n\n\n<ul class=\"wp-block-list\">\n<li>vycvi\u010den\u00fd zdravotn\u00edk<\/li>\n\n\n\n<li>bude na akci fotit<\/li>\n<\/ul>\n<\/div>\n\n\n\n<div class=\"wp-block-column is-layout-flow wp-block-column-is-layout-flow\">\n<figure class=\"wp-block-image size-full is-style-rounded\"><img loading=\"lazy\" decoding=\"async\" width=\"944\" height=\"944\" src=\"https:\/\/mladez.evangnet.cz\/moravskoslezska\/wp-content\/uploads\/sites\/10\/2025\/05\/majda.webp\" alt=\"\" class=\"wp-image-53\" srcset=\"https:\/\/mladez.evangnet.cz\/moravskoslezska\/wp-content\/uploads\/sites\/10\/2025\/05\/majda.webp 944w, https:\/\/mladez.evangnet.cz\/moravskoslezska\/wp-content\/uploads\/sites\/10\/2025\/05\/majda-300x300.webp 300w, https:\/\/mladez.evangnet.cz\/moravskoslezska\/wp-content\/uploads\/sites\/10\/2025\/05\/majda-150x150.webp 150w, https:\/\/mladez.evangnet.cz\/moravskoslezska\/wp-content\/uploads\/sites\/10\/2025\/05\/majda-768x768.webp 768w\" sizes=\"auto, (max-width: 944px) 100vw, 944px\" \/><\/figure>\n<\/div>\n<\/div>\n\n\n\n<div class=\"wp-block-columns is-layout-flex wp-container-core-columns-is-layout-28f84493 wp-block-columns-is-layout-flex\">\n<div class=\"wp-block-column is-layout-flow wp-block-column-is-layout-flow\">\n<h3 class=\"wp-block-heading\">Aneta Fajov\u00e1<\/h3>\n\n\n\n<ul class=\"wp-block-list\">\n<li>bude na akci va\u0159it<\/li>\n\n\n\n<li>m\u00e1 r\u00e1da hodn\u00fd lidi, Antarktidu, Tom\u00e1\u0161e Hal\u00edka, pravoslavn\u00fd chor\u00e1ly, sp\u00e1nek, filozofii, span\u00ed pod \u0161ir\u00e1kem, sociologii, stromy, houby, \u0159ep\u00ednky, vy\u0161\u00edv\u00e1n\u00ed, chozen\u00ed do kostela, slim\u00e1ky, obr\u00e1zky svat\u00fdch, pr\u00e1ci se sny, psan\u00ed dopis\u016f, p\u0159\u00edrodn\u00ed \u0161ampony, pe\u010divo, hory doly str\u00e1n\u011b, sebe, kimchi, sm\u00edch, hezk\u00fd dome\u010dky, no\u010dn\u00ed oblohu, ryby, \u0159eporyby (ne nutn\u011b v tomto po\u0159ad\u00ed)<\/li>\n<\/ul>\n<\/div>\n\n\n\n<div class=\"wp-block-column is-layout-flow wp-block-column-is-layout-flow\">\n<figure class=\"wp-block-image size-full is-style-rounded\"><img loading=\"lazy\" decoding=\"async\" width=\"350\" height=\"350\" src=\"https:\/\/mladez.evangnet.cz\/moravskoslezska\/wp-content\/uploads\/sites\/10\/2025\/05\/anet.webp\" alt=\"\" class=\"wp-image-46\" srcset=\"https:\/\/mladez.evangnet.cz\/moravskoslezska\/wp-content\/uploads\/sites\/10\/2025\/05\/anet.webp 350w, https:\/\/mladez.evangnet.cz\/moravskoslezska\/wp-content\/uploads\/sites\/10\/2025\/05\/anet-300x300.webp 300w, https:\/\/mladez.evangnet.cz\/moravskoslezska\/wp-content\/uploads\/sites\/10\/2025\/05\/anet-150x150.webp 150w\" sizes=\"auto, (max-width: 350px) 100vw, 350px\" \/><\/figure>\n<\/div>\n<\/div>\n","protected":false},"excerpt":{"rendered":"<p>V\u011bt\u0161inu na\u0161ich akc\u00ed obvykle po\u0159\u00e1d\u00e1me pro v\u011bkovou skupinu 14+. Krom\u011b toho po\u0159\u00e1d\u00e1me tak\u00e9 akce pro mlad\u0161\u00ed ml\u00e1de\u017e (11-15 let = v\u011bk kter\u00fd b\u00fdv\u00e1 v \u010cCE spojen s konfirma\u010dn\u00ed p\u0159\u00edpravou). Tento limit nen\u00ed zcela striktn\u011b dan\u00fd, m\u016f\u017eeme se domluvit na v\u00fdjimk\u00e1ch. Chceme t\u011bmito akcemi podpo\u0159it dor\u016fstaj\u00edc\u00ed ml\u00e1de\u017e ve sborech, ale je mo\u017en\u00e9 si p\u0159iv\u00e9zt kamar\u00e1da mimo [&hellip;]<\/p>\n","protected":false},"author":15,"featured_media":0,"parent":13,"menu_order":0,"comment_status":"closed","ping_status":"closed","template":"","meta":{"footnotes":""},"class_list":["post-1300","page","type-page","status-publish","hentry"],"rankMath":{"parentDomain":"mladez.evangnet.cz","noFollowDomains":[],"noFollowExcludeDomains":[],"noFollowExternalLinks":false,"featuredImageNotice":"Doporu\u010den\u00fd obr\u00e1zek by m\u011bl b\u00fdt alespo\u0148 200 x 200 pixel\u016f, aby jej bylo mo\u017en\u00e9 zachytit na Facebooku a na jin\u00fdch soci\u00e1ln\u00edch s\u00edt\u00edch.","pluginReviewed":false,"postSettings":{"linkSuggestions":true,"useFocusKeyword":false},"frontEndScore":false,"postName":"mladsi","permalinkFormat":"https:\/\/mladez.evangnet.cz\/moravskoslezska\/%pagename%\/","showLockModifiedDate":true,"assessor":{"focusKeywordLink":"https:\/\/mladez.evangnet.cz\/moravskoslezska\/wp-admin\/edit.php?focus_keyword=%focus_keyword%&post_type=%post_type%","hasTOCPlugin":false,"primaryTaxonomy":false,"serpData":{"title":"","description":"","focusKeywords":"","pillarContent":false,"canonicalUrl":"","breadcrumbTitle":"","advancedRobots":[],"facebookTitle":"","facebookDescription":"","facebookImage":"","facebookImageID":"","facebookHasOverlay":false,"facebookImageOverlay":"","facebookAuthor":"","twitterCardType":"","twitterUseFacebook":true,"twitterTitle":"","twitterDescription":"","twitterImage":"","twitterImageID":"","twitterHasOverlay":false,"twitterImageOverlay":"","twitterPlayerUrl":"","twitterPlayerSize":"","twitterPlayerStream":"","twitterPlayerStreamCtype":"","twitterAppDescription":"","twitterAppIphoneName":"","twitterAppIphoneID":"","twitterAppIphoneUrl":"","twitterAppIpadName":"","twitterAppIpadID":"","twitterAppIpadUrl":"","twitterAppGoogleplayName":"","twitterAppGoogleplayID":"","twitterAppGoogleplayUrl":"","twitterAppCountry":"","robots":{"index":true},"twitterAuthor":"u\u017eivatelsk\u00e9 jm\u00e9no","primaryTerm":0,"authorName":"Moravskoslezsk\u00fd SOM","titleTemplate":"%title% %sep% %sitename%","descriptionTemplate":"%excerpt%","showScoreFrontend":true,"lockModifiedDate":false},"powerWords":[],"diacritics":{"A":"[\\u0041\\u24B6\\uFF21\\u00C0\\u00C1\\u00C2\\u1EA6\\u1EA4\\u1EAA\\u1EA8\\u00C3\\u0100\\u0102\\u1EB0\\u1EAE\\u1EB4\\u1EB2\\u0226\\u01E0\\u00C4\\u01DE\\u1EA2\\u00C5\\u01FA\\u01CD\\u0200\\u0202\\u1EA0\\u1EAC\\u1EB6\\u1E00\\u0104\\u023A\\u2C6F]","AA":"[\\uA732]","AE":"[\\u00C6\\u01FC\\u01E2]","AO":"[\\uA734]","AU":"[\\uA736]","AV":"[\\uA738\\uA73A]","AY":"[\\uA73C]","B":"[\\u0042\\u24B7\\uFF22\\u1E02\\u1E04\\u1E06\\u0243\\u0182\\u0181]","C":"[\\u0043\\u24B8\\uFF23\\u0106\\u0108\\u010A\\u010C\\u00C7\\u1E08\\u0187\\u023B\\uA73E]","D":"[\\u0044\\u24B9\\uFF24\\u1E0A\\u010E\\u1E0C\\u1E10\\u1E12\\u1E0E\\u0110\\u018B\\u018A\\u0189\\uA779]","DZ":"[\\u01F1\\u01C4]","Dz":"[\\u01F2\\u01C5]","E":"[\\u0045\\u24BA\\uFF25\\u00C8\\u00C9\\u00CA\\u1EC0\\u1EBE\\u1EC4\\u1EC2\\u1EBC\\u0112\\u1E14\\u1E16\\u0114\\u0116\\u00CB\\u1EBA\\u011A\\u0204\\u0206\\u1EB8\\u1EC6\\u0228\\u1E1C\\u0118\\u1E18\\u1E1A\\u0190\\u018E]","F":"[\\u0046\\u24BB\\uFF26\\u1E1E\\u0191\\uA77B]","G":"[\\u0047\\u24BC\\uFF27\\u01F4\\u011C\\u1E20\\u011E\\u0120\\u01E6\\u0122\\u01E4\\u0193\\uA7A0\\uA77D\\uA77E]","H":"[\\u0048\\u24BD\\uFF28\\u0124\\u1E22\\u1E26\\u021E\\u1E24\\u1E28\\u1E2A\\u0126\\u2C67\\u2C75\\uA78D]","I":"[\\u0049\\u24BE\\uFF29\\u00CC\\u00CD\\u00CE\\u0128\\u012A\\u012C\\u0130\\u00CF\\u1E2E\\u1EC8\\u01CF\\u0208\\u020A\\u1ECA\\u012E\\u1E2C\\u0197]","J":"[\\u004A\\u24BF\\uFF2A\\u0134\\u0248]","K":"[\\u004B\\u24C0\\uFF2B\\u1E30\\u01E8\\u1E32\\u0136\\u1E34\\u0198\\u2C69\\uA740\\uA742\\uA744\\uA7A2]","L":"[\\u004C\\u24C1\\uFF2C\\u013F\\u0139\\u013D\\u1E36\\u1E38\\u013B\\u1E3C\\u1E3A\\u0141\\u023D\\u2C62\\u2C60\\uA748\\uA746\\uA780]","LJ":"[\\u01C7]","Lj":"[\\u01C8]","M":"[\\u004D\\u24C2\\uFF2D\\u1E3E\\u1E40\\u1E42\\u2C6E\\u019C]","N":"[\\u004E\\u24C3\\uFF2E\\u01F8\\u0143\\u00D1\\u1E44\\u0147\\u1E46\\u0145\\u1E4A\\u1E48\\u0220\\u019D\\uA790\\uA7A4]","NJ":"[\\u01CA]","Nj":"[\\u01CB]","O":"[\\u004F\\u24C4\\uFF2F\\u00D2\\u00D3\\u00D4\\u1ED2\\u1ED0\\u1ED6\\u1ED4\\u00D5\\u1E4C\\u022C\\u1E4E\\u014C\\u1E50\\u1E52\\u014E\\u022E\\u0230\\u00D6\\u022A\\u1ECE\\u0150\\u01D1\\u020C\\u020E\\u01A0\\u1EDC\\u1EDA\\u1EE0\\u1EDE\\u1EE2\\u1ECC\\u1ED8\\u01EA\\u01EC\\u00D8\\u01FE\\u0186\\u019F\\uA74A\\uA74C]","OI":"[\\u01A2]","OO":"[\\uA74E]","OU":"[\\u0222]","P":"[\\u0050\\u24C5\\uFF30\\u1E54\\u1E56\\u01A4\\u2C63\\uA750\\uA752\\uA754]","Q":"[\\u0051\\u24C6\\uFF31\\uA756\\uA758\\u024A]","R":"[\\u0052\\u24C7\\uFF32\\u0154\\u1E58\\u0158\\u0210\\u0212\\u1E5A\\u1E5C\\u0156\\u1E5E\\u024C\\u2C64\\uA75A\\uA7A6\\uA782]","S":"[\\u0053\\u24C8\\uFF33\\u1E9E\\u015A\\u1E64\\u015C\\u1E60\\u0160\\u1E66\\u1E62\\u1E68\\u0218\\u015E\\u2C7E\\uA7A8\\uA784]","T":"[\\u0054\\u24C9\\uFF34\\u1E6A\\u0164\\u1E6C\\u021A\\u0162\\u1E70\\u1E6E\\u0166\\u01AC\\u01AE\\u023E\\uA786]","TZ":"[\\uA728]","U":"[\\u0055\\u24CA\\uFF35\\u00D9\\u00DA\\u00DB\\u0168\\u1E78\\u016A\\u1E7A\\u016C\\u00DC\\u01DB\\u01D7\\u01D5\\u01D9\\u1EE6\\u016E\\u0170\\u01D3\\u0214\\u0216\\u01AF\\u1EEA\\u1EE8\\u1EEE\\u1EEC\\u1EF0\\u1EE4\\u1E72\\u0172\\u1E76\\u1E74\\u0244]","V":"[\\u0056\\u24CB\\uFF36\\u1E7C\\u1E7E\\u01B2\\uA75E\\u0245]","VY":"[\\uA760]","W":"[\\u0057\\u24CC\\uFF37\\u1E80\\u1E82\\u0174\\u1E86\\u1E84\\u1E88\\u2C72]","X":"[\\u0058\\u24CD\\uFF38\\u1E8A\\u1E8C]","Y":"[\\u0059\\u24CE\\uFF39\\u1EF2\\u00DD\\u0176\\u1EF8\\u0232\\u1E8E\\u0178\\u1EF6\\u1EF4\\u01B3\\u024E\\u1EFE]","Z":"[\\u005A\\u24CF\\uFF3A\\u0179\\u1E90\\u017B\\u017D\\u1E92\\u1E94\\u01B5\\u0224\\u2C7F\\u2C6B\\uA762]","a":"[\\u0061\\u24D0\\uFF41\\u1E9A\\u00E0\\u00E1\\u00E2\\u1EA7\\u1EA5\\u1EAB\\u1EA9\\u00E3\\u0101\\u0103\\u1EB1\\u1EAF\\u1EB5\\u1EB3\\u0227\\u01E1\\u00E4\\u01DF\\u1EA3\\u00E5\\u01FB\\u01CE\\u0201\\u0203\\u1EA1\\u1EAD\\u1EB7\\u1E01\\u0105\\u2C65\\u0250]","aa":"[\\uA733]","ae":"[\\u00E6\\u01FD\\u01E3]","ao":"[\\uA735]","au":"[\\uA737]","av":"[\\uA739\\uA73B]","ay":"[\\uA73D]","b":"[\\u0062\\u24D1\\uFF42\\u1E03\\u1E05\\u1E07\\u0180\\u0183\\u0253]","c":"[\\u0063\\u24D2\\uFF43\\u0107\\u0109\\u010B\\u010D\\u00E7\\u1E09\\u0188\\u023C\\uA73F\\u2184]","d":"[\\u0064\\u24D3\\uFF44\\u1E0B\\u010F\\u1E0D\\u1E11\\u1E13\\u1E0F\\u0111\\u018C\\u0256\\u0257\\uA77A]","dz":"[\\u01F3\\u01C6]","e":"[\\u0065\\u24D4\\uFF45\\u00E8\\u00E9\\u00EA\\u1EC1\\u1EBF\\u1EC5\\u1EC3\\u1EBD\\u0113\\u1E15\\u1E17\\u0115\\u0117\\u00EB\\u1EBB\\u011B\\u0205\\u0207\\u1EB9\\u1EC7\\u0229\\u1E1D\\u0119\\u1E19\\u1E1B\\u0247\\u025B\\u01DD]","f":"[\\u0066\\u24D5\\uFF46\\u1E1F\\u0192\\uA77C]","g":"[\\u0067\\u24D6\\uFF47\\u01F5\\u011D\\u1E21\\u011F\\u0121\\u01E7\\u0123\\u01E5\\u0260\\uA7A1\\u1D79\\uA77F]","h":"[\\u0068\\u24D7\\uFF48\\u0125\\u1E23\\u1E27\\u021F\\u1E25\\u1E29\\u1E2B\\u1E96\\u0127\\u2C68\\u2C76\\u0265]","hv":"[\\u0195]","i":"[\\u0069\\u24D8\\uFF49\\u00EC\\u00ED\\u00EE\\u0129\\u012B\\u012D\\u00EF\\u1E2F\\u1EC9\\u01D0\\u0209\\u020B\\u1ECB\\u012F\\u1E2D\\u0268\\u0131]","j":"[\\u006A\\u24D9\\uFF4A\\u0135\\u01F0\\u0249]","k":"[\\u006B\\u24DA\\uFF4B\\u1E31\\u01E9\\u1E33\\u0137\\u1E35\\u0199\\u2C6A\\uA741\\uA743\\uA745\\uA7A3]","l":"[\\u006C\\u24DB\\uFF4C\\u0140\\u013A\\u013E\\u1E37\\u1E39\\u013C\\u1E3D\\u1E3B\\u017F\\u0142\\u019A\\u026B\\u2C61\\uA749\\uA781\\uA747]","lj":"[\\u01C9]","m":"[\\u006D\\u24DC\\uFF4D\\u1E3F\\u1E41\\u1E43\\u0271\\u026F]","n":"[\\u006E\\u24DD\\uFF4E\\u01F9\\u0144\\u00F1\\u1E45\\u0148\\u1E47\\u0146\\u1E4B\\u1E49\\u019E\\u0272\\u0149\\uA791\\uA7A5]","nj":"[\\u01CC]","o":"[\\u006F\\u24DE\\uFF4F\\u00F2\\u00F3\\u00F4\\u1ED3\\u1ED1\\u1ED7\\u1ED5\\u00F5\\u1E4D\\u022D\\u1E4F\\u014D\\u1E51\\u1E53\\u014F\\u022F\\u0231\\u00F6\\u022B\\u1ECF\\u0151\\u01D2\\u020D\\u020F\\u01A1\\u1EDD\\u1EDB\\u1EE1\\u1EDF\\u1EE3\\u1ECD\\u1ED9\\u01EB\\u01ED\\u00F8\\u01FF\\u0254\\uA74B\\uA74D\\u0275]","oi":"[\\u01A3]","ou":"[\\u0223]","oo":"[\\uA74F]","p":"[\\u0070\\u24DF\\uFF50\\u1E55\\u1E57\\u01A5\\u1D7D\\uA751\\uA753\\uA755]","q":"[\\u0071\\u24E0\\uFF51\\u024B\\uA757\\uA759]","r":"[\\u0072\\u24E1\\uFF52\\u0155\\u1E59\\u0159\\u0211\\u0213\\u1E5B\\u1E5D\\u0157\\u1E5F\\u024D\\u027D\\uA75B\\uA7A7\\uA783]","s":"[\\u0073\\u24E2\\uFF53\\u015B\\u1E65\\u015D\\u1E61\\u0161\\u1E67\\u1E63\\u1E69\\u0219\\u015F\\u023F\\uA7A9\\uA785\\u1E9B]","ss":"[\\u00DF]","t":"[\\u0074\\u24E3\\uFF54\\u1E6B\\u1E97\\u0165\\u1E6D\\u021B\\u0163\\u1E71\\u1E6F\\u0167\\u01AD\\u0288\\u2C66\\uA787]","tz":"[\\uA729]","u":"[\\u0075\\u24E4\\uFF55\\u00F9\\u00FA\\u00FB\\u0169\\u1E79\\u016B\\u1E7B\\u016D\\u00FC\\u01DC\\u01D8\\u01D6\\u01DA\\u1EE7\\u016F\\u0171\\u01D4\\u0215\\u0217\\u01B0\\u1EEB\\u1EE9\\u1EEF\\u1EED\\u1EF1\\u1EE5\\u1E73\\u0173\\u1E77\\u1E75\\u0289]","v":"[\\u0076\\u24E5\\uFF56\\u1E7D\\u1E7F\\u028B\\uA75F\\u028C]","vy":"[\\uA761]","w":"[\\u0077\\u24E6\\uFF57\\u1E81\\u1E83\\u0175\\u1E87\\u1E85\\u1E98\\u1E89\\u2C73]","x":"[\\u0078\\u24E7\\uFF58\\u1E8B\\u1E8D]","y":"[\\u0079\\u24E8\\uFF59\\u1EF3\\u00FD\\u0177\\u1EF9\\u0233\\u1E8F\\u00FF\\u1EF7\\u1E99\\u1EF5\\u01B4\\u024F\\u1EFF]","z":"[\\u007A\\u24E9\\uFF5A\\u017A\\u1E91\\u017C\\u017E\\u1E93\\u1E95\\u01B6\\u0225\\u0240\\u2C6C\\uA763]"},"researchesTests":["contentHasTOC","contentHasShortParagraphs","contentHasAssets","keywordInTitle","keywordInMetaDescription","keywordInPermalink","keywordIn10Percent","keywordInContent","keywordInSubheadings","keywordInImageAlt","keywordDensity","keywordNotUsed","lengthContent","lengthPermalink","linksHasInternal","linksHasExternals","linksNotAllExternals","titleStartWithKeyword","titleSentiment","titleHasPowerWords","titleHasNumber","hasContentAI"],"hasRedirection":false,"hasBreadcrumb":false},"homeUrl":"https:\/\/mladez.evangnet.cz\/moravskoslezska","objectID":1300,"objectType":"post","locale":"cs","localeFull":"cs_CZ","overlayImages":{"play":{"name":"Ikona p\u0159ehr\u00e1v\u00e1n\u00ed","url":"https:\/\/mladez.evangnet.cz\/moravskoslezska\/wp-content\/plugins\/seo-by-rank-math\/assets\/admin\/img\/icon-play.png","path":"\/home\/eusers\/e-mladez\/public\/wp-content\/plugins\/seo-by-rank-math\/assets\/admin\/img\/icon-play.png","position":"middle_center"},"gif":{"name":"GIF ikona","url":"https:\/\/mladez.evangnet.cz\/moravskoslezska\/wp-content\/plugins\/seo-by-rank-math\/assets\/admin\/img\/icon-gif.png","path":"\/home\/eusers\/e-mladez\/public\/wp-content\/plugins\/seo-by-rank-math\/assets\/admin\/img\/icon-gif.png","position":"middle_center"}},"defautOgImage":"https:\/\/mladez.evangnet.cz\/moravskoslezska\/wp-content\/plugins\/seo-by-rank-math\/assets\/admin\/img\/social-placeholder.jpg","customPermalinks":true,"isUserRegistered":true,"autoSuggestKeywords":true,"connectSiteUrl":"https:\/\/rankmath.com\/auth?site=https%3A%2F%2Fmladez.evangnet.cz%2Fmoravskoslezska&r=https%3A%2F%2Fmladez.evangnet.cz%2Fmoravskoslezska%2Fwp-json%2Fwp%2Fv2%2Fpages%2F1300%3Fnonce%3D055d0306e0","maxTags":5,"trendsIcon":"<svg viewBox=\"0 0 610 610\"><path d=\"M18.85,446,174.32,290.48l58.08,58.08L76.93,504a14.54,14.54,0,0,1-20.55,0L18.83,466.48a14.54,14.54,0,0,1,0-20.55Z\" style=\"fill:#4285f4\"\/><path d=\"M242.65,242.66,377.59,377.6l-47.75,47.75a14.54,14.54,0,0,1-20.55,0L174.37,290.43l47.75-47.75A14.52,14.52,0,0,1,242.65,242.66Z\" style=\"fill:#ea4335\"\/><polygon points=\"319.53 319.53 479.26 159.8 537.34 217.88 377.61 377.62 319.53 319.53\" style=\"fill:#fabb05\"\/><path d=\"M594.26,262.73V118.61h0a16.94,16.94,0,0,0-16.94-16.94H433.2a16.94,16.94,0,0,0-12,28.92L565.34,274.71h0a16.94,16.94,0,0,0,28.92-12Z\" style=\"fill:#34a853\"\/><rect width=\"610\" height=\"610\" style=\"fill:none\"\/><\/svg>","showScore":true,"siteFavIcon":"https:\/\/mladez.evangnet.cz\/moravskoslezska\/wp-content\/uploads\/sites\/10\/2025\/05\/logo-moravskoslezska-150x150.webp","canUser":{"general":false,"advanced":false,"snippet":false,"social":false,"analysis":false,"analytics":false,"content_ai":false},"showKeywordIntent":true,"isPro":false,"is_front_page":false,"trendsUpgradeLink":"https:\/\/rankmath.com\/pricing\/?utm_source=Plugin&utm_medium=CE%20General%20Tab%20Trends&utm_campaign=WP","trendsUpgradeLabel":"Upgradovat","trendsPreviewImage":"https:\/\/mladez.evangnet.cz\/moravskoslezska\/wp-content\/plugins\/seo-by-rank-math\/assets\/admin\/img\/trends-preview.jpg","currentEditor":false,"homepageData":{"assessor":{"powerWords":[],"diacritics":true,"researchesTests":["contentHasTOC","contentHasShortParagraphs","contentHasAssets","keywordInTitle","keywordInMetaDescription","keywordInPermalink","keywordIn10Percent","keywordInContent","keywordInSubheadings","keywordInImageAlt","keywordDensity","keywordNotUsed","lengthContent","lengthPermalink","linksHasInternal","linksHasExternals","linksNotAllExternals","titleStartWithKeyword","titleSentiment","titleHasPowerWords","titleHasNumber","hasContentAI"],"hasBreadcrumb":false,"serpData":{"title":"%sitename% %page% %sep% %sitedesc%","description":"","titleTemplate":"%sitename% %page% %sep% %sitedesc%","descriptionTemplate":"","focusKeywords":"","breadcrumbTitle":"Dom\u016f","robots":{"index":true},"advancedRobots":[],"facebookTitle":"","facebookDescription":"","facebookImage":"","facebookImageID":""}}},"tocTitle":"Table of Contents","tocExcludeHeadings":[],"listStyle":"ul"},"_links":{"self":[{"href":"https:\/\/mladez.evangnet.cz\/moravskoslezska\/wp-json\/wp\/v2\/pages\/1300","targetHints":{"allow":["GET"]}}],"collection":[{"href":"https:\/\/mladez.evangnet.cz\/moravskoslezska\/wp-json\/wp\/v2\/pages"}],"about":[{"href":"https:\/\/mladez.evangnet.cz\/moravskoslezska\/wp-json\/wp\/v2\/types\/page"}],"author":[{"embeddable":true,"href":"https:\/\/mladez.evangnet.cz\/moravskoslezska\/wp-json\/wp\/v2\/users\/15"}],"replies":[{"embeddable":true,"href":"https:\/\/mladez.evangnet.cz\/moravskoslezska\/wp-json\/wp\/v2\/comments?post=1300"}],"version-history":[{"count":17,"href":"https:\/\/mladez.evangnet.cz\/moravskoslezska\/wp-json\/wp\/v2\/pages\/1300\/revisions"}],"predecessor-version":[{"id":1548,"href":"https:\/\/mladez.evangnet.cz\/moravskoslezska\/wp-json\/wp\/v2\/pages\/1300\/revisions\/1548"}],"up":[{"embeddable":true,"href":"https:\/\/mladez.evangnet.cz\/moravskoslezska\/wp-json\/wp\/v2\/pages\/13"}],"wp:attachment":[{"href":"https:\/\/mladez.evangnet.cz\/moravskoslezska\/wp-json\/wp\/v2\/media?parent=1300"}],"curies":[{"name":"wp","href":"https:\/\/api.w.org\/{rel}","templated":true}]}}