{"id":998,"date":"2025-05-23T10:52:31","date_gmt":"2025-05-23T08:52:31","guid":{"rendered":"https:\/\/mladez.evangnet.cz\/moravskoslezska\/?post_type=event&#038;p=998"},"modified":"2025-05-27T09:12:05","modified_gmt":"2025-05-27T07:12:05","slug":"opekacka-2024","status":"publish","type":"event","link":"https:\/\/mladez.evangnet.cz\/moravskoslezska\/akce\/opekacka-2024\/","title":{"rendered":"Op\u00e9ka\u010dka 2024"},"content":{"rendered":"<p>Posledn\u00ed v\u00edkendovka leto\u0161n\u00edho \u0161koln\u00edho roku je tady. Organiz\u00e1tor\u016fm u\u017e trochu do\u0161la s\u00edla organizovat, ale cht\u011bli jsme p\u0159esto d\u00e1t v\u0161em mo\u017enost se je\u0161t\u011b p\u0159ed LST spole\u010dn\u011b sej\u00edt, zahrada u Sabel\u016f je n\u00e1m tud\u00ed\u017e cel\u00fd v\u00edkend pln\u011b k dispozici. Jedin\u00fd organizovan\u00fd program je sobotn\u00ed ve\u010dern\u00ed grilov\u00e1n\u00ed, budeme tedy m\u00edt kone\u010dn\u011b dost \u010dasu na frisbee, deskovky, zp\u011bv a v\u0161eobecnou z\u00e1bavu!<\/p>\n<p>V dom\u011b m\u016f\u017eeme vyu\u017e\u00edvat ledni\u010dku, z\u00e1chod a sprchu, ale jinak budeme bydlet na zahrad\u011b ve stanech \u010di pod \u0161ir\u00e1kem. V p\u0159\u00edpadn\u011b hodn\u011b nep\u0159\u00edzniv\u00e9ho po\u010das\u00ed akci zru\u0161\u00edme.<\/p>\n<p><strong>S sebou:<\/strong><\/p>\n<ul>\n<li>Vlastn\u00ed j\u00eddlo! (krom\u011b sobotn\u00edho ve\u010dera)<\/li>\n<li>Spac\u00e1k a karimatku<\/li>\n<li>Stan (nebo chu\u0165 sp\u00e1t bez n\u011bj)<\/li>\n<\/ul>\n<p><strong>Cena:<\/strong><\/p>\n<ul>\n<li>Na m\u00edst\u011b vybereme pen\u00edze za sobotn\u00ed ve\u010de\u0159i, zahradu m\u00e1me zdarma<\/li>\n<\/ul>\n<p><strong>Kontaktn\u00ed osoba:<\/strong><\/p>\n<ul>\n<li>Ani\u010dka Sabelov\u00e1, <a href=\"mailto:annisab@seznam.cz\" target=\"_blank\" rel=\"noopener\">annisab@seznam.cz<\/a><\/li>\n<li>Tom Domes, <a href=\"mailto:domestomas@gmail.com\" target=\"_blank\" rel=\"noopener\">domestomas@gmail.com<\/a><\/li>\n<\/ul>\n","protected":false},"featured_media":1001,"menu_order":0,"template":"","categories":[],"class_list":["post-998","event","type-event","status-publish","has-post-thumbnail","hentry"],"_links":{"self":[{"href":"https:\/\/mladez.evangnet.cz\/moravskoslezska\/wp-json\/wp\/v2\/event\/998","targetHints":{"allow":["GET"]}}],"collection":[{"href":"https:\/\/mladez.evangnet.cz\/moravskoslezska\/wp-json\/wp\/v2\/event"}],"about":[{"href":"https:\/\/mladez.evangnet.cz\/moravskoslezska\/wp-json\/wp\/v2\/types\/event"}],"version-history":[{"count":1,"href":"https:\/\/mladez.evangnet.cz\/moravskoslezska\/wp-json\/wp\/v2\/event\/998\/revisions"}],"predecessor-version":[{"id":1224,"href":"https:\/\/mladez.evangnet.cz\/moravskoslezska\/wp-json\/wp\/v2\/event\/998\/revisions\/1224"}],"wp:featuredmedia":[{"embeddable":true,"href":"https:\/\/mladez.evangnet.cz\/moravskoslezska\/wp-json\/wp\/v2\/media\/1001"}],"wp:attachment":[{"href":"https:\/\/mladez.evangnet.cz\/moravskoslezska\/wp-json\/wp\/v2\/media?parent=998"}],"wp:term":[{"taxonomy":"category","embeddable":true,"href":"https:\/\/mladez.evangnet.cz\/moravskoslezska\/wp-json\/wp\/v2\/categories?post=998"}],"curies":[{"name":"wp","href":"https:\/\/api.w.org\/{rel}","templated":true}]}}

Opékačka 2024

<p>Poslední víkendovka letošního školního roku je tady. Organizátorům už trochu došla síla organizovat, ale chtěli jsme přesto dát všem možnost se ještě před LST společně sejít, zahrada u Sabelů je nám tudíž celý víkend plně k dispozici. Jediný organizovaný program je sobotní večerní grilování, budeme tedy mít konečně dost času na frisbee, deskovky, zpěv a všeobecnou zábavu!</p>
<p>V domě můžeme využívat ledničku, záchod a sprchu, ale jinak budeme bydlet na zahradě ve stanech či pod širákem. V případně hodně nepříznivého počasí akci zrušíme.</p>
<p><strong>S sebou:</strong></p>
<ul>
<li>Vlastní jídlo! (kromě sobotního večera)</li>
<li>Spacák a karimatku</li>
<li>Stan (nebo chuť spát bez něj)</li>
</ul>
<p><strong>Cena:</strong></p>
<ul>
<li>Na místě vybereme peníze za sobotní večeři, zahradu máme zdarma</li>
</ul>
<p><strong>Kontaktní osoba:</strong></p>
<ul>
<li>Anička Sabelová, <a href="mailto:annisab@seznam.cz" target="_blank" rel="noopener">annisab@seznam.cz</a></li>
<li>Tom Domes, <a href="mailto:domestomas@gmail.com" target="_blank" rel="noopener">domestomas@gmail.com</a></li>
</ul>
