{"id":972,"date":"2025-05-23T10:52:31","date_gmt":"2025-05-23T08:52:31","guid":{"rendered":"https:\/\/mladez.evangnet.cz\/moravskoslezska\/?post_type=event&#038;p=972"},"modified":"2025-05-27T09:12:05","modified_gmt":"2025-05-27T07:12:05","slug":"brigada-sumperk-2024","status":"publish","type":"event","link":"https:\/\/mladez.evangnet.cz\/moravskoslezska\/akce\/brigada-sumperk-2024\/","title":{"rendered":"Brig\u00e1da \u0160umperk 2024"},"content":{"rendered":"<p>Leto\u0161n\u00ed ro\u010dn\u00edk ml\u00e1de\u017enick\u00e9 dobrovolnick\u00e9 brig\u00e1dy se odehraje na fa\u0159e v \u0160umperku \u2013 \u010dekaj\u00ed n\u00e1s pr\u00e1ce jako vyn\u00e1\u0161en\u00ed suti ze sklepa, myt\u00ed oken, instalace oplocen\u00ed, oprava st\u0159echy zahradn\u00edho domku a p\u0159\u00edpadn\u011b dal\u0161\u00ed! Akce bude tentokr\u00e1t voln\u011bj\u0161\u00ed s v\u011bt\u0161\u00edm mno\u017estv\u00edm voln\u00e9ho \u010dasu a vzhledem k z\u00e1jmu z\u0159ejm\u011b i masa! A na z\u00e1v\u011br: \u00fa\u010dastn\u00edci letos nemus\u00ed platit ani korunu \u2013 proto se p\u0159ihla\u0161 a p\u0159ije\u010f!<\/p>\n<p><strong>S sebou:<\/strong><\/p>\n<ul>\n<li>pracovn\u00ed oble\u010den\u00ed (m\u016f\u017ee b\u00fdt zne\u010di\u0161t\u011bno, po\u0161kozeno)<\/li>\n<li>b\u011b\u017en\u00e9 oble\u010den\u00ed<\/li>\n<li>hygienick\u00e9 pot\u0159eby<\/li>\n<li>spac\u00e1k a karimatku<\/li>\n<li>(hudebn\u00ed n\u00e1stroj)<\/li>\n<\/ul>\n<p><strong>Cena:<\/strong><\/p>\n<ul>\n<li>0,- K\u010d<\/li>\n<\/ul>\n<p><strong>P\u0159ihla\u0161ov\u00e1n\u00ed:<\/strong><\/p>\n<ul>\n<li><a href=\"https:\/\/forms.gle\/weAu14MZqUvDEiPK7\" target=\"_blank\" rel=\"noopener\">odkaz<\/a><\/li>\n<\/ul>\n<p><strong>Kontaktn\u00ed osoba:<\/strong><\/p>\n<ul>\n<li>Kate\u0159ina Kopeck\u00e1: <span data-sheets-root=\"1\" data-sheets-value=\"{&quot;1&quot;:2,&quot;2&quot;:&quot;katerina.kopecka42@gmail.com&quot;}\" data-sheets-userformat=\"{&quot;2&quot;:8705,&quot;3&quot;:{&quot;1&quot;:0},&quot;12&quot;:0,&quot;16&quot;:10}\">katerina.kopecka42@gmail.com<\/span><\/li>\n<\/ul>\n","protected":false},"featured_media":973,"menu_order":0,"template":"","categories":[],"class_list":["post-972","event","type-event","status-publish","has-post-thumbnail","hentry"],"_links":{"self":[{"href":"https:\/\/mladez.evangnet.cz\/moravskoslezska\/wp-json\/wp\/v2\/event\/972","targetHints":{"allow":["GET"]}}],"collection":[{"href":"https:\/\/mladez.evangnet.cz\/moravskoslezska\/wp-json\/wp\/v2\/event"}],"about":[{"href":"https:\/\/mladez.evangnet.cz\/moravskoslezska\/wp-json\/wp\/v2\/types\/event"}],"version-history":[{"count":1,"href":"https:\/\/mladez.evangnet.cz\/moravskoslezska\/wp-json\/wp\/v2\/event\/972\/revisions"}],"predecessor-version":[{"id":1225,"href":"https:\/\/mladez.evangnet.cz\/moravskoslezska\/wp-json\/wp\/v2\/event\/972\/revisions\/1225"}],"wp:featuredmedia":[{"embeddable":true,"href":"https:\/\/mladez.evangnet.cz\/moravskoslezska\/wp-json\/wp\/v2\/media\/973"}],"wp:attachment":[{"href":"https:\/\/mladez.evangnet.cz\/moravskoslezska\/wp-json\/wp\/v2\/media?parent=972"}],"wp:term":[{"taxonomy":"category","embeddable":true,"href":"https:\/\/mladez.evangnet.cz\/moravskoslezska\/wp-json\/wp\/v2\/categories?post=972"}],"curies":[{"name":"wp","href":"https:\/\/api.w.org\/{rel}","templated":true}]}}

Brigáda Šumperk 2024

<p>Letošní ročník mládežnické dobrovolnické brigády se odehraje na faře v Šumperku – čekají nás práce jako vynášení suti ze sklepa, mytí oken, instalace oplocení, oprava střechy zahradního domku a případně další! Akce bude tentokrát volnější s větším množstvím volného času a vzhledem k zájmu zřejmě i masa! A na závěr: účastníci letos nemusí platit ani korunu – proto se přihlaš a přijeď!</p>
<p><strong>S sebou:</strong></p>
<ul>
<li>pracovní oblečení (může být znečištěno, poškozeno)</li>
<li>běžné oblečení</li>
<li>hygienické potřeby</li>
<li>spacák a karimatku</li>
<li>(hudební nástroj)</li>
</ul>
<p><strong>Cena:</strong></p>
<ul>
<li>0,- Kč</li>
</ul>
<p><strong>Přihlašování:</strong></p>
<ul>
<li><a href="https://forms.gle/weAu14MZqUvDEiPK7" target="_blank" rel="noopener">odkaz</a></li>
</ul>
<p><strong>Kontaktní osoba:</strong></p>
<ul>
<li>Kateřina Kopecká: <span data-sheets-root="1" data-sheets-value="{&quot;1&quot;:2,&quot;2&quot;:&quot;katerina.kopecka42@gmail.com&quot;}" data-sheets-userformat="{&quot;2&quot;:8705,&quot;3&quot;:{&quot;1&quot;:0},&quot;12&quot;:0,&quot;16&quot;:10}">katerina.kopecka42@gmail.com</span></li>
</ul>
