{"id":805,"date":"2025-05-23T10:52:31","date_gmt":"2025-05-23T08:52:31","guid":{"rendered":"https:\/\/mladez.evangnet.cz\/moravskoslezska\/?post_type=event&#038;p=805"},"modified":"2025-05-27T09:12:04","modified_gmt":"2025-05-27T07:12:04","slug":"letnibrigada","status":"publish","type":"event","link":"https:\/\/mladez.evangnet.cz\/moravskoslezska\/akce\/letnibrigada\/","title":{"rendered":"Letn\u00ed brig\u00e1da na Travn\u00e9"},"content":{"rendered":"<p>Travnou organizuje Regeneration t\u00fdm Travn\u00e9 pod z\u00e1\u0161titou spolku Setk\u00e1v\u00e1n\u00ed Travn\u00e1, z. s.<br \/>\nTak\u00e9 letos v\u00e1s srde\u010dn\u011b zveme na letn\u00ed brig\u00e1du. Na brig\u00e1du bude navazovat letn\u00ed Travn\u00e1 camp.<\/p>\n<p>Co n\u00e1s na brig\u00e1d\u011b \u010dek\u00e1?<br \/>\nBudeme \u0161\u00edt z\u00e1v\u011bsy a podsed\u00e1ky, rekonstruovat krbovku, chystat d\u0159evo, p\u0159ipravovat d\u016fm na rekonstrukci a samoz\u0159ejm\u011b i vozit v\u011bci do sb\u011brn\u00e9ho dvora.<\/p>\n<p>Krom\u011b pr\u00e1ce m\u016f\u017eeme vyrazit na v\u00fdlety, pracovat na sv\u00fdch vlastn\u00edch kreativn\u00edch projektech, v\u011bnovat se hudb\u011b nebo si prost\u011b ud\u011blat pohodu.<\/p>\n<p>Kdy: za\u010d\u00e1tek 1. 7. v 19:00, konec 8. 7. dopoledne<\/p>\n<p>Cena: Doporu\u010den\u00fd p\u0159\u00edsp\u011bvek na ubytov\u00e1n\u00ed 100,- K\u010d na noc.<br \/>\nPlat\u00ed se na m\u00edst\u011b nebo p\u0159evodem na \u00fa\u010det 2300325930\/2010 VS: 20230701, do pozn\u00e1mky napi\u0161te \u201ebrig\u00e1da a jm\u00e9no \u00fa\u010dastn\u00edka\u201c.<\/p>\n","protected":false},"featured_media":806,"menu_order":0,"template":"","categories":[],"class_list":["post-805","event","type-event","status-publish","has-post-thumbnail","hentry"],"_links":{"self":[{"href":"https:\/\/mladez.evangnet.cz\/moravskoslezska\/wp-json\/wp\/v2\/event\/805","targetHints":{"allow":["GET"]}}],"collection":[{"href":"https:\/\/mladez.evangnet.cz\/moravskoslezska\/wp-json\/wp\/v2\/event"}],"about":[{"href":"https:\/\/mladez.evangnet.cz\/moravskoslezska\/wp-json\/wp\/v2\/types\/event"}],"version-history":[{"count":1,"href":"https:\/\/mladez.evangnet.cz\/moravskoslezska\/wp-json\/wp\/v2\/event\/805\/revisions"}],"predecessor-version":[{"id":1235,"href":"https:\/\/mladez.evangnet.cz\/moravskoslezska\/wp-json\/wp\/v2\/event\/805\/revisions\/1235"}],"wp:featuredmedia":[{"embeddable":true,"href":"https:\/\/mladez.evangnet.cz\/moravskoslezska\/wp-json\/wp\/v2\/media\/806"}],"wp:attachment":[{"href":"https:\/\/mladez.evangnet.cz\/moravskoslezska\/wp-json\/wp\/v2\/media?parent=805"}],"wp:term":[{"taxonomy":"category","embeddable":true,"href":"https:\/\/mladez.evangnet.cz\/moravskoslezska\/wp-json\/wp\/v2\/categories?post=805"}],"curies":[{"name":"wp","href":"https:\/\/api.w.org\/{rel}","templated":true}]}}

Letní brigáda na Travné

<p>Travnou organizuje Regeneration tým Travné pod záštitou spolku Setkávání Travná, z. s.<br />
Také letos vás srdečně zveme na letní brigádu. Na brigádu bude navazovat letní Travná camp.</p>
<p>Co nás na brigádě čeká?<br />
Budeme šít závěsy a podsedáky, rekonstruovat krbovku, chystat dřevo, připravovat dům na rekonstrukci a samozřejmě i vozit věci do sběrného dvora.</p>
<p>Kromě práce můžeme vyrazit na výlety, pracovat na svých vlastních kreativních projektech, věnovat se hudbě nebo si prostě udělat pohodu.</p>
<p>Kdy: začátek 1. 7. v 19:00, konec 8. 7. dopoledne</p>
<p>Cena: Doporučený příspěvek na ubytování 100,- Kč na noc.<br />
Platí se na místě nebo převodem na účet 2300325930/2010 VS: 20230701, do poznámky napište „brigáda a jméno účastníka“.</p>
