{"id":792,"date":"2025-05-23T10:52:31","date_gmt":"2025-05-23T08:52:31","guid":{"rendered":"https:\/\/mladez.evangnet.cz\/moravskoslezska\/?post_type=event&#038;p=792"},"modified":"2025-05-27T09:12:04","modified_gmt":"2025-05-27T07:12:04","slug":"sjizdeni-reky","status":"publish","type":"event","link":"https:\/\/mladez.evangnet.cz\/moravskoslezska\/akce\/sjizdeni-reky\/","title":{"rendered":"Sj\u00ed\u017ed\u011bn\u00ed \u0159eky"},"content":{"rendered":"<p>Ahoj! Vod\u00e1ck\u00fd v\u00fdlet, kter\u00fd jsme si vysnili na posledn\u00edm LST se st\u00e1v\u00e1 realitou a to ji\u017e brzy. Budeme sj\u00ed\u017ed\u011bt za\u010d\u00e1te\u010dnickou \u00farove\u0148 &#8211; Moravu od Post\u0159elmova po Mohelnici.<br \/>\nPoje\u010fte s n\u00e1mi! Sta\u010d\u00ed vyplnit p\u0159ihl\u00e1\u0161ku, ve kter\u00e9 od v\u00e1s vyzv\u00edme hlavn\u011b va\u0161e schopnosti a p\u0159\u00e1n\u00ed.<\/p>\n<p>Historicky jede na\u0161e ml\u00e1de\u017e na vodu poprv\u00e9 i kdy\u017e n\u011bkte\u0159\u00ed z n\u00e1s jsou u\u017e ur\u010dit\u011b zku\u0161en\u00ed vod\u00e1ci. Zkus\u00edme to ud\u011blat tak, aby se bavili v\u0161ichni, proto je p\u0159ihl\u00e1\u0161ka pln\u00e1 mimo jin\u00e9 i v\u0161ete\u010dn\u00fdch dotaz\u016f.<\/p>\n<p>Do velk\u00e9 m\u00edry tedy z\u00e1le\u017e\u00ed na v\u00e1s, jak\u00e9 to nakonec bude \ud83d\ude09<\/p>\n<p>Po\u010det stan\u016f a lod\u00ed mus\u00ed b\u00fdt zn\u00e1m p\u0159edem, proto je p\u0159ihla\u0161ov\u00e1n\u00ed ji\u017e nutn\u00e9 te\u010f. My organiz\u00e1to\u0159i budeme toti\u017e velmi vd\u011b\u010dn\u00ed, kdy\u017e po n\u00e1s nebudete cht\u00edt sh\u00e1n\u011bt tyhle v\u011bci den p\u0159ed akc\u00ed \ud83d\ude43<\/p>\n<h2>Program<\/h2>\n<p>P\u00e1tek: ve\u010dern\u00ed ubytov\u00e1n\u00ed v kempu, zaji\u0161t\u011bn\u00ed lod\u00ed a zavazadel<br \/>\nSobota: sj\u00ed\u017ed\u011bn\u00ed \u0159eky po cel\u00fd den s p\u0159est\u00e1vkami na odpo\u010dinek. Ve\u010der ubytov\u00e1n\u00ed v kempu.<br \/>\nNed\u011ble: odjezd<\/p>\n<h2>Dal\u0161\u00ed informace<\/h2>\n<p>J\u00eddlo si budeme p\u0159ipravovat vlastn\u00ed (tepl\u00e1 bude jen ve\u010de\u0159e).<\/p>\n<p>Cena<\/p>\n<ul>\n<li>400 K\u010d pro \u010dleny SEM<\/li>\n<li>550 K\u010d pro ne\u010dleny<\/li>\n<\/ul>\n<p>Platba je mo\u017en\u00e1 na \u00fa\u010det SEM <span class=\"x4k7w5x x1h91t0o x1h9r5lt x1jfb8zj xv2umb2 x1beo9mf xaigb6o x12ejxvf x3igimt xarpa2k xedcshv x1lytzrv x1t2pt76 x7ja8zs x1qrby5j\">2700550969\/2010 nebo hotov\u011b.<\/span><\/p>\n<h3>Doprava<\/h3>\n<p>Doporu\u010den\u00fd spoj je \ud83d\ude86 R 911 Bouzov (linka Brno &#8211; \u0160umperk):<\/p>\n<p>16:56 Olomouc<br \/>\n17:32 Post\u0159elmov<\/p>\n<h3>Kontakty<\/h3>\n<p>Ondra Sabela ondrasabela@seznam.cz 733715887<br \/>\nMalvi Jure\u010dkov\u00e1 <span class=\"x4k7w5x x1h91t0o x1h9r5lt x1jfb8zj xv2umb2 x1beo9mf xaigb6o x12ejxvf x3igimt xarpa2k xedcshv x1lytzrv x1t2pt76 x7ja8zs x1qrby5j\">malvi.jureckova@gmail.com 608702402<\/span><\/p>\n","protected":false},"featured_media":793,"menu_order":0,"template":"","categories":[],"class_list":["post-792","event","type-event","status-publish","has-post-thumbnail","hentry"],"_links":{"self":[{"href":"https:\/\/mladez.evangnet.cz\/moravskoslezska\/wp-json\/wp\/v2\/event\/792","targetHints":{"allow":["GET"]}}],"collection":[{"href":"https:\/\/mladez.evangnet.cz\/moravskoslezska\/wp-json\/wp\/v2\/event"}],"about":[{"href":"https:\/\/mladez.evangnet.cz\/moravskoslezska\/wp-json\/wp\/v2\/types\/event"}],"version-history":[{"count":1,"href":"https:\/\/mladez.evangnet.cz\/moravskoslezska\/wp-json\/wp\/v2\/event\/792\/revisions"}],"predecessor-version":[{"id":1236,"href":"https:\/\/mladez.evangnet.cz\/moravskoslezska\/wp-json\/wp\/v2\/event\/792\/revisions\/1236"}],"wp:featuredmedia":[{"embeddable":true,"href":"https:\/\/mladez.evangnet.cz\/moravskoslezska\/wp-json\/wp\/v2\/media\/793"}],"wp:attachment":[{"href":"https:\/\/mladez.evangnet.cz\/moravskoslezska\/wp-json\/wp\/v2\/media?parent=792"}],"wp:term":[{"taxonomy":"category","embeddable":true,"href":"https:\/\/mladez.evangnet.cz\/moravskoslezska\/wp-json\/wp\/v2\/categories?post=792"}],"curies":[{"name":"wp","href":"https:\/\/api.w.org\/{rel}","templated":true}]}}

Sjíždění řeky

<p>Ahoj! Vodácký výlet, který jsme si vysnili na posledním LST se stává realitou a to již brzy. Budeme sjíždět začátečnickou úroveň &#8211; Moravu od Postřelmova po Mohelnici.<br />
Pojeďte s námi! Stačí vyplnit přihlášku, ve které od vás vyzvíme hlavně vaše schopnosti a přání.</p>
<p>Historicky jede naše mládež na vodu poprvé i když někteří z nás jsou už určitě zkušení vodáci. Zkusíme to udělat tak, aby se bavili všichni, proto je přihláška plná mimo jiné i všetečných dotazů.</p>
<p>Do velké míry tedy záleží na vás, jaké to nakonec bude 😉</p>
<p>Počet stanů a lodí musí být znám předem, proto je přihlašování již nutné teď. My organizátoři budeme totiž velmi vděční, když po nás nebudete chtít shánět tyhle věci den před akcí 🙃</p>
<h2>Program</h2>
<p>Pátek: večerní ubytování v kempu, zajištění lodí a zavazadel<br />
Sobota: sjíždění řeky po celý den s přestávkami na odpočinek. Večer ubytování v kempu.<br />
Neděle: odjezd</p>
<h2>Další informace</h2>
<p>Jídlo si budeme připravovat vlastní (teplá bude jen večeře).</p>
<p>Cena</p>
<ul>
<li>400 Kč pro členy SEM</li>
<li>550 Kč pro nečleny</li>
</ul>
<p>Platba je možná na účet SEM <span class="x4k7w5x x1h91t0o x1h9r5lt x1jfb8zj xv2umb2 x1beo9mf xaigb6o x12ejxvf x3igimt xarpa2k xedcshv x1lytzrv x1t2pt76 x7ja8zs x1qrby5j">2700550969/2010 nebo hotově.</span></p>
<h3>Doprava</h3>
<p>Doporučený spoj je 🚆 R 911 Bouzov (linka Brno &#8211; Šumperk):</p>
<p>16:56 Olomouc<br />
17:32 Postřelmov</p>
<h3>Kontakty</h3>
<p>Ondra Sabela ondrasabela@seznam.cz 733715887<br />
Malvi Jurečková <span class="x4k7w5x x1h91t0o x1h9r5lt x1jfb8zj xv2umb2 x1beo9mf xaigb6o x12ejxvf x3igimt xarpa2k xedcshv x1lytzrv x1t2pt76 x7ja8zs x1qrby5j">malvi.jureckova@gmail.com 608702402</span></p>
