{"id":783,"date":"2025-05-23T10:52:31","date_gmt":"2025-05-23T08:52:31","guid":{"rendered":"https:\/\/mladez.evangnet.cz\/moravskoslezska\/?post_type=event&#038;p=783"},"modified":"2025-05-27T09:12:04","modified_gmt":"2025-05-27T07:12:04","slug":"orani-oralkum","status":"publish","type":"event","link":"https:\/\/mladez.evangnet.cz\/moravskoslezska\/akce\/orani-oralkum\/","title":{"rendered":"Or\u00e1n\u00ed Or\u00e1lk\u016fm"},"content":{"rendered":"<p>Dal\u0161\u00ed ml\u00e1de\u017enick\u00e1 v\u00edkendovka se nezadr\u017eiteln\u011b bl\u00ed\u017e\u00ed, proto nev\u00e1hej a p\u0159ihla\u0161 se! Tentokr\u00e1t dokonce o den del\u0161\u00ed, proto\u017ee vyu\u017eijeme pond\u011bln\u00edho st\u00e1tn\u00edho sv\u00e1tku. D\u00edky tomu zvl\u00e1dneme spojit dv\u011b obl\u00edben\u00e9 akce dohromady &#8211; bude to z\u00e1rove\u0148 brig\u00e1da a z\u00e1rove\u0148 workshop v\u00edkend! Ur\u010dit\u011b u\u017e jsi zv\u011bdav\u00fd\/\u00e1 jak to vypad\u00e1 u Anu\u0161e na statku, tak rad\u0161i hned vypl\u0148 p\u0159ihla\u0161ovac\u00ed formul\u00e1\u0159 n\u00ed\u017ee, a\u0165 na to nezapomene\u0161 a nemus\u00ed\u0161 zbyte\u010dn\u011b platit vy\u0161\u0161\u00ed cenu.<\/p>\n<p>Na\u0161\u00edm hostem bude v sobotu ThMgr. Milan Klapetek, kter\u00fd s n\u00e1mi povede nejen filozofickou diskuzi s t\u00e9matem &#8222;V\u011bda a v\u00edra ve 21. stolet\u00ed&#8220;.<\/p>\n<p><strong>Kontaktn\u00ed osoby:<\/strong><br \/>\nTom\u00e1\u0161 Domes (domestomas@gmail.com; 732 211 599)<br \/>\nEdmund Kenning (hahahaeda02@gmail.com; 604 976 259)<\/p>\n","protected":false},"featured_media":784,"menu_order":0,"template":"","categories":[],"class_list":["post-783","event","type-event","status-publish","has-post-thumbnail","hentry"],"_links":{"self":[{"href":"https:\/\/mladez.evangnet.cz\/moravskoslezska\/wp-json\/wp\/v2\/event\/783","targetHints":{"allow":["GET"]}}],"collection":[{"href":"https:\/\/mladez.evangnet.cz\/moravskoslezska\/wp-json\/wp\/v2\/event"}],"about":[{"href":"https:\/\/mladez.evangnet.cz\/moravskoslezska\/wp-json\/wp\/v2\/types\/event"}],"version-history":[{"count":1,"href":"https:\/\/mladez.evangnet.cz\/moravskoslezska\/wp-json\/wp\/v2\/event\/783\/revisions"}],"predecessor-version":[{"id":1237,"href":"https:\/\/mladez.evangnet.cz\/moravskoslezska\/wp-json\/wp\/v2\/event\/783\/revisions\/1237"}],"wp:featuredmedia":[{"embeddable":true,"href":"https:\/\/mladez.evangnet.cz\/moravskoslezska\/wp-json\/wp\/v2\/media\/784"}],"wp:attachment":[{"href":"https:\/\/mladez.evangnet.cz\/moravskoslezska\/wp-json\/wp\/v2\/media?parent=783"}],"wp:term":[{"taxonomy":"category","embeddable":true,"href":"https:\/\/mladez.evangnet.cz\/moravskoslezska\/wp-json\/wp\/v2\/categories?post=783"}],"curies":[{"name":"wp","href":"https:\/\/api.w.org\/{rel}","templated":true}]}}

Orání Orálkům

<p>Další mládežnická víkendovka se nezadržitelně blíží, proto neváhej a přihlaš se! Tentokrát dokonce o den delší, protože využijeme pondělního státního svátku. Díky tomu zvládneme spojit dvě oblíbené akce dohromady &#8211; bude to zároveň brigáda a zároveň workshop víkend! Určitě už jsi zvědavý/á jak to vypadá u Anuše na statku, tak radši hned vyplň přihlašovací formulář níže, ať na to nezapomeneš a nemusíš zbytečně platit vyšší cenu.</p>
<p>Naším hostem bude v sobotu ThMgr. Milan Klapetek, který s námi povede nejen filozofickou diskuzi s tématem &#8222;Věda a víra ve 21. století&#8220;.</p>
<p><strong>Kontaktní osoby:</strong><br />
Tomáš Domes (domestomas@gmail.com; 732 211 599)<br />
Edmund Kenning (hahahaeda02@gmail.com; 604 976 259)</p>
