{"id":775,"date":"2025-05-23T10:52:32","date_gmt":"2025-05-23T08:52:32","guid":{"rendered":"https:\/\/mladez.evangnet.cz\/moravskoslezska\/?post_type=event&#038;p=775"},"modified":"2025-05-27T09:12:04","modified_gmt":"2025-05-27T07:12:04","slug":"letni-senioratni-tyden","status":"publish","type":"event","link":"https:\/\/mladez.evangnet.cz\/moravskoslezska\/akce\/letni-senioratni-tyden\/","title":{"rendered":"Letn\u00ed senior\u00e1tn\u00ed t\u00fdden"},"content":{"rendered":"<p>Jak si p\u0159edstavujeme Boha? Jak\u00fd je B\u016fh? Jak\u00fd chce\u0161, aby byl? Chceme aby&#8230; B\u016fh odpov\u00eddal na\u0161im p\u0159edstav\u00e1m? Je to star\u00fd p\u00e1n na obl\u00e1\u010dku, kter\u00fd n\u00e1m spln\u00ed v\u0161echna na\u0161e p\u0159\u00e1n\u00ed? Je v dne\u0161n\u00ed dob\u011b v\u016fbec relevantn\u00ed? D\u00e1 se B\u016fh n\u011bjak koupit? \u0158\u00edd\u00ed v\u0161echno kolem n\u00e1s? Je to rebel!? Ale hlavn\u011b je p\u0159ece rodi\u010d a my jsme Bo\u017e\u00ed d\u011bti, ne?<br \/>\nTo je t\u00e9ma akce, na kterou se t\u011b\u0161\u00ed\u0161 cel\u00fd rok! Je to ji\u017e 20let\u00e1 tradice, \u017ee posledn\u00ed t\u00fdden v srpnu (tentokr\u00e1t 20.-27. 8. 2023) str\u00e1v\u00edme spole\u010dn\u011b s celou ml\u00e1de\u017e\u00ed na Letn\u00edm senior\u00e1tn\u00edm t\u00fddnu. Nenechte si uj\u00edt r\u016fznorod\u00e9 d\u00edlny, sport, spole\u010denstv\u00ed, z\u00e1bavu i voln\u00fd \u010das d\u011blat absolutn\u011b cokoliv. Letos tak\u00e9 budeme volit nov\u00fd SOM i SEM, tak\u017ee milovn\u00edci hlasov\u00e1n\u00ed si u\u017eij\u00ed sv\u00e9. Tak\u00e9 hled\u00e1me do organiz\u00e1torsk\u00fdch t\u00fdm\u016f ochotn\u00e9 ml\u00e1de\u017en\u00edky, tak kandiduj!<br \/>\n\u2014\u2014\u2014\u2014\u2014<br \/>\nCena za cel\u00fd pobyt: p\u0159i p\u0159ihl\u00e1\u0161en\u00ed do 6. 8. pro \u010dleny SEMu 1750,- K\u010d, pro ne\u010dleny 2000,- K\u010d.<br \/>\nPokud se nach\u00e1z\u00edte ve \u0161patn\u00e9 finan\u010dn\u00ed situaci, napi\u0161te n\u00e1m a individu\u00e1ln\u011b se m\u016f\u017eeme domluvit na slev\u011b\/prominut\u00ed poplatku za pobyt.<br \/>\nDoporu\u010den\u00fd v\u011bk: 15 \u2013 30+<br \/>\nDatum: 20. \u2013 27. 8. 2023<br \/>\nUbytov\u00e1n\u00ed: <a href=\"https:\/\/domasov.webnode.cz\/\" target=\"_blank\" rel=\"noopener\">Skautsk\u00e9 centrum Doma\u0161ov<\/a><br \/>\nBli\u017e\u0161\u00ed informace budou dopln\u011bny postupn\u011b.<br \/>\nAkci finan\u010dn\u011b podporuje Ministerstvo \u0161kolstv\u00ed, ml\u00e1de\u017ee a t\u011blov\u00fdchovy.<br \/>\n\u2014\u2014\u2014\u2014\u2014<br \/>\nP\u0159\u00edpadn\u00e9 dotazy je mo\u017eno sm\u011brovat na Messenger \u010di mail<br \/>\nmoravskoslezska-mladez@evangnet.cz<br \/>\nnebo na hlavn\u00edho vedouc\u00edho akce<br \/>\nToma Domese<br \/>\ndomestomas@gmail.com<br \/>\n(+420) 732 211 599<br \/>\nnebo tak\u00e9 na pana p\u0159edsedu (zvl\u00e1\u0161t\u011b, pokud chcete kandidovat \ud83d\ude03)<br \/>\nHonzu Dost\u00e1la<br \/>\njan.dostal@semcr.cz<br \/>\n(+420) 725 068 738<\/p>\n","protected":false},"featured_media":776,"menu_order":0,"template":"","categories":[],"class_list":["post-775","event","type-event","status-publish","has-post-thumbnail","hentry"],"_links":{"self":[{"href":"https:\/\/mladez.evangnet.cz\/moravskoslezska\/wp-json\/wp\/v2\/event\/775","targetHints":{"allow":["GET"]}}],"collection":[{"href":"https:\/\/mladez.evangnet.cz\/moravskoslezska\/wp-json\/wp\/v2\/event"}],"about":[{"href":"https:\/\/mladez.evangnet.cz\/moravskoslezska\/wp-json\/wp\/v2\/types\/event"}],"version-history":[{"count":1,"href":"https:\/\/mladez.evangnet.cz\/moravskoslezska\/wp-json\/wp\/v2\/event\/775\/revisions"}],"predecessor-version":[{"id":1239,"href":"https:\/\/mladez.evangnet.cz\/moravskoslezska\/wp-json\/wp\/v2\/event\/775\/revisions\/1239"}],"wp:featuredmedia":[{"embeddable":true,"href":"https:\/\/mladez.evangnet.cz\/moravskoslezska\/wp-json\/wp\/v2\/media\/776"}],"wp:attachment":[{"href":"https:\/\/mladez.evangnet.cz\/moravskoslezska\/wp-json\/wp\/v2\/media?parent=775"}],"wp:term":[{"taxonomy":"category","embeddable":true,"href":"https:\/\/mladez.evangnet.cz\/moravskoslezska\/wp-json\/wp\/v2\/categories?post=775"}],"curies":[{"name":"wp","href":"https:\/\/api.w.org\/{rel}","templated":true}]}}

Letní seniorátní týden

<p>Jak si představujeme Boha? Jaký je Bůh? Jaký chceš, aby byl? Chceme aby&#8230; Bůh odpovídal našim představám? Je to starý pán na obláčku, který nám splní všechna naše přání? Je v dnešní době vůbec relevantní? Dá se Bůh nějak koupit? Řídí všechno kolem nás? Je to rebel!? Ale hlavně je přece rodič a my jsme Boží děti, ne?<br />
To je téma akce, na kterou se těšíš celý rok! Je to již 20letá tradice, že poslední týden v srpnu (tentokrát 20.-27. 8. 2023) strávíme společně s celou mládeží na Letním seniorátním týdnu. Nenechte si ujít různorodé dílny, sport, společenství, zábavu i volný čas dělat absolutně cokoliv. Letos také budeme volit nový SOM i SEM, takže milovníci hlasování si užijí své. Také hledáme do organizátorských týmů ochotné mládežníky, tak kandiduj!<br />
—————<br />
Cena za celý pobyt: při přihlášení do 6. 8. pro členy SEMu 1750,- Kč, pro nečleny 2000,- Kč.<br />
Pokud se nacházíte ve špatné finanční situaci, napište nám a individuálně se můžeme domluvit na slevě/prominutí poplatku za pobyt.<br />
Doporučený věk: 15 – 30+<br />
Datum: 20. – 27. 8. 2023<br />
Ubytování: <a href="https://domasov.webnode.cz/" target="_blank" rel="noopener">Skautské centrum Domašov</a><br />
Bližší informace budou doplněny postupně.<br />
Akci finančně podporuje Ministerstvo školství, mládeže a tělovýchovy.<br />
—————<br />
Případné dotazy je možno směrovat na Messenger či mail<br />
moravskoslezska-mladez@evangnet.cz<br />
nebo na hlavního vedoucího akce<br />
Toma Domese<br />
domestomas@gmail.com<br />
(+420) 732 211 599<br />
nebo také na pana předsedu (zvláště, pokud chcete kandidovat 😃)<br />
Honzu Dostála<br />
jan.dostal@semcr.cz<br />
(+420) 725 068 738</p>
