{"id":741,"date":"2025-05-23T10:52:32","date_gmt":"2025-05-23T08:52:32","guid":{"rendered":"https:\/\/mladez.evangnet.cz\/moravskoslezska\/?post_type=event&#038;p=741"},"modified":"2025-05-27T09:12:04","modified_gmt":"2025-05-27T07:12:04","slug":"vikendovka-pro-konfirmandy-a-mladsi-mladez","status":"publish","type":"event","link":"https:\/\/mladez.evangnet.cz\/moravskoslezska\/akce\/vikendovka-pro-konfirmandy-a-mladsi-mladez\/","title":{"rendered":"V\u00edkendovka pro konfirmandy a mlad\u0161\u00ed ml\u00e1de\u017e"},"content":{"rendered":"<p><strong>V\u00edkendovka pro konfirmandy a mlad\u0161\u00ed ml\u00e1de\u017e<\/strong><br \/>\nV\u011bkov\u00e1 hranice: 12-15 (v\u00fdjimky po domluv\u011b)<br \/>\nM\u016f\u017eete se t\u011b\u0161it na program, hry, zp\u00edv\u00e1n\u00ed a skv\u011bl\u00fd z\u00e1\u017eitek.<\/p>\n<div class=\"b b-text cf\">\n<div class=\"b-c b-text-c b-s b-s-t60 b-s-b60 b-cs cf\">\n<p><strong>T\u00e9ma: Kr\u00e1l sn\u016f\/Z\u00e1zra\u010dn\u00e9 d\u00edt\u011b<\/strong><\/p>\n<ul>\n<li>Budeme se zab\u00fdvat p\u0159\u00edb\u011bhem Josefa Egyptsk\u00e9ho.<\/li>\n<li>\u010cekaj\u00ed n\u00e1s t\u00e9mata rodinn\u00fdch vztah\u016f, \u017e\u00e1rlivost, z\u00e1visti, otroctv\u00ed, oddanosti, odpu\u0161t\u011bn\u00ed, jak\u00e9 je to b\u00fdt v\u011bzn\u011bm i spr\u00e1vcem zem\u011b.<\/li>\n<li>Budeme hr\u00e1t hry, zp\u00edvat p\u00edsn\u011b, u\u017eijeme si spole\u010dn\u00fd \u010das.<\/li>\n<\/ul>\n<\/div>\n<\/div>\n<p>Ji\u017e je spu\u0161t\u011bno p\u0159ihla\u0161ov\u00e1n\u00ed, p\u0159ihla\u0161ujte se pros\u00edm do 17.3.2023<\/p>\n<p>V\u00edce info na webu: <a href=\"https:\/\/konfirmandi.webnode.cz\" target=\"_blank\" rel=\"noopener\">konfirmandi.webnode.cz<\/a><\/p>\n","protected":false},"featured_media":744,"menu_order":0,"template":"","categories":[],"class_list":["post-741","event","type-event","status-publish","has-post-thumbnail","hentry"],"_links":{"self":[{"href":"https:\/\/mladez.evangnet.cz\/moravskoslezska\/wp-json\/wp\/v2\/event\/741","targetHints":{"allow":["GET"]}}],"collection":[{"href":"https:\/\/mladez.evangnet.cz\/moravskoslezska\/wp-json\/wp\/v2\/event"}],"about":[{"href":"https:\/\/mladez.evangnet.cz\/moravskoslezska\/wp-json\/wp\/v2\/types\/event"}],"version-history":[{"count":1,"href":"https:\/\/mladez.evangnet.cz\/moravskoslezska\/wp-json\/wp\/v2\/event\/741\/revisions"}],"predecessor-version":[{"id":1242,"href":"https:\/\/mladez.evangnet.cz\/moravskoslezska\/wp-json\/wp\/v2\/event\/741\/revisions\/1242"}],"wp:featuredmedia":[{"embeddable":true,"href":"https:\/\/mladez.evangnet.cz\/moravskoslezska\/wp-json\/wp\/v2\/media\/744"}],"wp:attachment":[{"href":"https:\/\/mladez.evangnet.cz\/moravskoslezska\/wp-json\/wp\/v2\/media?parent=741"}],"wp:term":[{"taxonomy":"category","embeddable":true,"href":"https:\/\/mladez.evangnet.cz\/moravskoslezska\/wp-json\/wp\/v2\/categories?post=741"}],"curies":[{"name":"wp","href":"https:\/\/api.w.org\/{rel}","templated":true}]}}

Víkendovka pro konfirmandy a mladší mládež

<p><strong>Víkendovka pro konfirmandy a mladší mládež</strong><br />
Věková hranice: 12-15 (výjimky po domluvě)<br />
Můžete se těšit na program, hry, zpívání a skvělý zážitek.</p>
<div class="b b-text cf">
<div class="b-c b-text-c b-s b-s-t60 b-s-b60 b-cs cf">
<p><strong>Téma: Král snů/Zázračné dítě</strong></p>
<ul>
<li>Budeme se zabývat příběhem Josefa Egyptského.</li>
<li>Čekají nás témata rodinných vztahů, žárlivost, závisti, otroctví, oddanosti, odpuštění, jaké je to být vězněm i správcem země.</li>
<li>Budeme hrát hry, zpívat písně, užijeme si společný čas.</li>
</ul>
</div>
</div>
<p>Již je spuštěno přihlašování, přihlašujte se prosím do 17.3.2023</p>
<p>Více info na webu: <a href="https://konfirmandi.webnode.cz" target="_blank" rel="noopener">konfirmandi.webnode.cz</a></p>
