{"id":709,"date":"2025-05-23T10:52:32","date_gmt":"2025-05-23T08:52:32","guid":{"rendered":"https:\/\/mladez.evangnet.cz\/moravskoslezska\/?post_type=event&#038;p=709"},"modified":"2025-05-27T09:12:04","modified_gmt":"2025-05-27T07:12:04","slug":"nechame-to-ve-hvezdach","status":"publish","type":"event","link":"https:\/\/mladez.evangnet.cz\/moravskoslezska\/akce\/nechame-to-ve-hvezdach\/","title":{"rendered":"Nech\u00e1me to ve hv\u011bzd\u00e1ch"},"content":{"rendered":"<p><span class=\"pagination\"><a href=\"https:\/\/food.msmladez.cz\/purchase\" target=\"_blank\" rel=\"noopener\">&ensp;&ensp;J\u00eddlo na plese<\/a><\/span><\/p>\n<p>Zveme v\u00e1s na mezigenera\u010dn\u00ed ples (nejen) moravskoslezsk\u00e9 ml\u00e1de\u017ee, kter\u00fd se bude konat 18. 2. v orlovn\u011b ve Velk\u00e9 Byst\u0159ici. A to nejen ml\u00e1de\u017e, ale i rodi\u010de, prarodi\u010de, tety a str\u00fdce, far\u00e1\u0159e a far\u00e1\u0159ky! Ofici\u00e1ln\u00ed za\u010d\u00e1tek je v 19.00, nicm\u00e9n\u011b m\u016f\u017eete p\u0159ich\u00e1zet ji\u017e od 18.00, kdy se otev\u0159e s\u00e1l.<\/p>\n<p>T\u00e9matem plesu je vesm\u00edr, m\u016f\u017eete proto p\u0159ij\u00edt vhodn\u011b oble\u010deni, \u010di jinak nalad\u011bni.<\/p>\n<p>K tanci a poslechu n\u00e1m bude hr\u00e1t kapela Old School.<\/p>\n<p>P\u0159i p\u0159ihl\u00e1\u0161en\u00ed do 4. 2. a zaplacen\u00ed do 11. 2. je cena za jednu vstupenku 260,- K\u010d (plus transak\u010dn\u00ed poplatek 10 K\u010d na n\u00e1kup) a na m\u00edst\u011b pak 300,- K\u010d, pro dobrovoln\u00edky a p\u0159i koupen\u00ed 4 a v\u00edce vstupenek plat\u00ed cena 210,- K\u010d za osobu (plus transak\u010dn\u00ed poplatek 10 K\u010d na n\u00e1kup), na m\u00edst\u011b pak 250,- K\u010d.<\/p>\n<p>Nab\u00edz\u00edme p\u0159esp\u00e1n\u00ed v sokolovn\u011b (kousek od orlovny). Pot\u0159ebujeme dop\u0159edu v\u011bd\u011bt, kolik lid\u00ed by o tuto mo\u017enost m\u011blo z\u00e1jem (z\u00e1jem indikujte v rezerva\u010dn\u00edm formul\u00e1\u0159i). Sp\u00ed se na zemi, a je tud\u00ed\u017e nutn\u00fd vlastn\u00ed spac\u00e1k a karimatka.<\/p>\n<p><strong>Kapacita s\u00e1lu ji\u017e byla napln\u011bna. Omlouv\u00e1me se za komplikace a d\u011bkujeme za pochopen\u00ed.<\/strong><\/p>\n<p>Akci po\u0159\u00e1d\u00e1 senior\u00e1tn\u00ed odbor ml\u00e1de\u017ee moravskoslezsk\u00e9ho senior\u00e1tu, v p\u0159\u00edpad\u011b dotaz\u016f pi\u0161te na:\u00a0<a href=\"mailto:moravskoslezska-mladez@evangnet.cz\">moravskoslezska-mladez@evangnet.cz<\/a> Projekt je financov\u00e1n s podporou grantov\u00e9ho syst\u00e9mu \u010cCE pro diakonick\u00e9 a rozvojov\u00e9 projekty.<\/p>\n","protected":false},"featured_media":719,"menu_order":0,"template":"","categories":[],"class_list":["post-709","event","type-event","status-publish","has-post-thumbnail","hentry"],"_links":{"self":[{"href":"https:\/\/mladez.evangnet.cz\/moravskoslezska\/wp-json\/wp\/v2\/event\/709","targetHints":{"allow":["GET"]}}],"collection":[{"href":"https:\/\/mladez.evangnet.cz\/moravskoslezska\/wp-json\/wp\/v2\/event"}],"about":[{"href":"https:\/\/mladez.evangnet.cz\/moravskoslezska\/wp-json\/wp\/v2\/types\/event"}],"version-history":[{"count":1,"href":"https:\/\/mladez.evangnet.cz\/moravskoslezska\/wp-json\/wp\/v2\/event\/709\/revisions"}],"predecessor-version":[{"id":1243,"href":"https:\/\/mladez.evangnet.cz\/moravskoslezska\/wp-json\/wp\/v2\/event\/709\/revisions\/1243"}],"wp:featuredmedia":[{"embeddable":true,"href":"https:\/\/mladez.evangnet.cz\/moravskoslezska\/wp-json\/wp\/v2\/media\/719"}],"wp:attachment":[{"href":"https:\/\/mladez.evangnet.cz\/moravskoslezska\/wp-json\/wp\/v2\/media?parent=709"}],"wp:term":[{"taxonomy":"category","embeddable":true,"href":"https:\/\/mladez.evangnet.cz\/moravskoslezska\/wp-json\/wp\/v2\/categories?post=709"}],"curies":[{"name":"wp","href":"https:\/\/api.w.org\/{rel}","templated":true}]}}

Necháme to ve hvězdách

<p><span class="pagination"><a href="https://food.msmladez.cz/purchase" target="_blank" rel="noopener">&ensp;&ensp;Jídlo na plese</a></span></p>
<p>Zveme vás na mezigenerační ples (nejen) moravskoslezské mládeže, který se bude konat 18. 2. v orlovně ve Velké Bystřici. A to nejen mládež, ale i rodiče, prarodiče, tety a strýce, faráře a farářky! Oficiální začátek je v 19.00, nicméně můžete přicházet již od 18.00, kdy se otevře sál.</p>
<p>Tématem plesu je vesmír, můžete proto přijít vhodně oblečeni, či jinak naladěni.</p>
<p>K tanci a poslechu nám bude hrát kapela Old School.</p>
<p>Při přihlášení do 4. 2. a zaplacení do 11. 2. je cena za jednu vstupenku 260,- Kč (plus transakční poplatek 10 Kč na nákup) a na místě pak 300,- Kč, pro dobrovolníky a při koupení 4 a více vstupenek platí cena 210,- Kč za osobu (plus transakční poplatek 10 Kč na nákup), na místě pak 250,- Kč.</p>
<p>Nabízíme přespání v sokolovně (kousek od orlovny). Potřebujeme dopředu vědět, kolik lidí by o tuto možnost mělo zájem (zájem indikujte v rezervačním formuláři). Spí se na zemi, a je tudíž nutný vlastní spacák a karimatka.</p>
<p><strong>Kapacita sálu již byla naplněna. Omlouváme se za komplikace a děkujeme za pochopení.</strong></p>
<p>Akci pořádá seniorátní odbor mládeže moravskoslezského seniorátu, v případě dotazů pište na: <a href="mailto:moravskoslezska-mladez@evangnet.cz">moravskoslezska-mladez@evangnet.cz</a> Projekt je financován s podporou grantového systému ČCE pro diakonické a rozvojové projekty.</p>
