{"id":561,"date":"2025-05-23T10:52:32","date_gmt":"2025-05-23T08:52:32","guid":{"rendered":"https:\/\/mladez.evangnet.cz\/moravskoslezska\/?post_type=event&#038;p=561"},"modified":"2025-05-27T09:12:04","modified_gmt":"2025-05-27T07:12:04","slug":"podzimni-travna","status":"publish","type":"event","link":"https:\/\/mladez.evangnet.cz\/moravskoslezska\/akce\/podzimni-travna\/","title":{"rendered":"Podzimn\u00ed Travn\u00e1"},"content":{"rendered":"<p>Travnou organizuje Regeneration t\u00fdm Travn\u00e9 pod z\u00e1\u0161titou spolku Setk\u00e1v\u00e1n\u00ed Travn\u00e1, z. s.<\/p>\n<p>Na podzimn\u00ed Travnou p\u0159ijede jako hlavn\u00ed \u0159e\u010dn\u00edk\u00a0<strong>R\u00e1chel B\u00edcov\u00e1<\/strong>, kter\u00e1 pracuje jako psychoterapeutka, supervizorka a lektorka. Ta n\u00e1s provede t\u00e9maty souvisej\u00edc\u00edmi s negativn\u00edmi emocemi: jak se s nimi vypo\u0159\u00e1dat, jak\u00fd je biblick\u00fd pohled na emoce, jak neb\u00fdt pasivn\u011b-agresivn\u00ed a tak podobn\u011b. P\u0159ije\u010fte si odpo\u010dinout na tuhle akci a z\u00e1rove\u0148 na\u010derpat nov\u00e9 znalosti, potkat fajn lidi a pob\u00fdt taky s Bohem!<br \/>\nNa tuto akci je mo\u017enost p\u0159ijet u\u017e 25. 10. ve\u010der, pokud jsi ochotn\u00fd\/\u00e1 pomoct s p\u0159\u00edpravou domu na akci a s prac\u00ed kolem domu.<br \/>\n<strong>Levn\u011bj\u0161\u00ed p\u0159ihl\u00e1\u0161en\u00ed a zaplacen\u00ed:<\/strong>\u00a0do 12. 10. plat\u00ed\u0161 220 K\u010d\/noc, pak 300 K\u010d\/noc<\/p>\n","protected":false},"featured_media":589,"menu_order":0,"template":"","categories":[],"class_list":["post-561","event","type-event","status-publish","has-post-thumbnail","hentry"],"_links":{"self":[{"href":"https:\/\/mladez.evangnet.cz\/moravskoslezska\/wp-json\/wp\/v2\/event\/561","targetHints":{"allow":["GET"]}}],"collection":[{"href":"https:\/\/mladez.evangnet.cz\/moravskoslezska\/wp-json\/wp\/v2\/event"}],"about":[{"href":"https:\/\/mladez.evangnet.cz\/moravskoslezska\/wp-json\/wp\/v2\/types\/event"}],"version-history":[{"count":1,"href":"https:\/\/mladez.evangnet.cz\/moravskoslezska\/wp-json\/wp\/v2\/event\/561\/revisions"}],"predecessor-version":[{"id":1249,"href":"https:\/\/mladez.evangnet.cz\/moravskoslezska\/wp-json\/wp\/v2\/event\/561\/revisions\/1249"}],"wp:featuredmedia":[{"embeddable":true,"href":"https:\/\/mladez.evangnet.cz\/moravskoslezska\/wp-json\/wp\/v2\/media\/589"}],"wp:attachment":[{"href":"https:\/\/mladez.evangnet.cz\/moravskoslezska\/wp-json\/wp\/v2\/media?parent=561"}],"wp:term":[{"taxonomy":"category","embeddable":true,"href":"https:\/\/mladez.evangnet.cz\/moravskoslezska\/wp-json\/wp\/v2\/categories?post=561"}],"curies":[{"name":"wp","href":"https:\/\/api.w.org\/{rel}","templated":true}]}}

Podzimní Travná

<p>Travnou organizuje Regeneration tým Travné pod záštitou spolku Setkávání Travná, z. s.</p>
<p>Na podzimní Travnou přijede jako hlavní řečník <strong>Ráchel Bícová</strong>, která pracuje jako psychoterapeutka, supervizorka a lektorka. Ta nás provede tématy souvisejícími s negativními emocemi: jak se s nimi vypořádat, jaký je biblický pohled na emoce, jak nebýt pasivně-agresivní a tak podobně. Přijeďte si odpočinout na tuhle akci a zároveň načerpat nové znalosti, potkat fajn lidi a pobýt taky s Bohem!<br />
Na tuto akci je možnost přijet už 25. 10. večer, pokud jsi ochotný/á pomoct s přípravou domu na akci a s prací kolem domu.<br />
<strong>Levnější přihlášení a zaplacení:</strong> do 12. 10. platíš 220 Kč/noc, pak 300 Kč/noc</p>
