{"id":1549,"date":"2026-02-28T18:36:10","date_gmt":"2026-02-28T17:36:10","guid":{"rendered":"https:\/\/mladez.evangnet.cz\/moravskoslezska\/?post_type=event&#038;p=1549"},"modified":"2026-04-14T23:18:02","modified_gmt":"2026-04-14T21:18:02","slug":"vyzbroj","status":"publish","type":"event","link":"https:\/\/mladez.evangnet.cz\/moravskoslezska\/akce\/vyzbroj\/","title":{"rendered":"V\u00edkendovka pro mlad\u0161\u00ed ml\u00e1de\u017e"},"content":{"rendered":"\n<p>Posledn\u00ed v\u00edkendovku pro mlad\u0161\u00ed ml\u00e1de\u017e si u\u017eijeme na Jesenick\u00e9 fa\u0159e. Prozkoum\u00e1me obrovskou farn\u00ed zahradu i hust\u00e9 hvozdy v okol\u00ed Jesen\u00edku, to v\u0161e samoz\u0159ejm\u011b s me\u010dem v ruce.<\/p>\n\n\n\n<p><\/p>\n","protected":false},"featured_media":1570,"menu_order":0,"template":"","categories":[],"class_list":["post-1549","event","type-event","status-publish","has-post-thumbnail","hentry"],"_links":{"self":[{"href":"https:\/\/mladez.evangnet.cz\/moravskoslezska\/wp-json\/wp\/v2\/event\/1549","targetHints":{"allow":["GET"]}}],"collection":[{"href":"https:\/\/mladez.evangnet.cz\/moravskoslezska\/wp-json\/wp\/v2\/event"}],"about":[{"href":"https:\/\/mladez.evangnet.cz\/moravskoslezska\/wp-json\/wp\/v2\/types\/event"}],"version-history":[{"count":2,"href":"https:\/\/mladez.evangnet.cz\/moravskoslezska\/wp-json\/wp\/v2\/event\/1549\/revisions"}],"predecessor-version":[{"id":1571,"href":"https:\/\/mladez.evangnet.cz\/moravskoslezska\/wp-json\/wp\/v2\/event\/1549\/revisions\/1571"}],"wp:featuredmedia":[{"embeddable":true,"href":"https:\/\/mladez.evangnet.cz\/moravskoslezska\/wp-json\/wp\/v2\/media\/1570"}],"wp:attachment":[{"href":"https:\/\/mladez.evangnet.cz\/moravskoslezska\/wp-json\/wp\/v2\/media?parent=1549"}],"wp:term":[{"taxonomy":"category","embeddable":true,"href":"https:\/\/mladez.evangnet.cz\/moravskoslezska\/wp-json\/wp\/v2\/categories?post=1549"}],"curies":[{"name":"wp","href":"https:\/\/api.w.org\/{rel}","templated":true}]}}

Víkendovka pro mladší mládež

<p>Poslední víkendovku pro mladší mládež si užijeme na Jesenické faře. Prozkoumáme obrovskou farní zahradu i husté hvozdy v okolí Jeseníku, to vše samozřejmě s mečem v ruce.</p>



<p></p>
