{"id":1476,"date":"2025-11-30T17:07:59","date_gmt":"2025-11-30T16:07:59","guid":{"rendered":"https:\/\/mladez.evangnet.cz\/moravskoslezska\/?post_type=event&#038;p=1476"},"modified":"2025-12-08T23:02:00","modified_gmt":"2025-12-08T22:02:00","slug":"silvestrovska-travna-2025","status":"publish","type":"event","link":"https:\/\/mladez.evangnet.cz\/moravskoslezska\/akce\/silvestrovska-travna-2025\/","title":{"rendered":"Silvestrovsk\u00e1 Travn\u00e1 2025"},"content":{"rendered":"\n<p>Silvestrovsk\u00e1 Travn\u00e1 u\u017e p\u0159ich\u00e1z\u00ed a nese zastaven\u00ed, klid a soust\u0159ed\u011bn\u00ed. T\u0159eba na jin\u00e9 planet\u011b, t\u0159eba ve st\u0159edu \u010dlov\u011bka. Ka\u017edop\u00e1dn\u011b v Bo\u017e\u00ed p\u0159\u00edtomnosti. M\u016f\u017eete se t\u011b\u0161it na v\u00edce-ne\u017e-obvykle-denn\u00ed Travnou s reflex\u00ed roku, p\u016flno\u010dn\u00ed bohoslu\u017ebou a j\u00eddlem z kuchyn\u011b Mii a Ben\u00edka \u2744\ufe0f<\/p>\n\n\n\n<p><em>Akci po\u0159\u00e1d\u00e1 Setk\u00e1v\u00e1n\u00ed Travn\u00e1, z. s.<\/em><\/p>\n\n\n\n<p><\/p>\n","protected":false},"featured_media":1488,"menu_order":0,"template":"","categories":[],"class_list":["post-1476","event","type-event","status-publish","has-post-thumbnail","hentry"],"_links":{"self":[{"href":"https:\/\/mladez.evangnet.cz\/moravskoslezska\/wp-json\/wp\/v2\/event\/1476","targetHints":{"allow":["GET"]}}],"collection":[{"href":"https:\/\/mladez.evangnet.cz\/moravskoslezska\/wp-json\/wp\/v2\/event"}],"about":[{"href":"https:\/\/mladez.evangnet.cz\/moravskoslezska\/wp-json\/wp\/v2\/types\/event"}],"version-history":[{"count":3,"href":"https:\/\/mladez.evangnet.cz\/moravskoslezska\/wp-json\/wp\/v2\/event\/1476\/revisions"}],"predecessor-version":[{"id":1493,"href":"https:\/\/mladez.evangnet.cz\/moravskoslezska\/wp-json\/wp\/v2\/event\/1476\/revisions\/1493"}],"wp:featuredmedia":[{"embeddable":true,"href":"https:\/\/mladez.evangnet.cz\/moravskoslezska\/wp-json\/wp\/v2\/media\/1488"}],"wp:attachment":[{"href":"https:\/\/mladez.evangnet.cz\/moravskoslezska\/wp-json\/wp\/v2\/media?parent=1476"}],"wp:term":[{"taxonomy":"category","embeddable":true,"href":"https:\/\/mladez.evangnet.cz\/moravskoslezska\/wp-json\/wp\/v2\/categories?post=1476"}],"curies":[{"name":"wp","href":"https:\/\/api.w.org\/{rel}","templated":true}]}}

Silvestrovská Travná 2025

<p>Silvestrovská Travná už přichází a nese zastavení, klid a soustředění. Třeba na jiné planetě, třeba ve středu člověka. Každopádně v Boží přítomnosti. Můžete se těšit na více-než-obvykle-denní Travnou s reflexí roku, půlnoční bohoslužbou a jídlem z kuchyně Mii a Beníka ❄️</p>



<p><em>Akci pořádá Setkávání Travná, z. s.</em></p>



<p></p>
