{"id":1388,"date":"2025-10-19T13:34:21","date_gmt":"2025-10-19T11:34:21","guid":{"rendered":"https:\/\/mladez.evangnet.cz\/moravskoslezska\/?post_type=event&#038;p=1388"},"modified":"2025-11-13T00:08:37","modified_gmt":"2025-11-12T23:08:37","slug":"spolecna-mladez","status":"publish","type":"event","link":"https:\/\/mladez.evangnet.cz\/moravskoslezska\/akce\/spolecna-mladez\/","title":{"rendered":"Spole\u010dn\u00e1 ml\u00e1de\u017e"},"content":{"rendered":"\n<p><em>Akci po\u0159\u00e1daj\u00ed Ml\u00e1\u010fata \u2012 aktivn\u00ed ml\u00e1de\u017en\u00edci z Moravskoslezsk\u00e9ho senior\u00e1tu.<\/em><\/p>\n\n\n\n<p>Ml\u00e1de\u017ee ze v\u0161ech mo\u017en\u00fdch m\u00edst se potkaj\u00ed v Z\u00e1b\u0159eze!<\/p>\n\n\n\n<p>Z\u00e1kladn\u00ed informace se dozv\u00edte z plak\u00e1tu: m\u016f\u017eete se t\u011b\u0161it na ve\u010de\u0159i, duchovn\u00ed program, p\u0159esp\u00e1n\u00ed, diskuzi, hry. Ve\u010de\u0159e bude za dobrovoln\u00fd p\u0159\u00edsp\u011bvek. <a href=\"https:\/\/docs.google.com\/forms\/d\/e\/1FAIpQLSdCB5Bxm23Vt9-Stwflrwmmm-FE0LxKZpnJ1DtPAjn8saDb4A\/viewform\" target=\"_blank\" rel=\"noopener\">Je v\u0161ak nutn\u00e9 se p\u0159ihl\u00e1sit.<\/a><\/p>\n\n\n\n<p>V sobotu r\u00e1no budeme kon\u010dit \u00faklidem kolem 10:00.<br>Pokud budete cht\u00edt p\u0159esp\u00e1vat, vezm\u011bte si s sebou spac\u00e1k.<\/p>\n\n\n\n<p><\/p>\n\n\n\n<h3 class=\"wp-block-heading\">Doprava<\/h3>\n\n\n\n<p>V\u00edkendovka se kon\u00e1 v prostorech sboru \u010cCE v Z\u00e1b\u0159ehu, U Vod\u00e1rny 545\/2, 78901.<\/p>\n\n\n\n<p>Od vlakov\u00e9ho n\u00e1dra\u017e\u00ed Z\u00e1b\u0159eh na Morav\u011b je to na faru asi 15 minut p\u011b\u0161ky. <a href=\"https:\/\/mapy.com\/s\/cugojesusu\" target=\"_blank\" rel=\"noopener\">Mapa zde.<\/a><\/p>\n\n\n\n<p>Nev\u00e1hejte n\u00e1s kontaktovat s prosbou o pomoc s dopravou. Nap\u0159. na moravskoslezska-mladez@evangnet.cz<br>M\u016f\u017eeme v\u00e1s nap\u0159. nasm\u011brovat na dal\u0161\u00ed lidi, kte\u0159\u00ed pojedou ze stejn\u00e9ho sm\u011bru.<br><\/p>\n\n\n\n<p><\/p>\n","protected":false},"featured_media":1389,"menu_order":0,"template":"","categories":[],"class_list":["post-1388","event","type-event","status-publish","has-post-thumbnail","hentry"],"_links":{"self":[{"href":"https:\/\/mladez.evangnet.cz\/moravskoslezska\/wp-json\/wp\/v2\/event\/1388","targetHints":{"allow":["GET"]}}],"collection":[{"href":"https:\/\/mladez.evangnet.cz\/moravskoslezska\/wp-json\/wp\/v2\/event"}],"about":[{"href":"https:\/\/mladez.evangnet.cz\/moravskoslezska\/wp-json\/wp\/v2\/types\/event"}],"version-history":[{"count":7,"href":"https:\/\/mladez.evangnet.cz\/moravskoslezska\/wp-json\/wp\/v2\/event\/1388\/revisions"}],"predecessor-version":[{"id":1450,"href":"https:\/\/mladez.evangnet.cz\/moravskoslezska\/wp-json\/wp\/v2\/event\/1388\/revisions\/1450"}],"wp:featuredmedia":[{"embeddable":true,"href":"https:\/\/mladez.evangnet.cz\/moravskoslezska\/wp-json\/wp\/v2\/media\/1389"}],"wp:attachment":[{"href":"https:\/\/mladez.evangnet.cz\/moravskoslezska\/wp-json\/wp\/v2\/media?parent=1388"}],"wp:term":[{"taxonomy":"category","embeddable":true,"href":"https:\/\/mladez.evangnet.cz\/moravskoslezska\/wp-json\/wp\/v2\/categories?post=1388"}],"curies":[{"name":"wp","href":"https:\/\/api.w.org\/{rel}","templated":true}]}}

Společná mládež

<p><em>Akci pořádají Mláďata ‒ aktivní mládežníci z Moravskoslezského seniorátu.</em></p>



<p>Mládeže ze všech možných míst se potkají v Zábřeze!</p>



<p>Základní informace se dozvíte z plakátu: můžete se těšit na večeři, duchovní program, přespání, diskuzi, hry. Večeře bude za dobrovolný příspěvek. <a href="https://docs.google.com/forms/d/e/1FAIpQLSdCB5Bxm23Vt9-Stwflrwmmm-FE0LxKZpnJ1DtPAjn8saDb4A/viewform" target="_blank" rel="noopener">Je však nutné se přihlásit.</a></p>



<p>V sobotu ráno budeme končit úklidem kolem 10:00.<br>Pokud budete chtít přespávat, vezměte si s sebou spacák.</p>



<p></p>



<h3 class="wp-block-heading">Doprava</h3>



<p>Víkendovka se koná v prostorech sboru ČCE v Zábřehu, U Vodárny 545/2, 78901.</p>



<p>Od vlakového nádraží Zábřeh na Moravě je to na faru asi 15 minut pěšky. <a href="https://mapy.com/s/cugojesusu" target="_blank" rel="noopener">Mapa zde.</a></p>



<p>Neváhejte nás kontaktovat s prosbou o pomoc s dopravou. Např. na moravskoslezska-mladez@evangnet.cz<br>Můžeme vás např. nasměrovat na další lidi, kteří pojedou ze stejného směru.<br></p>



<p></p>
