{"id":1211,"date":"2025-05-23T10:52:31","date_gmt":"2025-05-23T08:52:31","guid":{"rendered":"https:\/\/mladez.evangnet.cz\/moravskoslezska\/?post_type=event&#038;p=1211"},"modified":"2025-08-01T15:51:37","modified_gmt":"2025-08-01T13:51:37","slug":"letni-senioratni-tyden-2025","status":"publish","type":"event","link":"https:\/\/mladez.evangnet.cz\/moravskoslezska\/akce\/letni-senioratni-tyden-2025\/","title":{"rendered":"Letn\u00ed senior\u00e1tn\u00ed t\u00fdden 2025"},"content":{"rendered":"<p style=\"text-align: left\"><em>\u201e\u017d\u00e1dn\u00fd \u010dlov\u011bk nen\u00ed ostrov s\u00e1m pro sebe, ka\u017ed\u00fd je kus n\u011bjak\u00e9ho kontinentu, \u010d\u00e1st n\u011bjak\u00e9 pevniny; jestli\u017ee mo\u0159e spl\u00e1chne hroudu, je Evropa men\u0161\u00ed, jako by to byl n\u011bjak\u00fd mys, jako by to byl statek tv\u00fdch p\u0159\u00e1tel nebo tv\u016fj: smrt\u00ed ka\u017ed\u00e9ho \u010dlov\u011bka je mne m\u00e9n\u011b, nebo\u0165 jsem \u010d\u00e1st lidstva. A proto se nikdy ned\u00e1vej pt\u00e1t, komu zvon\u00ed hrana. Zvon\u00ed tob\u011b.\u201c<br \/>\n<\/em>\u2014\u00a0 John Donne<\/p>\n<p>A\u0165 se n\u00e1m n\u00e1m to l\u00edb\u00ed, nebo ne, \u017eijeme ve spole\u010dnosti. N\u011bkdy v\u0161ak m\u016f\u017ee b\u00fdt obt\u00ed\u017en\u00e9 se v na\u0161\u00ed spole\u010dnosti vyznat. Jak\u00e1 se na\u0161e skupinov\u00e1 identita? Jak\u00fd p\u0159\u00edb\u011bh si o sob\u011b jako spole\u010dnost vypr\u00e1v\u00edme? Pro\u010d nen\u00ed jenom jedno spole\u010denstv\u00ed k\u0159es\u0165an\u016f a jak\u00e9 jsou mezi nimi rozd\u00edly? Jak spolu m\u00e1me komunikovat s respektem a porozum\u011bn\u00edm? Jak na\u0161i spole\u010dnost ovliv\u0148uj\u00ed &#8222;internety&#8220;? A jak se m\u00e1me chovat k lidem z jin\u00e9 soci\u00e1ln\u00ed skupiny? Nejen nad t\u00edm bychom se pr\u00e1v\u011b s tebou r\u00e1di zamysleli.<\/p>\n<p>M\u016f\u017ee\u0161 se t\u011b\u0161it na skv\u011bl\u00fd program, workshopy, spole\u010denstv\u00ed, sport \u010di poflakov\u00e1n\u00ed se lidmi zn\u00e1m\u00fdmi i nezn\u00e1m\u00fdmi.<\/p>\n<hr \/>\n<p>Cena za cel\u00fd t\u00fdden je <strong>2200<\/strong> K\u010d; pro \u010dleny\/ky SEMu <strong>2000<\/strong> K\u010d; pro organiz\u00e1tory 1600 K\u010d; ceny plat\u00ed p\u0159i zaplacen\u00ed do 3. srpna (v\u010detn\u011b), p\u0159i pozd\u011bj\u0161\u00edm zaplacen\u00ed je cena pro v\u0161echny 2500 K\u010d.<br \/>\nPokud se nach\u00e1z\u00ed\u0161 ve \u0161patn\u00e9 finan\u010dn\u00ed situaci, napi\u0161 n\u00e1m a individu\u00e1ln\u011b se m\u016f\u017eeme domluvit na slev\u011b\/prominut\u00ed poplatku za pobyt.<br \/>\nPlatbu pos\u00edlej na \u00fa\u010det M-SEMu: <strong>2700550969\/2010<\/strong> a do pozn\u00e1mky napi\u0161 sv\u00e9 jm\u00e9no. Dal\u0161\u00ed ot\u00e1zky ohledn\u011b placen\u00ed bude mo\u017en\u00e9 \u0159e\u0161it individu\u00e1ln\u011b.<\/p>\n<hr \/>\n<p>Doporu\u010den\u00fd v\u011bk: 15 \u2013 30+ (mlad\u0161\u00ed 15 let se akce mohou \u00fa\u010dastnit po domluv\u011b)<br \/>\nDatum: <strong>24. \u2013 31. 8. 2025<\/strong><br \/>\nUbytov\u00e1n\u00ed: <a href=\"https:\/\/www.boscoostrava.cz\/stredisko\/pronajmy\/taborova-zakladna-hodonovice\/\" target=\"_blank\" rel=\"noopener\"><span class=\"underline red\">T\u00e1borov\u00e1 z\u00e1kladna Hodo\u0148ovice<\/span><\/a><\/p>\n<p class=\"capitalletter\">Bli\u017e\u0161\u00ed informace budou dopln\u011bny postupn\u011b.<br \/>\nAkci finan\u010dn\u011b podporuje Ministerstvo \u0161kolstv\u00ed, ml\u00e1de\u017ee a t\u011blov\u00fdchovy.<br \/>\n\u2014\u2014\u2014\u2014\u2014<br \/>\nP\u0159\u00edpadn\u00e9 dotazy je mo\u017eno sm\u011brovat na Messenger \u010di mail<br \/>\n<strong>moravskoslezska-mladez@evangnet.cz<\/strong><br \/>\nnebo na hlavn\u00ed organiz\u00e1torku akce<br \/>\nMalvi Jure\u010dkovou<strong id=\"mainOrg\"><br \/>\n<\/strong>malvi.jureckova@gmail.com, +420 608 702 402<\/p>\n","protected":false},"featured_media":1212,"menu_order":0,"template":"","categories":[],"class_list":["post-1211","event","type-event","status-publish","has-post-thumbnail","hentry"],"_links":{"self":[{"href":"https:\/\/mladez.evangnet.cz\/moravskoslezska\/wp-json\/wp\/v2\/event\/1211","targetHints":{"allow":["GET"]}}],"collection":[{"href":"https:\/\/mladez.evangnet.cz\/moravskoslezska\/wp-json\/wp\/v2\/event"}],"about":[{"href":"https:\/\/mladez.evangnet.cz\/moravskoslezska\/wp-json\/wp\/v2\/types\/event"}],"version-history":[{"count":3,"href":"https:\/\/mladez.evangnet.cz\/moravskoslezska\/wp-json\/wp\/v2\/event\/1211\/revisions"}],"predecessor-version":[{"id":1290,"href":"https:\/\/mladez.evangnet.cz\/moravskoslezska\/wp-json\/wp\/v2\/event\/1211\/revisions\/1290"}],"wp:featuredmedia":[{"embeddable":true,"href":"https:\/\/mladez.evangnet.cz\/moravskoslezska\/wp-json\/wp\/v2\/media\/1212"}],"wp:attachment":[{"href":"https:\/\/mladez.evangnet.cz\/moravskoslezska\/wp-json\/wp\/v2\/media?parent=1211"}],"wp:term":[{"taxonomy":"category","embeddable":true,"href":"https:\/\/mladez.evangnet.cz\/moravskoslezska\/wp-json\/wp\/v2\/categories?post=1211"}],"curies":[{"name":"wp","href":"https:\/\/api.w.org\/{rel}","templated":true}]}}

Letní seniorátní týden 2025

<p style="text-align: left"><em>„Žádný člověk není ostrov sám pro sebe, každý je kus nějakého kontinentu, část nějaké pevniny; jestliže moře spláchne hroudu, je Evropa menší, jako by to byl nějaký mys, jako by to byl statek tvých přátel nebo tvůj: smrtí každého člověka je mne méně, neboť jsem část lidstva. A proto se nikdy nedávej ptát, komu zvoní hrana. Zvoní tobě.“<br />
</em>—  John Donne</p>
<p>Ať se nám nám to líbí, nebo ne, žijeme ve společnosti. Někdy však může být obtížné se v naší společnosti vyznat. Jaká se naše skupinová identita? Jaký příběh si o sobě jako společnost vyprávíme? Proč není jenom jedno společenství křesťanů a jaké jsou mezi nimi rozdíly? Jak spolu máme komunikovat s respektem a porozuměním? Jak naši společnost ovlivňují &#8222;internety&#8220;? A jak se máme chovat k lidem z jiné sociální skupiny? Nejen nad tím bychom se právě s tebou rádi zamysleli.</p>
<p>Můžeš se těšit na skvělý program, workshopy, společenství, sport či poflakování se lidmi známými i neznámými.</p>
<hr />
<p>Cena za celý týden je <strong>2200</strong> Kč; pro členy/ky SEMu <strong>2000</strong> Kč; pro organizátory 1600 Kč; ceny platí při zaplacení do 3. srpna (včetně), při pozdějším zaplacení je cena pro všechny 2500 Kč.<br />
Pokud se nacházíš ve špatné finanční situaci, napiš nám a individuálně se můžeme domluvit na slevě/prominutí poplatku za pobyt.<br />
Platbu posílej na účet M-SEMu: <strong>2700550969/2010</strong> a do poznámky napiš své jméno. Další otázky ohledně placení bude možné řešit individuálně.</p>
<hr />
<p>Doporučený věk: 15 – 30+ (mladší 15 let se akce mohou účastnit po domluvě)<br />
Datum: <strong>24. – 31. 8. 2025</strong><br />
Ubytování: <a href="https://www.boscoostrava.cz/stredisko/pronajmy/taborova-zakladna-hodonovice/" target="_blank" rel="noopener"><span class="underline red">Táborová základna Hodoňovice</span></a></p>
<p class="capitalletter">Bližší informace budou doplněny postupně.<br />
Akci finančně podporuje Ministerstvo školství, mládeže a tělovýchovy.<br />
—————<br />
Případné dotazy je možno směrovat na Messenger či mail<br />
<strong>moravskoslezska-mladez@evangnet.cz</strong><br />
nebo na hlavní organizátorku akce<br />
Malvi Jurečkovou<strong id="mainOrg"><br />
</strong>malvi.jureckova@gmail.com, +420 608 702 402</p>
