{"id":1194,"date":"2025-05-23T10:52:31","date_gmt":"2025-05-23T08:52:31","guid":{"rendered":"https:\/\/mladez.evangnet.cz\/moravskoslezska\/?post_type=event&#038;p=1194"},"modified":"2025-05-27T09:12:04","modified_gmt":"2025-05-27T07:12:04","slug":"ppp-putak-prace-prednasky","status":"publish","type":"event","link":"https:\/\/mladez.evangnet.cz\/moravskoslezska\/akce\/ppp-putak-prace-prednasky\/","title":{"rendered":"PPP (pu\u0165\u00e1k, pr\u00e1ce, p\u0159edn\u00e1\u0161ky)"},"content":{"rendered":"<p>Jaro je v pln\u00e9m proudu a ty sed\u00ed\u0161 doma? V\u017edy\u0165 bylo \u0159e\u010deno \u00fasty proroka Zachari\u00e1\u0161e: ,,Jestli\u017ee n\u011bkter\u00e1 z \u010deled\u00ed zem\u011b nebude putovat do Jeruzal\u00e9ma a klan\u011bt se Kr\u00e1li, Hospodinu z\u00e1stup\u016f, nedostav\u00ed se jim d\u00e9\u0161\u0165.&#8220; &#8211; Za14,17<br \/>\nJ\u00e1 v\u00edm, \u017ee v\u00ed\u0161, \u017ee se ka\u017edoro\u010dn\u011b ve zpr\u00e1v\u00e1ch objevuj\u00ed report\u00e1\u017ee o nedostatku vody v krajin\u011b. Poj\u010fme to tedy spole\u010dn\u011b zm\u011bnit do Jesen\u00edk\u016f!<br \/>\nTahle v\u00edkendovka bude nabit\u00e1 akc\u00ed. Budeme putovat Jesenickou &#8222;pou\u0161t\u00ed&#8220;, zahrajeme si na Pata a Mata, pom\u016f\u017eeme m\u00edstn\u00edm zvelebit jejich faru, spole\u010dn\u011b si zanotujem a poodhal\u00edme dal\u0161\u00ed tajemstv\u00ed \u017eivota k\u0159es\u0165an\u016f.<br \/>\nB\u011bhem toho v\u0161eho se do akce m\u016f\u017ee\u0161 zapojit i ty! Sta\u010d\u00ed, kdy\u017e si p\u0159iprav\u00ed\u0161 kr\u00e1tkou prezentaci na jak\u00e9koliv t\u00e9ma, kter\u00e9 t\u011b zaj\u00edm\u00e1 (nap\u0159. slanost mo\u0159e), kterou n\u00e1m bude\u0161 moci na v\u00edkendovce p\u0159edv\u00e9st. Tak na co je\u0161t\u011b \u010dek\u00e1\u0161?<\/p>\n<p><strong>Co si m\u00e1m vz\u00edt s sebou?<\/strong><br \/>\n&#8211; spac\u00e1k<br \/>\n&#8211; karimatku<br \/>\n&#8211; p\u0159ez\u016fvky<br \/>\n&#8211; dobrou obuv<br \/>\n&#8211; ob\u011bdo-sva\u010dinu na \u010dtvrtek a p\u00e1tek k putov\u00e1n\u00ed (sn\u00eddan\u011b a ve\u010de\u0159e budou zaji\u0161t\u011bny)<br \/>\n&#8211; oble\u010den\u00ed na leh\u010d\u00ed pr\u00e1ci, kter\u00e9 si m\u016f\u017eu zamazat<\/p>\n<p><strong>Kolik m\u011b to bude st\u00e1t?<br \/>\n<\/strong>450,- jsi-li \u010dlenem SEMu a p\u0159ihl\u00e1sil ses do 1.5.<br \/>\n550,- jsi-li b\u011b\u017en\u00fdm \u00fa\u010dastn\u00edkem a p\u0159ihl\u00e1sil ses do 1.5.<\/p>\n<p>650,- jestli\u017ee ses p\u0159ihl\u00e1sil po \u0159\u00e1dn\u00e9m term\u00ednu<\/p>\n<p><strong>Kam m\u00e1m dorazit?<\/strong><br \/>\nPu\u0165\u00e1kov\u00e1 \u010d\u00e1st za\u010d\u00edn\u00e1 na \u017eelezni\u010dn\u00ed stanici <span style=\"font-weight: 400\">Vrbno pod Prad\u011bdem v 10:00.<br \/>\nP\u0159ijede\u0161-li a\u017e v p\u00e1tek, setk\u00e1me se v 15:00 na evangelick\u00e9 fa\u0159e v Jesen\u00edku.<\/span><\/p>\n<p><strong>Kontakty na organiz\u00e1tory<\/strong><\/p>\n<p>Aneta Fajov\u00e1<br \/>\naneta.fajova@seznam.cz; 776 353 133<\/p>\n<p>Anna T\u00e1mar Sabelov\u00e1<br \/>\nsabelova.anna@seznam.cz; 733 715 889<\/p>\n","protected":false},"featured_media":1199,"menu_order":0,"template":"","categories":[],"class_list":["post-1194","event","type-event","status-publish","has-post-thumbnail","hentry"],"_links":{"self":[{"href":"https:\/\/mladez.evangnet.cz\/moravskoslezska\/wp-json\/wp\/v2\/event\/1194","targetHints":{"allow":["GET"]}}],"collection":[{"href":"https:\/\/mladez.evangnet.cz\/moravskoslezska\/wp-json\/wp\/v2\/event"}],"about":[{"href":"https:\/\/mladez.evangnet.cz\/moravskoslezska\/wp-json\/wp\/v2\/types\/event"}],"version-history":[{"count":1,"href":"https:\/\/mladez.evangnet.cz\/moravskoslezska\/wp-json\/wp\/v2\/event\/1194\/revisions"}],"predecessor-version":[{"id":1216,"href":"https:\/\/mladez.evangnet.cz\/moravskoslezska\/wp-json\/wp\/v2\/event\/1194\/revisions\/1216"}],"wp:featuredmedia":[{"embeddable":true,"href":"https:\/\/mladez.evangnet.cz\/moravskoslezska\/wp-json\/wp\/v2\/media\/1199"}],"wp:attachment":[{"href":"https:\/\/mladez.evangnet.cz\/moravskoslezska\/wp-json\/wp\/v2\/media?parent=1194"}],"wp:term":[{"taxonomy":"category","embeddable":true,"href":"https:\/\/mladez.evangnet.cz\/moravskoslezska\/wp-json\/wp\/v2\/categories?post=1194"}],"curies":[{"name":"wp","href":"https:\/\/api.w.org\/{rel}","templated":true}]}}

PPP (puťák, práce, přednášky)

<p>Jaro je v plném proudu a ty sedíš doma? Vždyť bylo řečeno ústy proroka Zachariáše: ,,Jestliže některá z čeledí země nebude putovat do Jeruzaléma a klanět se Králi, Hospodinu zástupů, nedostaví se jim déšť.&#8220; &#8211; Za14,17<br />
Já vím, že víš, že se každoročně ve zprávách objevují reportáže o nedostatku vody v krajině. Pojďme to tedy společně změnit do Jeseníků!<br />
Tahle víkendovka bude nabitá akcí. Budeme putovat Jesenickou &#8222;pouští&#8220;, zahrajeme si na Pata a Mata, pomůžeme místním zvelebit jejich faru, společně si zanotujem a poodhalíme další tajemství života křesťanů.<br />
Během toho všeho se do akce můžeš zapojit i ty! Stačí, když si připravíš krátkou prezentaci na jakékoliv téma, které tě zajímá (např. slanost moře), kterou nám budeš moci na víkendovce předvést. Tak na co ještě čekáš?</p>
<p><strong>Co si mám vzít s sebou?</strong><br />
&#8211; spacák<br />
&#8211; karimatku<br />
&#8211; přezůvky<br />
&#8211; dobrou obuv<br />
&#8211; obědo-svačinu na čtvrtek a pátek k putování (snídaně a večeře budou zajištěny)<br />
&#8211; oblečení na lehčí práci, které si můžu zamazat</p>
<p><strong>Kolik mě to bude stát?<br />
</strong>450,- jsi-li členem SEMu a přihlásil ses do 1.5.<br />
550,- jsi-li běžným účastníkem a přihlásil ses do 1.5.</p>
<p>650,- jestliže ses přihlásil po řádném termínu</p>
<p><strong>Kam mám dorazit?</strong><br />
Puťáková část začíná na železniční stanici <span style="font-weight: 400">Vrbno pod Pradědem v 10:00.<br />
Přijedeš-li až v pátek, setkáme se v 15:00 na evangelické faře v Jeseníku.</span></p>
<p><strong>Kontakty na organizátory</strong></p>
<p>Aneta Fajová<br />
aneta.fajova@seznam.cz; 776 353 133</p>
<p>Anna Támar Sabelová<br />
sabelova.anna@seznam.cz; 733 715 889</p>
