{"id":1188,"date":"2025-05-23T10:52:31","date_gmt":"2025-05-23T08:52:31","guid":{"rendered":"https:\/\/mladez.evangnet.cz\/moravskoslezska\/?post_type=event&#038;p=1188"},"modified":"2025-05-27T09:12:04","modified_gmt":"2025-05-27T07:12:04","slug":"vikendovka-pro-mladsi-mladez-3","status":"publish","type":"event","link":"https:\/\/mladez.evangnet.cz\/moravskoslezska\/akce\/vikendovka-pro-mladsi-mladez-3\/","title":{"rendered":"V\u00edkendovka pro mlad\u0161\u00ed ml\u00e1de\u017e"},"content":{"rendered":"<p>Akci po\u0159\u00e1d\u00e1 t\u00fdm pro v\u00edkendovky pro mlad\u0161\u00ed ml\u00e1de\u017e. Hlavn\u00ed webov\u00e9 str\u00e1nky akce jsou <a href=\"https:\/\/konfirmandi.webnode.cz\" target=\"_blank\" rel=\"noopener\">konfirmandi.webnode.cz<\/a>.<\/p>\n<h2>Anotace programu<\/h2>\n<p><span class=\"html-span xdj266r x11i5rnm xat24cr x1mh8g0r xexx8yu x4uap5 x18d9i69 xkhd6sd x1hl2dhg x16tdsg8 x1vvkbs x4k7w5x x1h91t0o x1h9r5lt x1jfb8zj xv2umb2 x1beo9mf xaigb6o x12ejxvf x3igimt xarpa2k xedcshv x1lytzrv x1t2pt76 x7ja8zs x1qrby5j\"><span class=\"x1lliihq x1plvlek xryxfnj x1n2onr6 x1ji0vk5 x18bv5gf x193iq5w xeuugli x13faqbe x1vvkbs x1s928wv xhkezso x1gmr53x x1cpjm7i x1fgarty x1943h6x x10flsy6 x6prxxf x1fcty0u xw2npq5 x4zkp8e x41vudc xq9mrsl\" dir=\"auto\">M\u00e1te r\u00e1di sv\u00e9 rodi\u010de? Pravd\u011bpodobn\u011b ano. V desateru se ale p\u00ed\u0161e: \u201cCti sv\u00e9ho otce i matku svou.\u201d V \u010dem se to li\u0161\u00ed? Ct\u00edme sv\u00e9 rodi\u010de? Ct\u00ed rodi\u010de n\u00e1s? Co to v\u016fbec znamen\u00e1? A co kdy\u017e se sv\u00fdmi rodi\u010di nesouhlas\u00edme? Co kdy\u017e spolu nesouhlas\u00edme \u010dasto nebo v d\u016fle\u017eit\u00fdch v\u011bcech? Jak\u00e9 m\u00e1me povinnosti ke sv\u00fdm rodi\u010d\u016fm a jak\u00e9 oni k n\u00e1m? Odpov\u011bdi na takov\u00e9 ot\u00e1zky se mohou m\u011bnit s v\u011bkem. S v\u011bkem d\u011bt\u00ed, s v\u011bkem rodi\u010d\u016f i s v\u011bkem ve kter\u00e9m \u017eijeme. Proto stoj\u00ed za to se na n\u011b ob\u010das znovu pod\u00edvat &#8211; t\u0159eba zrovna 25. &#8211; 27. dubna v Ostrav\u011b.<\/span><\/span><\/p>\n<h2>Harmonogram<\/h2>\n<div class=\"b b-text cf\">\n<div class=\"b-c b-text-c b-s b-s-t60 b-s-b60 b-cs cf\">\n<div><strong>P\u00e1tek<\/strong><\/div>\n<p>zhruba 18:00: P\u0159\u00edjezd a ve\u010de\u0159e<\/p>\n<p><strong>Sobota<br \/>\n<\/strong>Coming soon<\/p>\n<p><strong>Ned\u011ble<br \/>\n<\/strong>kon\u010d\u00edme bohoslu\u017ebami<\/p>\n<\/div>\n<\/div>\n","protected":false},"featured_media":1190,"menu_order":0,"template":"","categories":[],"class_list":["post-1188","event","type-event","status-publish","has-post-thumbnail","hentry"],"_links":{"self":[{"href":"https:\/\/mladez.evangnet.cz\/moravskoslezska\/wp-json\/wp\/v2\/event\/1188","targetHints":{"allow":["GET"]}}],"collection":[{"href":"https:\/\/mladez.evangnet.cz\/moravskoslezska\/wp-json\/wp\/v2\/event"}],"about":[{"href":"https:\/\/mladez.evangnet.cz\/moravskoslezska\/wp-json\/wp\/v2\/types\/event"}],"version-history":[{"count":1,"href":"https:\/\/mladez.evangnet.cz\/moravskoslezska\/wp-json\/wp\/v2\/event\/1188\/revisions"}],"predecessor-version":[{"id":1217,"href":"https:\/\/mladez.evangnet.cz\/moravskoslezska\/wp-json\/wp\/v2\/event\/1188\/revisions\/1217"}],"wp:featuredmedia":[{"embeddable":true,"href":"https:\/\/mladez.evangnet.cz\/moravskoslezska\/wp-json\/wp\/v2\/media\/1190"}],"wp:attachment":[{"href":"https:\/\/mladez.evangnet.cz\/moravskoslezska\/wp-json\/wp\/v2\/media?parent=1188"}],"wp:term":[{"taxonomy":"category","embeddable":true,"href":"https:\/\/mladez.evangnet.cz\/moravskoslezska\/wp-json\/wp\/v2\/categories?post=1188"}],"curies":[{"name":"wp","href":"https:\/\/api.w.org\/{rel}","templated":true}]}}

Víkendovka pro mladší mládež

<p>Akci pořádá tým pro víkendovky pro mladší mládež. Hlavní webové stránky akce jsou <a href="https://konfirmandi.webnode.cz" target="_blank" rel="noopener">konfirmandi.webnode.cz</a>.</p>
<h2>Anotace programu</h2>
<p><span class="html-span xdj266r x11i5rnm xat24cr x1mh8g0r xexx8yu x4uap5 x18d9i69 xkhd6sd x1hl2dhg x16tdsg8 x1vvkbs x4k7w5x x1h91t0o x1h9r5lt x1jfb8zj xv2umb2 x1beo9mf xaigb6o x12ejxvf x3igimt xarpa2k xedcshv x1lytzrv x1t2pt76 x7ja8zs x1qrby5j"><span class="x1lliihq x1plvlek xryxfnj x1n2onr6 x1ji0vk5 x18bv5gf x193iq5w xeuugli x13faqbe x1vvkbs x1s928wv xhkezso x1gmr53x x1cpjm7i x1fgarty x1943h6x x10flsy6 x6prxxf x1fcty0u xw2npq5 x4zkp8e x41vudc xq9mrsl" dir="auto">Máte rádi své rodiče? Pravděpodobně ano. V desateru se ale píše: “Cti svého otce i matku svou.” V čem se to liší? Ctíme své rodiče? Ctí rodiče nás? Co to vůbec znamená? A co když se svými rodiči nesouhlasíme? Co když spolu nesouhlasíme často nebo v důležitých věcech? Jaké máme povinnosti ke svým rodičům a jaké oni k nám? Odpovědi na takové otázky se mohou měnit s věkem. S věkem dětí, s věkem rodičů i s věkem ve kterém žijeme. Proto stojí za to se na ně občas znovu podívat &#8211; třeba zrovna 25. &#8211; 27. dubna v Ostravě.</span></span></p>
<h2>Harmonogram</h2>
<div class="b b-text cf">
<div class="b-c b-text-c b-s b-s-t60 b-s-b60 b-cs cf">
<div><strong>Pátek</strong></div>
<p>zhruba 18:00: Příjezd a večeře</p>
<p><strong>Sobota<br />
</strong>Coming soon</p>
<p><strong>Neděle<br />
</strong>končíme bohoslužbami</p>
</div>
</div>
