{"id":1157,"date":"2025-05-23T10:52:31","date_gmt":"2025-05-23T08:52:31","guid":{"rendered":"https:\/\/mladez.evangnet.cz\/moravskoslezska\/?post_type=event&#038;p=1157"},"modified":"2025-05-27T09:12:04","modified_gmt":"2025-05-27T07:12:04","slug":"valasske-atheny","status":"publish","type":"event","link":"https:\/\/mladez.evangnet.cz\/moravskoslezska\/akce\/valasske-atheny\/","title":{"rendered":"Vala\u0161sk\u00e9 Ath\u00e9ny"},"content":{"rendered":"<h3>Z\u00e1kladn\u00ed informace<\/h3>\n<p>Za\u010d\u00e1tek: 18:00, program od 19:00<br \/>\nKapely: Foton, Cimb\u00e1lov\u00e1 muzika Polajka<br \/>\nUbytov\u00e1n\u00ed: na fa\u0159e ve spac\u00e1ku, nebo <a href=\"https:\/\/msmladez.cz\/ubytovani\" target=\"_blank\" rel=\"noopener\">seznam komer\u010dn\u00edho ubytov\u00e1n\u00ed<\/a><br \/>\nDresscode: form\u00e1n\u00ed\/t\u00e9matick\u00fd<br \/>\nOb\u010derstven\u00ed: kav\u00e1rna, bar, prodejn\u00ed raut<br \/>\nKontakt: moravskoslezska-mladez@evangnet.cz<\/p>\n<h3>Anotace<\/h3>\n<p>Jedna vla\u0161tovka jaro ned\u011bl\u00e1, zato dv\u011b evangelick\u00e9 ml\u00e1de\u017ee d\u011blaj\u00ed ples!<\/p>\n<p>Zveme V\u00e1s na mezigenera\u010dn\u00ed mezisenior\u00e1tn\u00ed ples ve Vala\u0161sk\u00e9m Mezi\u0159\u00ed\u010d\u00ed (jen\u017e b\u00fdv\u00e1 p\u0159ezd\u00edv\u00e1no Vala\u0161sk\u00e9 Ath\u00e9ny). Vypukne 28.2. ve velk\u00e9m s\u00e1le Kulturn\u00edho za\u0159\u00edzen\u00ed. Vezm\u011bte s sebou v\u0161echny ogary, c\u00e9rky, babi\u010dky, sta\u0159\u00ed\u010dky, teti\u010dky, str\u00fdce, far\u00e1\u0159e, far\u00e1\u0159ky, ba\u010di a antick\u00e9 filosofy, kter\u00e9 zn\u00e1te!<\/p>\n<p>P\u0159ich\u00e1zet budete moci ji\u017e od 18:00 &#8211; bude otev\u0159en\u00e1 kav\u00e1rna a registrace (kontrola vstupenek), u kter\u00e9 bude mo\u017enost dostat t\u00e9matick\u00fd (ne- i)a lkoholick\u00fd welcome drink.<\/p>\n<p>S t\u00f3ny cimb\u00e1lov\u00e9 muziky Polajka a kapely Foton bude atmosf\u00e9ra dosahovat minim\u00e1ln\u011b hustoty ov\u010d\u00ed vlny!<\/p>\n<h4>Slosov\u00e1n\u00ed o ceny<\/h4>\n<p>V\u00fdt\u011b\u017eek ze slosov\u00e1n\u00ed o ceny bude v\u011bnov\u00e1n m\u00edstn\u00ed Diakonii \u010cCE na n\u00e1kup postele pro Hospic CITADELA. Diakonie tak\u00e9 na plese bude m\u00edt sv\u00e9 st\u00e1nky s m\u00f3dn\u00edmi dopl\u0148ky z dobro\u010dinn\u00e9ho obchodu Darov\u00e1nek a v\u00fdrobky dobrovoln\u00edk\u016f i klient\u016f.<\/p>\n<h4>Dresscode<\/h4>\n<p>M\u016f\u017eete p\u0159ij\u00edt oble\u010den\u00ed form\u00e1ln\u011b nebo t\u00e9maticky (anticko-vala\u0161sky).<\/p>\n<h4>Cena vstupenek<\/h4>\n<p>250 K\u010d p\u0159i n\u00e1kupu 4 a v\u00edce vstupenek do 21. 2.<br \/>\n300 K\u010d za jednu vstupenku do 21. 2.<br \/>\n350 K\u010d pot\u00e9 (tak\u00e9 na m\u00edst\u011b)<\/p>\n<h4>Ubytov\u00e1n\u00ed<\/h4>\n<p>Zdarma m\u016f\u017eete p\u0159espat se spac\u00e1kem a karimatkou na fa\u0159e (Blahoslavova 3, <em>Vala\u0161sk\u00e9 Mezi\u0159\u00ed\u010d\u00ed<\/em>). Komer\u010dn\u00ed ubytov\u00e1n\u00ed je mo\u017en\u00e9 hned vedle KZ v Z\u00e1mku \u017derot\u00edn\u016f <a href=\"https:\/\/zamecky-penzion.cz\/\" target=\"_blank\" rel=\"noopener\">https:\/\/zamecky-penzion.cz\/<\/a>. Dal\u0161\u00ed mo\u017enosti <a href=\"https:\/\/msmladez.cz\/ubytovani\" target=\"_blank\" rel=\"noopener\">najdete v odkazu na n\u00e1\u0161 seznam<\/a>.<\/p>\n<p>Projekt je financov\u00e1n s podporou grantov\u00e9ho syst\u00e9mu \u010cCE pro diakonick\u00e9 a rozvojov\u00e9 projekty.<\/p>\n<p><!-- notionvc: ebc12b03-d6be-4272-a88c-d4cadf783ce7 --><\/p>\n","protected":false},"featured_media":1158,"menu_order":0,"template":"","categories":[],"class_list":["post-1157","event","type-event","status-publish","has-post-thumbnail","hentry"],"_links":{"self":[{"href":"https:\/\/mladez.evangnet.cz\/moravskoslezska\/wp-json\/wp\/v2\/event\/1157","targetHints":{"allow":["GET"]}}],"collection":[{"href":"https:\/\/mladez.evangnet.cz\/moravskoslezska\/wp-json\/wp\/v2\/event"}],"about":[{"href":"https:\/\/mladez.evangnet.cz\/moravskoslezska\/wp-json\/wp\/v2\/types\/event"}],"version-history":[{"count":1,"href":"https:\/\/mladez.evangnet.cz\/moravskoslezska\/wp-json\/wp\/v2\/event\/1157\/revisions"}],"predecessor-version":[{"id":1218,"href":"https:\/\/mladez.evangnet.cz\/moravskoslezska\/wp-json\/wp\/v2\/event\/1157\/revisions\/1218"}],"wp:featuredmedia":[{"embeddable":true,"href":"https:\/\/mladez.evangnet.cz\/moravskoslezska\/wp-json\/wp\/v2\/media\/1158"}],"wp:attachment":[{"href":"https:\/\/mladez.evangnet.cz\/moravskoslezska\/wp-json\/wp\/v2\/media?parent=1157"}],"wp:term":[{"taxonomy":"category","embeddable":true,"href":"https:\/\/mladez.evangnet.cz\/moravskoslezska\/wp-json\/wp\/v2\/categories?post=1157"}],"curies":[{"name":"wp","href":"https:\/\/api.w.org\/{rel}","templated":true}]}}

Valašské Athény

<h3>Základní informace</h3>
<p>Začátek: 18:00, program od 19:00<br />
Kapely: Foton, Cimbálová muzika Polajka<br />
Ubytování: na faře ve spacáku, nebo <a href="https://msmladez.cz/ubytovani" target="_blank" rel="noopener">seznam komerčního ubytování</a><br />
Dresscode: formání/tématický<br />
Občerstvení: kavárna, bar, prodejní raut<br />
Kontakt: moravskoslezska-mladez@evangnet.cz</p>
<h3>Anotace</h3>
<p>Jedna vlaštovka jaro nedělá, zato dvě evangelické mládeže dělají ples!</p>
<p>Zveme Vás na mezigenerační meziseniorátní ples ve Valašském Meziříčí (jenž bývá přezdíváno Valašské Athény). Vypukne 28.2. ve velkém sále Kulturního zařízení. Vezměte s sebou všechny ogary, cérky, babičky, staříčky, tetičky, strýce, faráře, farářky, bači a antické filosofy, které znáte!</p>
<p>Přicházet budete moci již od 18:00 &#8211; bude otevřená kavárna a registrace (kontrola vstupenek), u které bude možnost dostat tématický (ne- i)a lkoholický welcome drink.</p>
<p>S tóny cimbálové muziky Polajka a kapely Foton bude atmosféra dosahovat minimálně hustoty ovčí vlny!</p>
<h4>Slosování o ceny</h4>
<p>Výtěžek ze slosování o ceny bude věnován místní Diakonii ČCE na nákup postele pro Hospic CITADELA. Diakonie také na plese bude mít své stánky s módními doplňky z dobročinného obchodu Darovánek a výrobky dobrovolníků i klientů.</p>
<h4>Dresscode</h4>
<p>Můžete přijít oblečení formálně nebo tématicky (anticko-valašsky).</p>
<h4>Cena vstupenek</h4>
<p>250 Kč při nákupu 4 a více vstupenek do 21. 2.<br />
300 Kč za jednu vstupenku do 21. 2.<br />
350 Kč poté (také na místě)</p>
<h4>Ubytování</h4>
<p>Zdarma můžete přespat se spacákem a karimatkou na faře (Blahoslavova 3, <em>Valašské Meziříčí</em>). Komerční ubytování je možné hned vedle KZ v Zámku Žerotínů <a href="https://zamecky-penzion.cz/" target="_blank" rel="noopener">https://zamecky-penzion.cz/</a>. Další možnosti <a href="https://msmladez.cz/ubytovani" target="_blank" rel="noopener">najdete v odkazu na náš seznam</a>.</p>
<p>Projekt je financován s podporou grantového systému ČCE pro diakonické a rozvojové projekty.</p>
<p><!-- notionvc: ebc12b03-d6be-4272-a88c-d4cadf783ce7 --></p>
