{"id":1125,"date":"2025-05-23T10:52:31","date_gmt":"2025-05-23T08:52:31","guid":{"rendered":"https:\/\/mladez.evangnet.cz\/moravskoslezska\/?post_type=event&#038;p=1125"},"modified":"2025-05-27T09:12:04","modified_gmt":"2025-05-27T07:12:04","slug":"superkardio-vikend-24","status":"publish","type":"event","link":"https:\/\/mladez.evangnet.cz\/moravskoslezska\/akce\/superkardio-vikend-24\/","title":{"rendered":"SuperKardio V\u00edkend"},"content":{"rendered":"<p>Do t\u0159etice v\u0161eho dobr\u00e9ho, nebo zl\u00e9ho..? I leto\u0161n\u00ed rok po\u0159\u00e1d\u00e1 moravskoslezsk\u00fd SOM akci, je\u017e v\u00e1m zvedne hladinu adrenalinu v krvi. 22. &#8211; 24. 11. v Olomouci se m\u016f\u017eete t\u011b\u0161it na spole\u010dnou ml\u00e1de\u017e v prostor\u00e1ch sboru \u010cCE, kuli\u0161\u00e1rny si v\u0161ak s sebou odvezeme na skautskou klubovnu na Rooseveltov\u011b 101. Sobotn\u00ed dopoledne str\u00e1v\u00edme zdol\u00e1v\u00e1n\u00edm boulder\u016f (lezeck\u00fdch st\u011bn) a \u00fahybem p\u0159ed laserov\u00fdmi paprsky. Po poledn\u00edm klidu zbytky energie spot\u0159ebujeme v t\u011blocvi\u010dn\u011b (nejen hrou florbalu, ringa a volejbalu&#8230;), ale i ti, kter\u00fdm u\u017e \u017e\u00e1dn\u00e1 energie nezbyde, si p\u0159ijdou na sv\u00e9 \ud83d\ude42<\/p>\n<p>S sebou si vezm\u011bte:<\/p>\n<p>\u2013 Sportovn\u00ed oble\u010den\u00ed<br \/>\n\u2013 Ru\u010dn\u00edk<br \/>\n\u2013 Hygienick\u00e9 pot\u0159eby<br \/>\n\u2013 Ostatn\u00ed oble\u010den\u00ed \u2013 a\u0165 nesportujeme ve stejn\u00e9m oble\u010den\u00ed ve kter\u00e9m jsme cel\u00fd den<br \/>\n\u2013 Spac\u00e1k a karimatku (sp\u00ed se na matra\u010dk\u00e1ch, ale minim\u00e1ln\u011b m\u00edsto prost\u011bradla se hod\u00ed)<br \/>\n\u2013 P\u0159ez\u016fvky<br \/>\n\u2013 Pen\u00edze na vlak<\/p>\n<p><strong>Cena p\u0159i p\u0159ihl\u00e1\u0161en\u00ed do 12. 11. 2024:<\/strong><br \/>\n\u2013 \u010clen SEM: 600,- K\u010d<br \/>\n\u2013 \u00da\u010dastn\u00edk: 700,- K\u010d<\/p>\n<p><strong>Cena p\u0159i pozd\u011bj\u0161\u00edm p\u0159ihl\u00e1\u0161en\u00ed:<\/strong><br \/>\n\u2013 V\u0161ichni: 800,- K\u010d<\/p>\n<p><strong>Kontaktn\u00ed osoby:<\/strong><br \/>\nAnna T\u00e1mar Sabelov\u00e1: sabelova.anna@seznam.cz, 733715889<br \/>\nMiriam \u0160vecov\u00e1: miriam.svecova@atlas.cz<\/p>\n<p>Odkaz na p\u0159ihla\u0161ov\u00e1n\u00ed: <a href=\"https:\/\/forms.gle\/h1JcTtRaXDJzbTge8\" target=\"_blank\" rel=\"noopener\">https:\/\/forms.gle\/h1JcTtRaXDJzbTge8<\/a><\/p>\n<h2>Harmonogram<\/h2>\n<h3>P\u00e1tek<\/h3>\n<div>18:00 &#8211; 19:00 &#8211; ml\u00e1de\u017e s ve\u010de\u0159\u00ed na fa\u0159e<\/div>\n<div>19:56 &#8211; odjezd tramvaje z \u017di\u017ekova n\u00e1m\u011bst\u00ed<\/div>\n<div>20:10 &#8211; p\u0159\u00edjezd na zast\u00e1vku Trnkova<\/div>\n<div>Sv\u00edt\u00e1kov\u00e1n\u00ed<\/div>\n<div>23:00 &#8211; ve\u010derka<\/div>\n<div><\/div>\n<h3>Sobota<\/h3>\n<div>7:30 &#8211; bud\u00ed\u010dek<\/div>\n<div>8:00 &#8211; sn\u00eddan\u011b<\/div>\n<div>8:57 &#8211; odjezd na laser game a boulder<\/div>\n<div>12:30 &#8211; ob\u011bd<\/div>\n<div>14:50 &#8211; odchod do t\u011blocvi\u010dny<\/div>\n<div>15:00 &#8211; t\u011blocvi\u010dna \/ calming activity<\/div>\n<div>19:00 &#8211; p\u0159esun<\/div>\n<div>19:30 &#8211; ve\u010de\u0159e<\/div>\n<div>20:30 &#8211; dobrovoln\u00fd ve\u010dern\u00ed program<\/div>\n<div>22:30 &#8211; ve\u010derka<\/div>\n<div><\/div>\n<h3>Ned\u011ble<\/h3>\n<div>6:30 &#8211; bud\u00ed\u010dek<\/div>\n<div>7:00 &#8211; sn\u00eddan\u011b a \u00faklid<\/div>\n<div>8:15 &#8211; odjezd ze zast\u00e1vky Trnkova na bohoslu\u017eby<\/div>\n<div>10:36 \/ 10:47 &#8211; odjezd<\/div>\n","protected":false},"featured_media":1133,"menu_order":0,"template":"","categories":[],"class_list":["post-1125","event","type-event","status-publish","has-post-thumbnail","hentry"],"_links":{"self":[{"href":"https:\/\/mladez.evangnet.cz\/moravskoslezska\/wp-json\/wp\/v2\/event\/1125","targetHints":{"allow":["GET"]}}],"collection":[{"href":"https:\/\/mladez.evangnet.cz\/moravskoslezska\/wp-json\/wp\/v2\/event"}],"about":[{"href":"https:\/\/mladez.evangnet.cz\/moravskoslezska\/wp-json\/wp\/v2\/types\/event"}],"version-history":[{"count":1,"href":"https:\/\/mladez.evangnet.cz\/moravskoslezska\/wp-json\/wp\/v2\/event\/1125\/revisions"}],"predecessor-version":[{"id":1220,"href":"https:\/\/mladez.evangnet.cz\/moravskoslezska\/wp-json\/wp\/v2\/event\/1125\/revisions\/1220"}],"wp:featuredmedia":[{"embeddable":true,"href":"https:\/\/mladez.evangnet.cz\/moravskoslezska\/wp-json\/wp\/v2\/media\/1133"}],"wp:attachment":[{"href":"https:\/\/mladez.evangnet.cz\/moravskoslezska\/wp-json\/wp\/v2\/media?parent=1125"}],"wp:term":[{"taxonomy":"category","embeddable":true,"href":"https:\/\/mladez.evangnet.cz\/moravskoslezska\/wp-json\/wp\/v2\/categories?post=1125"}],"curies":[{"name":"wp","href":"https:\/\/api.w.org\/{rel}","templated":true}]}}

SuperKardio Víkend

<p>Do třetice všeho dobrého, nebo zlého..? I letošní rok pořádá moravskoslezský SOM akci, jež vám zvedne hladinu adrenalinu v krvi. 22. &#8211; 24. 11. v Olomouci se můžete těšit na společnou mládež v prostorách sboru ČCE, kulišárny si však s sebou odvezeme na skautskou klubovnu na Rooseveltově 101. Sobotní dopoledne strávíme zdoláváním boulderů (lezeckých stěn) a úhybem před laserovými paprsky. Po poledním klidu zbytky energie spotřebujeme v tělocvičně (nejen hrou florbalu, ringa a volejbalu&#8230;), ale i ti, kterým už žádná energie nezbyde, si přijdou na své 🙂</p>
<p>S sebou si vezměte:</p>
<p>– Sportovní oblečení<br />
– Ručník<br />
– Hygienické potřeby<br />
– Ostatní oblečení – ať nesportujeme ve stejném oblečení ve kterém jsme celý den<br />
– Spacák a karimatku (spí se na matračkách, ale minimálně místo prostěradla se hodí)<br />
– Přezůvky<br />
– Peníze na vlak</p>
<p><strong>Cena při přihlášení do 12. 11. 2024:</strong><br />
– Člen SEM: 600,- Kč<br />
– Účastník: 700,- Kč</p>
<p><strong>Cena při pozdějším přihlášení:</strong><br />
– Všichni: 800,- Kč</p>
<p><strong>Kontaktní osoby:</strong><br />
Anna Támar Sabelová: sabelova.anna@seznam.cz, 733715889<br />
Miriam Švecová: miriam.svecova@atlas.cz</p>
<p>Odkaz na přihlašování: <a href="https://forms.gle/h1JcTtRaXDJzbTge8" target="_blank" rel="noopener">https://forms.gle/h1JcTtRaXDJzbTge8</a></p>
<h2>Harmonogram</h2>
<h3>Pátek</h3>
<div>18:00 &#8211; 19:00 &#8211; mládež s večeří na faře</div>
<div>19:56 &#8211; odjezd tramvaje z Žižkova náměstí</div>
<div>20:10 &#8211; příjezd na zastávku Trnkova</div>
<div>Svítákování</div>
<div>23:00 &#8211; večerka</div>
<div></div>
<h3>Sobota</h3>
<div>7:30 &#8211; budíček</div>
<div>8:00 &#8211; snídaně</div>
<div>8:57 &#8211; odjezd na laser game a boulder</div>
<div>12:30 &#8211; oběd</div>
<div>14:50 &#8211; odchod do tělocvičny</div>
<div>15:00 &#8211; tělocvična / calming activity</div>
<div>19:00 &#8211; přesun</div>
<div>19:30 &#8211; večeře</div>
<div>20:30 &#8211; dobrovolný večerní program</div>
<div>22:30 &#8211; večerka</div>
<div></div>
<h3>Neděle</h3>
<div>6:30 &#8211; budíček</div>
<div>7:00 &#8211; snídaně a úklid</div>
<div>8:15 &#8211; odjezd ze zastávky Trnkova na bohoslužby</div>
<div>10:36 / 10:47 &#8211; odjezd</div>
