{"id":1112,"date":"2025-05-23T10:52:31","date_gmt":"2025-05-23T08:52:31","guid":{"rendered":"https:\/\/mladez.evangnet.cz\/moravskoslezska\/?post_type=event&#038;p=1112"},"modified":"2025-05-27T09:12:04","modified_gmt":"2025-05-27T07:12:04","slug":"vikendovka-pro-mladsi-mladez-2","status":"publish","type":"event","link":"https:\/\/mladez.evangnet.cz\/moravskoslezska\/akce\/vikendovka-pro-mladsi-mladez-2\/","title":{"rendered":"V\u00edkendovka pro mlad\u0161\u00ed ml\u00e1de\u017e"},"content":{"rendered":"<h3>Informace najdete p\u0159edev\u0161\u00edm na webu <a href=\"https:\/\/konfirmandi.webnode.cz\" target=\"_blank\" rel=\"noopener\">konfirmandi.webnode.cz<\/a><\/h3>\n<h2>J\u00e1 a Ty<\/h2>\n<div class=\"x11i5rnm xat24cr x1mh8g0r x1vvkbs xtlvy1s\">T\u00e9matem t\u00e9to v\u00edkendovky budou &#8222;vztahy&#8220; obecn\u011b. Co to znamen\u00e1 opravdov\u011b se setkat s druh\u00fdm \u010dlov\u011bkem, co n\u00e1m v tom br\u00e1n\u00ed, a jak\u00e1 je souvislost mezi l\u00e1skou k Bohu a l\u00e1skou k druh\u00fdm lidem?<br \/>\nJak by vypadal \u017eivot, kdybychom se potk\u00e1vali jako lid\u00e9, kte\u0159\u00ed v sob\u011b maj\u00ed Boha a kte\u0159\u00ed si zasluhuj\u00ed respekt, \u00factu a pozornost? Nejhlub\u0161\u00ed a nejre\u00e1ln\u011bj\u0161\u00ed \u017eivot se odehr\u00e1v\u00e1 pr\u00e1v\u011b v takov\u00fdchto momentech.<\/div>\n<blockquote>\n<div>\n<div class=\"xdj266r x11i5rnm xat24cr x1mh8g0r x1vvkbs\">\u201a\u201aV\u0161echen skute\u010dn\u00fd \u017eivot je setk\u00e1n\u00edm.\u2018\u2018<\/div>\n<div>&#8211; Martin Buber<\/div>\n<\/div>\n<\/blockquote>\n","protected":false},"featured_media":1120,"menu_order":0,"template":"","categories":[],"class_list":["post-1112","event","type-event","status-publish","has-post-thumbnail","hentry"],"_links":{"self":[{"href":"https:\/\/mladez.evangnet.cz\/moravskoslezska\/wp-json\/wp\/v2\/event\/1112","targetHints":{"allow":["GET"]}}],"collection":[{"href":"https:\/\/mladez.evangnet.cz\/moravskoslezska\/wp-json\/wp\/v2\/event"}],"about":[{"href":"https:\/\/mladez.evangnet.cz\/moravskoslezska\/wp-json\/wp\/v2\/types\/event"}],"version-history":[{"count":1,"href":"https:\/\/mladez.evangnet.cz\/moravskoslezska\/wp-json\/wp\/v2\/event\/1112\/revisions"}],"predecessor-version":[{"id":1221,"href":"https:\/\/mladez.evangnet.cz\/moravskoslezska\/wp-json\/wp\/v2\/event\/1112\/revisions\/1221"}],"wp:featuredmedia":[{"embeddable":true,"href":"https:\/\/mladez.evangnet.cz\/moravskoslezska\/wp-json\/wp\/v2\/media\/1120"}],"wp:attachment":[{"href":"https:\/\/mladez.evangnet.cz\/moravskoslezska\/wp-json\/wp\/v2\/media?parent=1112"}],"wp:term":[{"taxonomy":"category","embeddable":true,"href":"https:\/\/mladez.evangnet.cz\/moravskoslezska\/wp-json\/wp\/v2\/categories?post=1112"}],"curies":[{"name":"wp","href":"https:\/\/api.w.org\/{rel}","templated":true}]}}

Víkendovka pro mladší mládež

<h3>Informace najdete především na webu <a href="https://konfirmandi.webnode.cz" target="_blank" rel="noopener">konfirmandi.webnode.cz</a></h3>
<h2>Já a Ty</h2>
<div class="x11i5rnm xat24cr x1mh8g0r x1vvkbs xtlvy1s">Tématem této víkendovky budou &#8222;vztahy&#8220; obecně. Co to znamená opravdově se setkat s druhým člověkem, co nám v tom brání, a jaká je souvislost mezi láskou k Bohu a láskou k druhým lidem?<br />
Jak by vypadal život, kdybychom se potkávali jako lidé, kteří v sobě mají Boha a kteří si zasluhují respekt, úctu a pozornost? Nejhlubší a nejreálnější život se odehrává právě v takovýchto momentech.</div>
<blockquote>
<div>
<div class="xdj266r x11i5rnm xat24cr x1mh8g0r x1vvkbs">‚‚Všechen skutečný život je setkáním.‘‘</div>
<div>&#8211; Martin Buber</div>
</div>
</blockquote>
