{"id":1109,"date":"2025-05-23T10:52:31","date_gmt":"2025-05-23T08:52:31","guid":{"rendered":"https:\/\/mladez.evangnet.cz\/moravskoslezska\/?post_type=event&#038;p=1109"},"modified":"2025-05-27T09:12:04","modified_gmt":"2025-05-27T07:12:04","slug":"listopadani","status":"publish","type":"event","link":"https:\/\/mladez.evangnet.cz\/moravskoslezska\/akce\/listopadani\/","title":{"rendered":"Listopad\u00e1n\u00ed 2024"},"content":{"rendered":"<p>Tento rok op\u011bt pojedeme na Listopad\u00e1n\u00ed a krom\u011b \u00fa\u010dasti na standardn\u00edm programu pro ve\u0159ejnost budeme tak\u00e9:<\/p>\n<ul>\n<li>p\u0159esp\u00e1vat na fa\u0159e,<\/li>\n<li>j\u00edst,<\/li>\n<li>m\u00edt program ve chv\u00edl\u00edch, kdy Listopad\u00e1n\u00ed samotn\u00e9 program nem\u00e1.<\/li>\n<\/ul>\n<p>Na samotn\u00e9 Listopad\u00e1n\u00ed nen\u00ed t\u0159eba se p\u0159ihla\u0161ovat. P\u0159ihla\u0161ujte se jen v p\u0159\u00edpad\u011b, \u017ee se chcete \u00fa\u010dastnit na\u0161\u00ed &#8222;v\u00edkendovky&#8220; nebo <a href=\"https:\/\/1url.cz\/Y1RGV\" target=\"_blank\" rel=\"noopener\">hudebn\u00edho workshopu s Ladislavem Moraveztem<\/a>, na kter\u00e9m se nau\u010d\u00edme n\u011bjak\u00e9 orchestr\u00e1ln\u00ed c\u00edrkevn\u00ed bengry a pak je v ned\u011bli budeme hr\u00e1t a zp\u00edvat p\u0159i bohoslu\u017eb\u00e1ch.<\/p>\n<p><a href=\"https:\/\/forms.gle\/rD4m3TK6zx3saBpAA\" target=\"_blank\" rel=\"noopener\">P\u0159ihl\u00e1\u0161ka na celou v\u00edkendovku<\/a><\/p>\n<p><a href=\"https:\/\/1url.cz\/Y1RGV\" target=\"_blank\" rel=\"noopener\">P\u0159ihl\u00e1\u0161ka pouze na hudebn\u00ed workshop<\/a> (je to ta sam\u00e1, ale m\u00e1 p\u0159edvypln\u011bn\u00fd punt\u00edk u &#8222;Chci se p\u0159ihl\u00e1sit&#8220;)<\/p>\n<p><a href=\"https:\/\/mapy.cz\/s\/fabenohule\" target=\"_blank\" rel=\"noopener\">Mapa m\u00edst kon\u00e1n\u00ed programu<\/a><\/p>\n<p><a href=\"https:\/\/www.facebook.com\/events\/770994491882375\" target=\"_blank\" rel=\"noopener\">Kdyby v\u00e1s zaj\u00edmaly n\u011bjak\u00e9 informace o kapel\u00e1ch, najdete je na facebookov\u00e9 ud\u00e1losti<\/a><\/p>\n<h2>Program v\u00edkendovky<\/h2>\n<h3>P\u00e1tek<\/h3>\n<ul>\n<li>18:00 Ve\u010de\u0159e<\/li>\n<li>19:00 Koncert Lit Me Up (Provoz, Havl\u00ed\u010dkovo n\u00e1b\u0159.)<\/li>\n<li>20:30 Koncert Rekreace (Provoz, Havl\u00ed\u010dkovo n\u00e1b\u0159.)<\/li>\n<li>22:00 Koncert ROLE (Provoz, Havl\u00ed\u010dkovo n\u00e1b\u0159.)<\/li>\n<\/ul>\n<h3>Sobota<\/h3>\n<ul>\n<li>9:30 Hudebn\u00ed workshop (S\u00e1l, Hustovo n\u00e1m. 3)<\/li>\n<li>17:00 Divadlo All Imp (S\u00e1l, Hustovo n\u00e1m. 3)<\/li>\n<li>18:00 Ve\u010de\u0159e<\/li>\n<li>19:00 Koncert Filip Boh\u00e1\u010d Experience (DOCK, Havl\u00ed\u010dkovo n\u00e1b\u0159.)<\/li>\n<li>20:30 Koncert Majari (DOCK, Havl\u00ed\u010dkovo n\u00e1b\u0159.)<\/li>\n<li>22:00 Koncert Zabelov Group (DOCK, Havl\u00ed\u010dkovo n\u00e1b\u0159.)<\/li>\n<\/ul>\n<h3>Ned\u011ble<\/h3>\n<ul>\n<li>10:00 Bohoslu\u017eby s hudbou z hudebn\u00edho workshopu<\/li>\n<\/ul>\n<h2>Kontaktn\u00ed osoba pro ml\u00e1de\u017e<\/h2>\n<p>Magdalena Machov\u00e1 (magdik.machova@gmail.com, +420 735 794 121)<\/p>\n","protected":false},"featured_media":1110,"menu_order":0,"template":"","categories":[],"class_list":["post-1109","event","type-event","status-publish","has-post-thumbnail","hentry"],"_links":{"self":[{"href":"https:\/\/mladez.evangnet.cz\/moravskoslezska\/wp-json\/wp\/v2\/event\/1109","targetHints":{"allow":["GET"]}}],"collection":[{"href":"https:\/\/mladez.evangnet.cz\/moravskoslezska\/wp-json\/wp\/v2\/event"}],"about":[{"href":"https:\/\/mladez.evangnet.cz\/moravskoslezska\/wp-json\/wp\/v2\/types\/event"}],"version-history":[{"count":1,"href":"https:\/\/mladez.evangnet.cz\/moravskoslezska\/wp-json\/wp\/v2\/event\/1109\/revisions"}],"predecessor-version":[{"id":1222,"href":"https:\/\/mladez.evangnet.cz\/moravskoslezska\/wp-json\/wp\/v2\/event\/1109\/revisions\/1222"}],"wp:featuredmedia":[{"embeddable":true,"href":"https:\/\/mladez.evangnet.cz\/moravskoslezska\/wp-json\/wp\/v2\/media\/1110"}],"wp:attachment":[{"href":"https:\/\/mladez.evangnet.cz\/moravskoslezska\/wp-json\/wp\/v2\/media?parent=1109"}],"wp:term":[{"taxonomy":"category","embeddable":true,"href":"https:\/\/mladez.evangnet.cz\/moravskoslezska\/wp-json\/wp\/v2\/categories?post=1109"}],"curies":[{"name":"wp","href":"https:\/\/api.w.org\/{rel}","templated":true}]}}

Listopadání 2024

<p>Tento rok opět pojedeme na Listopadání a kromě účasti na standardním programu pro veřejnost budeme také:</p>
<ul>
<li>přespávat na faře,</li>
<li>jíst,</li>
<li>mít program ve chvílích, kdy Listopadání samotné program nemá.</li>
</ul>
<p>Na samotné Listopadání není třeba se přihlašovat. Přihlašujte se jen v případě, že se chcete účastnit naší &#8222;víkendovky&#8220; nebo <a href="https://1url.cz/Y1RGV" target="_blank" rel="noopener">hudebního workshopu s Ladislavem Moraveztem</a>, na kterém se naučíme nějaké orchestrální církevní bengry a pak je v neděli budeme hrát a zpívat při bohoslužbách.</p>
<p><a href="https://forms.gle/rD4m3TK6zx3saBpAA" target="_blank" rel="noopener">Přihláška na celou víkendovku</a></p>
<p><a href="https://1url.cz/Y1RGV" target="_blank" rel="noopener">Přihláška pouze na hudební workshop</a> (je to ta samá, ale má předvyplněný puntík u &#8222;Chci se přihlásit&#8220;)</p>
<p><a href="https://mapy.cz/s/fabenohule" target="_blank" rel="noopener">Mapa míst konání programu</a></p>
<p><a href="https://www.facebook.com/events/770994491882375" target="_blank" rel="noopener">Kdyby vás zajímaly nějaké informace o kapelách, najdete je na facebookové události</a></p>
<h2>Program víkendovky</h2>
<h3>Pátek</h3>
<ul>
<li>18:00 Večeře</li>
<li>19:00 Koncert Lit Me Up (Provoz, Havlíčkovo nábř.)</li>
<li>20:30 Koncert Rekreace (Provoz, Havlíčkovo nábř.)</li>
<li>22:00 Koncert ROLE (Provoz, Havlíčkovo nábř.)</li>
</ul>
<h3>Sobota</h3>
<ul>
<li>9:30 Hudební workshop (Sál, Hustovo nám. 3)</li>
<li>17:00 Divadlo All Imp (Sál, Hustovo nám. 3)</li>
<li>18:00 Večeře</li>
<li>19:00 Koncert Filip Boháč Experience (DOCK, Havlíčkovo nábř.)</li>
<li>20:30 Koncert Majari (DOCK, Havlíčkovo nábř.)</li>
<li>22:00 Koncert Zabelov Group (DOCK, Havlíčkovo nábř.)</li>
</ul>
<h3>Neděle</h3>
<ul>
<li>10:00 Bohoslužby s hudbou z hudebního workshopu</li>
</ul>
<h2>Kontaktní osoba pro mládež</h2>
<p>Magdalena Machová (magdik.machova@gmail.com, +420 735 794 121)</p>
