{"id":1101,"date":"2025-05-23T10:52:31","date_gmt":"2025-05-23T08:52:31","guid":{"rendered":"https:\/\/mladez.evangnet.cz\/moravskoslezska\/?post_type=event&#038;p=1101"},"modified":"2025-05-27T09:12:05","modified_gmt":"2025-05-27T07:12:05","slug":"podzimni-travna-2024","status":"publish","type":"event","link":"https:\/\/mladez.evangnet.cz\/moravskoslezska\/akce\/podzimni-travna-2024\/","title":{"rendered":"Podzimn\u00ed Travn\u00e1 2024"},"content":{"rendered":"<p>\u26f2 Studna \u2013 \u010dast\u00e1 metafora pou\u017e\u00edvan\u00e1 pro n\u011bjak\u00fd informa\u010dn\u00ed nebo duchovn\u00ed zdroj. Tento podzim V\u00e1s na Travn\u00e9 pozveme k hloub\u00e1n\u00ed!<\/p>\n<p>\ud83d\udcd6 Va\u0161ek Jel\u00ednek a Alda Zapletal n\u00e1m teoreticky i prakticky uk\u00e1\u017eou studny, kter\u00e9 za\u010dali hloubit\u2026 hloubat mimo jin\u00e9 u\u017e Sv\u00e1\u0165a Kar\u00e1sek, Milo\u0161 Rejchrt nebo Franti\u0161ek z Assisi. Spole\u010dn\u011b budeme tak\u00e9 \u010d\u00edst knihy a diskutovat ve skupink\u00e1ch o t\u011bchto rozmanit\u00fdch zp\u016fsobech duchovn\u00edho \u017eivota. Hudebn\u00ed rozmanitost tak\u00e9 nebude chyb\u011bt.<\/p>\n<p>\ud83d\udcdd V sobotu budeme intenzivn\u011bji pracovat na dom\u011b Setk\u00e1v\u00e1n\u00ed, v ned\u011bli p\u016fjdeme na bohoslu\u017eby v Javorn\u00edku a pot\u00e9 na v\u00fd\u0161lap.<\/p>\n<p>P.S.: U Domu Setk\u00e1v\u00e1n\u00ed byla ned\u00e1vno vy\u010di\u0161t\u011bna studna \ud83d\ude09<\/p>\n<p>&nbsp;<\/p>\n<p><small>Akci organizuje spolek Setk\u00e1v\u00e1n\u00ed Travn\u00e1 z.s.<\/small><\/p>\n","protected":false},"featured_media":1102,"menu_order":0,"template":"","categories":[],"class_list":["post-1101","event","type-event","status-publish","has-post-thumbnail","hentry"],"_links":{"self":[{"href":"https:\/\/mladez.evangnet.cz\/moravskoslezska\/wp-json\/wp\/v2\/event\/1101","targetHints":{"allow":["GET"]}}],"collection":[{"href":"https:\/\/mladez.evangnet.cz\/moravskoslezska\/wp-json\/wp\/v2\/event"}],"about":[{"href":"https:\/\/mladez.evangnet.cz\/moravskoslezska\/wp-json\/wp\/v2\/types\/event"}],"version-history":[{"count":1,"href":"https:\/\/mladez.evangnet.cz\/moravskoslezska\/wp-json\/wp\/v2\/event\/1101\/revisions"}],"predecessor-version":[{"id":1223,"href":"https:\/\/mladez.evangnet.cz\/moravskoslezska\/wp-json\/wp\/v2\/event\/1101\/revisions\/1223"}],"wp:featuredmedia":[{"embeddable":true,"href":"https:\/\/mladez.evangnet.cz\/moravskoslezska\/wp-json\/wp\/v2\/media\/1102"}],"wp:attachment":[{"href":"https:\/\/mladez.evangnet.cz\/moravskoslezska\/wp-json\/wp\/v2\/media?parent=1101"}],"wp:term":[{"taxonomy":"category","embeddable":true,"href":"https:\/\/mladez.evangnet.cz\/moravskoslezska\/wp-json\/wp\/v2\/categories?post=1101"}],"curies":[{"name":"wp","href":"https:\/\/api.w.org\/{rel}","templated":true}]}}

Podzimní Travná 2024

<p>⛲ Studna – častá metafora používaná pro nějaký informační nebo duchovní zdroj. Tento podzim Vás na Travné pozveme k hloubání!</p>
<p>📖 Vašek Jelínek a Alda Zapletal nám teoreticky i prakticky ukážou studny, které začali hloubit… hloubat mimo jiné už Sváťa Karásek, Miloš Rejchrt nebo František z Assisi. Společně budeme také číst knihy a diskutovat ve skupinkách o těchto rozmanitých způsobech duchovního života. Hudební rozmanitost také nebude chybět.</p>
<p>📝 V sobotu budeme intenzivněji pracovat na domě Setkávání, v neděli půjdeme na bohoslužby v Javorníku a poté na výšlap.</p>
<p>P.S.: U Domu Setkávání byla nedávno vyčištěna studna 😉</p>
<p>&nbsp;</p>
<p><small>Akci organizuje spolek Setkávání Travná z.s.</small></p>
