{"id":266,"date":"2026-02-08T20:53:45","date_gmt":"2026-02-08T19:53:45","guid":{"rendered":"https:\/\/mladez.evangnet.cz\/kralovehradecka\/?post_type=event&#038;p=266"},"modified":"2026-02-08T21:35:21","modified_gmt":"2026-02-08T20:35:21","slug":"vikendovka-ve-vrchlabi","status":"publish","type":"event","link":"https:\/\/mladez.evangnet.cz\/kralovehradecka\/akce\/vikendovka-ve-vrchlabi\/","title":{"rendered":"V\u00edkendovka ve Vrchlab\u00ed"},"content":{"rendered":"\n<p>Na konci \u00fanora n\u00e1s \u010dek\u00e1 v\u00edkendovka ve Vrchlab\u00ed\ud83d\ude00<\/p>\n\n\n\n<p>Poje\u010f s n\u00e1mi potkat nov\u00e9 kamar\u00e1dy, zahr\u00e1t si supr hry, zp\u00edvat a zam\u00fd\u0161let se nad v\u00fdznamem svobody!\ud83d\udcd6\ud83c\udfb6\u26ea\ud83d\udd4a\ufe0f<\/p>\n\n\n\n<p>T\u011b\u0161\u00edme se na Tebe!\ud83e\ude75\ud83d\udc4b<\/p>\n\n\n\n<figure class=\"wp-block-image size-large is-resized\"><img loading=\"lazy\" decoding=\"async\" width=\"771\" height=\"1024\" src=\"https:\/\/mladez.evangnet.cz\/kralovehradecka\/wp-content\/uploads\/sites\/7\/2026\/02\/vrchlabi-unor-2026-771x1024.jpg\" alt=\"\" class=\"wp-image-264\" style=\"aspect-ratio:0.7529411764705882;width:569px;height:auto\" srcset=\"https:\/\/mladez.evangnet.cz\/kralovehradecka\/wp-content\/uploads\/sites\/7\/2026\/02\/vrchlabi-unor-2026-771x1024.jpg 771w, https:\/\/mladez.evangnet.cz\/kralovehradecka\/wp-content\/uploads\/sites\/7\/2026\/02\/vrchlabi-unor-2026-226x300.jpg 226w, https:\/\/mladez.evangnet.cz\/kralovehradecka\/wp-content\/uploads\/sites\/7\/2026\/02\/vrchlabi-unor-2026-768x1020.jpg 768w, https:\/\/mladez.evangnet.cz\/kralovehradecka\/wp-content\/uploads\/sites\/7\/2026\/02\/vrchlabi-unor-2026-1156x1536.jpg 1156w, https:\/\/mladez.evangnet.cz\/kralovehradecka\/wp-content\/uploads\/sites\/7\/2026\/02\/vrchlabi-unor-2026.jpg 1190w\" sizes=\"auto, (max-width: 771px) 100vw, 771px\" \/><\/figure>\n\n\n\n<figure class=\"wp-block-image size-large is-resized\"><img loading=\"lazy\" decoding=\"async\" width=\"1024\" height=\"682\" src=\"https:\/\/mladez.evangnet.cz\/kralovehradecka\/wp-content\/uploads\/sites\/7\/2026\/02\/Vrchlabi-2023-1024x682.jpg\" alt=\"\" class=\"wp-image-269\" style=\"aspect-ratio:1.5015126257949003;width:470px;height:auto\" srcset=\"https:\/\/mladez.evangnet.cz\/kralovehradecka\/wp-content\/uploads\/sites\/7\/2026\/02\/Vrchlabi-2023-1024x682.jpg 1024w, https:\/\/mladez.evangnet.cz\/kralovehradecka\/wp-content\/uploads\/sites\/7\/2026\/02\/Vrchlabi-2023-300x200.jpg 300w, https:\/\/mladez.evangnet.cz\/kralovehradecka\/wp-content\/uploads\/sites\/7\/2026\/02\/Vrchlabi-2023-768x512.jpg 768w, https:\/\/mladez.evangnet.cz\/kralovehradecka\/wp-content\/uploads\/sites\/7\/2026\/02\/Vrchlabi-2023-1536x1024.jpg 1536w, https:\/\/mladez.evangnet.cz\/kralovehradecka\/wp-content\/uploads\/sites\/7\/2026\/02\/Vrchlabi-2023.jpg 2000w\" sizes=\"auto, (max-width: 1024px) 100vw, 1024px\" \/><\/figure>\n\n\n\n<figure class=\"wp-block-image size-large is-resized\"><img loading=\"lazy\" decoding=\"async\" width=\"1024\" height=\"682\" src=\"https:\/\/mladez.evangnet.cz\/kralovehradecka\/wp-content\/uploads\/sites\/7\/2026\/02\/Vrchlabi-2023-divadlo-1024x682.jpg\" alt=\"\" class=\"wp-image-276\" style=\"aspect-ratio:1.5015126257949003;width:469px;height:auto\" srcset=\"https:\/\/mladez.evangnet.cz\/kralovehradecka\/wp-content\/uploads\/sites\/7\/2026\/02\/Vrchlabi-2023-divadlo-1024x682.jpg 1024w, https:\/\/mladez.evangnet.cz\/kralovehradecka\/wp-content\/uploads\/sites\/7\/2026\/02\/Vrchlabi-2023-divadlo-300x200.jpg 300w, https:\/\/mladez.evangnet.cz\/kralovehradecka\/wp-content\/uploads\/sites\/7\/2026\/02\/Vrchlabi-2023-divadlo-768x512.jpg 768w, https:\/\/mladez.evangnet.cz\/kralovehradecka\/wp-content\/uploads\/sites\/7\/2026\/02\/Vrchlabi-2023-divadlo-1536x1024.jpg 1536w, https:\/\/mladez.evangnet.cz\/kralovehradecka\/wp-content\/uploads\/sites\/7\/2026\/02\/Vrchlabi-2023-divadlo.jpg 2000w\" sizes=\"auto, (max-width: 1024px) 100vw, 1024px\" \/><\/figure>\n\n\n\n<figure class=\"wp-block-image size-large is-resized\"><img loading=\"lazy\" decoding=\"async\" width=\"1024\" height=\"682\" src=\"https:\/\/mladez.evangnet.cz\/kralovehradecka\/wp-content\/uploads\/sites\/7\/2026\/02\/Vrchlabi-2023-snih-1024x682.jpg\" alt=\"\" class=\"wp-image-277\" style=\"aspect-ratio:1.5015126257949003;width:471px;height:auto\" srcset=\"https:\/\/mladez.evangnet.cz\/kralovehradecka\/wp-content\/uploads\/sites\/7\/2026\/02\/Vrchlabi-2023-snih-1024x682.jpg 1024w, https:\/\/mladez.evangnet.cz\/kralovehradecka\/wp-content\/uploads\/sites\/7\/2026\/02\/Vrchlabi-2023-snih-300x200.jpg 300w, https:\/\/mladez.evangnet.cz\/kralovehradecka\/wp-content\/uploads\/sites\/7\/2026\/02\/Vrchlabi-2023-snih-768x512.jpg 768w, https:\/\/mladez.evangnet.cz\/kralovehradecka\/wp-content\/uploads\/sites\/7\/2026\/02\/Vrchlabi-2023-snih-1536x1024.jpg 1536w, https:\/\/mladez.evangnet.cz\/kralovehradecka\/wp-content\/uploads\/sites\/7\/2026\/02\/Vrchlabi-2023-snih.jpg 2000w\" sizes=\"auto, (max-width: 1024px) 100vw, 1024px\" \/><\/figure>\n","protected":false},"featured_media":260,"menu_order":0,"template":"","categories":[],"class_list":["post-266","event","type-event","status-publish","has-post-thumbnail","hentry"],"_links":{"self":[{"href":"https:\/\/mladez.evangnet.cz\/kralovehradecka\/wp-json\/wp\/v2\/event\/266","targetHints":{"allow":["GET"]}}],"collection":[{"href":"https:\/\/mladez.evangnet.cz\/kralovehradecka\/wp-json\/wp\/v2\/event"}],"about":[{"href":"https:\/\/mladez.evangnet.cz\/kralovehradecka\/wp-json\/wp\/v2\/types\/event"}],"version-history":[{"count":5,"href":"https:\/\/mladez.evangnet.cz\/kralovehradecka\/wp-json\/wp\/v2\/event\/266\/revisions"}],"predecessor-version":[{"id":278,"href":"https:\/\/mladez.evangnet.cz\/kralovehradecka\/wp-json\/wp\/v2\/event\/266\/revisions\/278"}],"wp:featuredmedia":[{"embeddable":true,"href":"https:\/\/mladez.evangnet.cz\/kralovehradecka\/wp-json\/wp\/v2\/media\/260"}],"wp:attachment":[{"href":"https:\/\/mladez.evangnet.cz\/kralovehradecka\/wp-json\/wp\/v2\/media?parent=266"}],"wp:term":[{"taxonomy":"category","embeddable":true,"href":"https:\/\/mladez.evangnet.cz\/kralovehradecka\/wp-json\/wp\/v2\/categories?post=266"}],"curies":[{"name":"wp","href":"https:\/\/api.w.org\/{rel}","templated":true}]}}

Víkendovka ve Vrchlabí

<p>Na konci února nás čeká víkendovka ve Vrchlabí😀</p>



<p>Pojeď s námi potkat nové kamarády, zahrát si supr hry, zpívat a zamýšlet se nad významem svobody!📖🎶⛪🕊️</p>



<p>Těšíme se na Tebe!🩵👋</p>



<figure class="wp-block-image size-large is-resized"><img loading="lazy" decoding="async" width="771" height="1024" src="https://mladez.evangnet.cz/kralovehradecka/wp-content/uploads/sites/7/2026/02/vrchlabi-unor-2026-771x1024.jpg" alt="" class="wp-image-264" style="aspect-ratio:0.7529411764705882;width:569px;height:auto" srcset="https://mladez.evangnet.cz/kralovehradecka/wp-content/uploads/sites/7/2026/02/vrchlabi-unor-2026-771x1024.jpg 771w, https://mladez.evangnet.cz/kralovehradecka/wp-content/uploads/sites/7/2026/02/vrchlabi-unor-2026-226x300.jpg 226w, https://mladez.evangnet.cz/kralovehradecka/wp-content/uploads/sites/7/2026/02/vrchlabi-unor-2026-768x1020.jpg 768w, https://mladez.evangnet.cz/kralovehradecka/wp-content/uploads/sites/7/2026/02/vrchlabi-unor-2026-1156x1536.jpg 1156w, https://mladez.evangnet.cz/kralovehradecka/wp-content/uploads/sites/7/2026/02/vrchlabi-unor-2026.jpg 1190w" sizes="auto, (max-width: 771px) 100vw, 771px" /></figure>



<figure class="wp-block-image size-large is-resized"><img loading="lazy" decoding="async" width="1024" height="682" src="https://mladez.evangnet.cz/kralovehradecka/wp-content/uploads/sites/7/2026/02/Vrchlabi-2023-1024x682.jpg" alt="" class="wp-image-269" style="aspect-ratio:1.5015126257949003;width:470px;height:auto" srcset="https://mladez.evangnet.cz/kralovehradecka/wp-content/uploads/sites/7/2026/02/Vrchlabi-2023-1024x682.jpg 1024w, https://mladez.evangnet.cz/kralovehradecka/wp-content/uploads/sites/7/2026/02/Vrchlabi-2023-300x200.jpg 300w, https://mladez.evangnet.cz/kralovehradecka/wp-content/uploads/sites/7/2026/02/Vrchlabi-2023-768x512.jpg 768w, https://mladez.evangnet.cz/kralovehradecka/wp-content/uploads/sites/7/2026/02/Vrchlabi-2023-1536x1024.jpg 1536w, https://mladez.evangnet.cz/kralovehradecka/wp-content/uploads/sites/7/2026/02/Vrchlabi-2023.jpg 2000w" sizes="auto, (max-width: 1024px) 100vw, 1024px" /></figure>



<figure class="wp-block-image size-large is-resized"><img loading="lazy" decoding="async" width="1024" height="682" src="https://mladez.evangnet.cz/kralovehradecka/wp-content/uploads/sites/7/2026/02/Vrchlabi-2023-divadlo-1024x682.jpg" alt="" class="wp-image-276" style="aspect-ratio:1.5015126257949003;width:469px;height:auto" srcset="https://mladez.evangnet.cz/kralovehradecka/wp-content/uploads/sites/7/2026/02/Vrchlabi-2023-divadlo-1024x682.jpg 1024w, https://mladez.evangnet.cz/kralovehradecka/wp-content/uploads/sites/7/2026/02/Vrchlabi-2023-divadlo-300x200.jpg 300w, https://mladez.evangnet.cz/kralovehradecka/wp-content/uploads/sites/7/2026/02/Vrchlabi-2023-divadlo-768x512.jpg 768w, https://mladez.evangnet.cz/kralovehradecka/wp-content/uploads/sites/7/2026/02/Vrchlabi-2023-divadlo-1536x1024.jpg 1536w, https://mladez.evangnet.cz/kralovehradecka/wp-content/uploads/sites/7/2026/02/Vrchlabi-2023-divadlo.jpg 2000w" sizes="auto, (max-width: 1024px) 100vw, 1024px" /></figure>



<figure class="wp-block-image size-large is-resized"><img loading="lazy" decoding="async" width="1024" height="682" src="https://mladez.evangnet.cz/kralovehradecka/wp-content/uploads/sites/7/2026/02/Vrchlabi-2023-snih-1024x682.jpg" alt="" class="wp-image-277" style="aspect-ratio:1.5015126257949003;width:471px;height:auto" srcset="https://mladez.evangnet.cz/kralovehradecka/wp-content/uploads/sites/7/2026/02/Vrchlabi-2023-snih-1024x682.jpg 1024w, https://mladez.evangnet.cz/kralovehradecka/wp-content/uploads/sites/7/2026/02/Vrchlabi-2023-snih-300x200.jpg 300w, https://mladez.evangnet.cz/kralovehradecka/wp-content/uploads/sites/7/2026/02/Vrchlabi-2023-snih-768x512.jpg 768w, https://mladez.evangnet.cz/kralovehradecka/wp-content/uploads/sites/7/2026/02/Vrchlabi-2023-snih-1536x1024.jpg 1536w, https://mladez.evangnet.cz/kralovehradecka/wp-content/uploads/sites/7/2026/02/Vrchlabi-2023-snih.jpg 2000w" sizes="auto, (max-width: 1024px) 100vw, 1024px" /></figure>
