{"id":235,"date":"2025-11-18T17:11:32","date_gmt":"2025-11-18T16:11:32","guid":{"rendered":"https:\/\/mladez.evangnet.cz\/kralovehradecka\/?post_type=event&#038;p=235"},"modified":"2025-12-02T17:40:39","modified_gmt":"2025-12-02T16:40:39","slug":"jednovecerka-v-trebechovicich","status":"publish","type":"event","link":"https:\/\/mladez.evangnet.cz\/kralovehradecka\/akce\/jednovecerka-v-trebechovicich\/","title":{"rendered":"Jednove\u010derka v T\u0159ebechovic\u00edch"},"content":{"rendered":"\n<p>S radost\u00ed T\u011b zveme na na\u0161i prosincovou Jednove\u010derku &#8211; akci od p\u00e1te\u010dn\u00edho ve\u010dera do sobotn\u00edho r\u00e1na. \ud83d\udc92\ud83e\udec2<\/p>\n\n\n\n<p>Spole\u010dn\u011b si u\u017eijem no\u010dn\u00ed hru\ud83c\udf1f,&nbsp;nat\u00e1\u010den\u00ed podcastu Teologi\u010dt\u00ed lehkood\u011bnci\ud83c\udfa7,&nbsp;Maraton psan\u00ed dopis\u016f&nbsp;\ud83d\udce9\ud83d\udcc3&nbsp;a samoz\u0159ejm\u011b zp\u00edv\u00e1n\u00ed a hry, &#8230;&nbsp;\ud83c\udfb6\ud83e\udd41\ud83c\udfb8<\/p>\n\n\n\n<p>Tak p\u0159ije\u010f!\ud83d\ude82\ud83e\udef6T\u011b\u0161\u00edme se na spole\u010dn\u011b str\u00e1ven\u00fd \u010das&nbsp;\ud83d\ude04\ud83d\udc99<\/p>\n\n\n\n<figure class=\"wp-block-image size-full\"><img loading=\"lazy\" decoding=\"async\" width=\"487\" height=\"692\" src=\"https:\/\/mladez.evangnet.cz\/kralovehradecka\/wp-content\/uploads\/sites\/7\/2025\/11\/Snimek-obrazovky-2025-12-02-173755.png\" alt=\"\" class=\"wp-image-251\" srcset=\"https:\/\/mladez.evangnet.cz\/kralovehradecka\/wp-content\/uploads\/sites\/7\/2025\/11\/Snimek-obrazovky-2025-12-02-173755.png 487w, https:\/\/mladez.evangnet.cz\/kralovehradecka\/wp-content\/uploads\/sites\/7\/2025\/11\/Snimek-obrazovky-2025-12-02-173755-211x300.png 211w\" sizes=\"auto, (max-width: 487px) 100vw, 487px\" \/><\/figure>\n","protected":false},"featured_media":236,"menu_order":0,"template":"","categories":[],"class_list":["post-235","event","type-event","status-publish","has-post-thumbnail","hentry"],"_links":{"self":[{"href":"https:\/\/mladez.evangnet.cz\/kralovehradecka\/wp-json\/wp\/v2\/event\/235","targetHints":{"allow":["GET"]}}],"collection":[{"href":"https:\/\/mladez.evangnet.cz\/kralovehradecka\/wp-json\/wp\/v2\/event"}],"about":[{"href":"https:\/\/mladez.evangnet.cz\/kralovehradecka\/wp-json\/wp\/v2\/types\/event"}],"version-history":[{"count":2,"href":"https:\/\/mladez.evangnet.cz\/kralovehradecka\/wp-json\/wp\/v2\/event\/235\/revisions"}],"predecessor-version":[{"id":252,"href":"https:\/\/mladez.evangnet.cz\/kralovehradecka\/wp-json\/wp\/v2\/event\/235\/revisions\/252"}],"wp:featuredmedia":[{"embeddable":true,"href":"https:\/\/mladez.evangnet.cz\/kralovehradecka\/wp-json\/wp\/v2\/media\/236"}],"wp:attachment":[{"href":"https:\/\/mladez.evangnet.cz\/kralovehradecka\/wp-json\/wp\/v2\/media?parent=235"}],"wp:term":[{"taxonomy":"category","embeddable":true,"href":"https:\/\/mladez.evangnet.cz\/kralovehradecka\/wp-json\/wp\/v2\/categories?post=235"}],"curies":[{"name":"wp","href":"https:\/\/api.w.org\/{rel}","templated":true}]}}

Jednovečerka v Třebechovicích

<p>S radostí Tě zveme na naši prosincovou Jednovečerku &#8211; akci od pátečního večera do sobotního rána. 💒🫂</p>



<p>Společně si užijem noční hru🌟,&nbsp;natáčení podcastu Teologičtí lehkooděnci🎧,&nbsp;Maraton psaní dopisů&nbsp;📩📃&nbsp;a samozřejmě zpívání a hry, &#8230;&nbsp;🎶🥁🎸</p>



<p>Tak přijeď!🚂🫶Těšíme se na společně strávený čas&nbsp;😄💙</p>



<figure class="wp-block-image size-full"><img loading="lazy" decoding="async" width="487" height="692" src="https://mladez.evangnet.cz/kralovehradecka/wp-content/uploads/sites/7/2025/11/Snimek-obrazovky-2025-12-02-173755.png" alt="" class="wp-image-251" srcset="https://mladez.evangnet.cz/kralovehradecka/wp-content/uploads/sites/7/2025/11/Snimek-obrazovky-2025-12-02-173755.png 487w, https://mladez.evangnet.cz/kralovehradecka/wp-content/uploads/sites/7/2025/11/Snimek-obrazovky-2025-12-02-173755-211x300.png 211w" sizes="auto, (max-width: 487px) 100vw, 487px" /></figure>
