{"id":191,"date":"2025-05-31T10:55:52","date_gmt":"2025-05-31T08:55:52","guid":{"rendered":"https:\/\/mladez.evangnet.cz\/kralovehradecka\/?post_type=event&#038;p=191"},"modified":"2025-05-31T16:48:37","modified_gmt":"2025-05-31T14:48:37","slug":"senioratni-putak","status":"publish","type":"event","link":"https:\/\/mladez.evangnet.cz\/kralovehradecka\/akce\/senioratni-putak\/","title":{"rendered":"Senior\u00e1tn\u00ed pu\u0165\u00e1k"},"content":{"rendered":"\n<p>Vydej se s n\u00e1mi na t\u0159\u00eddenn\u00ed v\u00fdlet vst\u0159\u00edc nov\u00fdm m\u00edst\u016fm, lidem a dobrodru\u017estv\u00edm! \ud83c\udfd5\ufe0f<\/p>\n\n\n\n<figure class=\"wp-block-image size-full\"><img loading=\"lazy\" decoding=\"async\" width=\"533\" height=\"400\" src=\"https:\/\/mladez.evangnet.cz\/kralovehradecka\/wp-content\/uploads\/sites\/7\/2025\/05\/cundr-2023-jezero-1.jpg\" alt=\"\" class=\"wp-image-200\" srcset=\"https:\/\/mladez.evangnet.cz\/kralovehradecka\/wp-content\/uploads\/sites\/7\/2025\/05\/cundr-2023-jezero-1.jpg 533w, https:\/\/mladez.evangnet.cz\/kralovehradecka\/wp-content\/uploads\/sites\/7\/2025\/05\/cundr-2023-jezero-1-300x225.jpg 300w\" sizes=\"auto, (max-width: 533px) 100vw, 533px\" \/><\/figure>\n\n\n\n<figure class=\"wp-block-image size-full\"><img loading=\"lazy\" decoding=\"async\" width=\"533\" height=\"400\" src=\"https:\/\/mladez.evangnet.cz\/kralovehradecka\/wp-content\/uploads\/sites\/7\/2025\/05\/cundr-2023-ohen-1.jpg\" alt=\"\" class=\"wp-image-201\" srcset=\"https:\/\/mladez.evangnet.cz\/kralovehradecka\/wp-content\/uploads\/sites\/7\/2025\/05\/cundr-2023-ohen-1.jpg 533w, https:\/\/mladez.evangnet.cz\/kralovehradecka\/wp-content\/uploads\/sites\/7\/2025\/05\/cundr-2023-ohen-1-300x225.jpg 300w\" sizes=\"auto, (max-width: 533px) 100vw, 533px\" \/><\/figure>\n","protected":false},"featured_media":199,"menu_order":0,"template":"","categories":[],"class_list":["post-191","event","type-event","status-publish","has-post-thumbnail","hentry"],"_links":{"self":[{"href":"https:\/\/mladez.evangnet.cz\/kralovehradecka\/wp-json\/wp\/v2\/event\/191","targetHints":{"allow":["GET"]}}],"collection":[{"href":"https:\/\/mladez.evangnet.cz\/kralovehradecka\/wp-json\/wp\/v2\/event"}],"about":[{"href":"https:\/\/mladez.evangnet.cz\/kralovehradecka\/wp-json\/wp\/v2\/types\/event"}],"version-history":[{"count":4,"href":"https:\/\/mladez.evangnet.cz\/kralovehradecka\/wp-json\/wp\/v2\/event\/191\/revisions"}],"predecessor-version":[{"id":204,"href":"https:\/\/mladez.evangnet.cz\/kralovehradecka\/wp-json\/wp\/v2\/event\/191\/revisions\/204"}],"wp:featuredmedia":[{"embeddable":true,"href":"https:\/\/mladez.evangnet.cz\/kralovehradecka\/wp-json\/wp\/v2\/media\/199"}],"wp:attachment":[{"href":"https:\/\/mladez.evangnet.cz\/kralovehradecka\/wp-json\/wp\/v2\/media?parent=191"}],"wp:term":[{"taxonomy":"category","embeddable":true,"href":"https:\/\/mladez.evangnet.cz\/kralovehradecka\/wp-json\/wp\/v2\/categories?post=191"}],"curies":[{"name":"wp","href":"https:\/\/api.w.org\/{rel}","templated":true}]}}

Seniorátní puťák

<p>Vydej se s námi na třídenní výlet vstříc novým místům, lidem a dobrodružstvím! 🏕️</p>



<figure class="wp-block-image size-full"><img loading="lazy" decoding="async" width="533" height="400" src="https://mladez.evangnet.cz/kralovehradecka/wp-content/uploads/sites/7/2025/05/cundr-2023-jezero-1.jpg" alt="" class="wp-image-200" srcset="https://mladez.evangnet.cz/kralovehradecka/wp-content/uploads/sites/7/2025/05/cundr-2023-jezero-1.jpg 533w, https://mladez.evangnet.cz/kralovehradecka/wp-content/uploads/sites/7/2025/05/cundr-2023-jezero-1-300x225.jpg 300w" sizes="auto, (max-width: 533px) 100vw, 533px" /></figure>



<figure class="wp-block-image size-full"><img loading="lazy" decoding="async" width="533" height="400" src="https://mladez.evangnet.cz/kralovehradecka/wp-content/uploads/sites/7/2025/05/cundr-2023-ohen-1.jpg" alt="" class="wp-image-201" srcset="https://mladez.evangnet.cz/kralovehradecka/wp-content/uploads/sites/7/2025/05/cundr-2023-ohen-1.jpg 533w, https://mladez.evangnet.cz/kralovehradecka/wp-content/uploads/sites/7/2025/05/cundr-2023-ohen-1-300x225.jpg 300w" sizes="auto, (max-width: 533px) 100vw, 533px" /></figure>
