{"id":184,"date":"2025-05-31T10:46:08","date_gmt":"2025-05-31T08:46:08","guid":{"rendered":"https:\/\/mladez.evangnet.cz\/kralovehradecka\/?post_type=event&#038;p=184"},"modified":"2025-10-09T19:32:10","modified_gmt":"2025-10-09T17:32:10","slug":"jednovecerka","status":"publish","type":"event","link":"https:\/\/mladez.evangnet.cz\/kralovehradecka\/akce\/jednovecerka\/","title":{"rendered":"Jednove\u010derka v Semonic\u00edch"},"content":{"rendered":"\n<p>Hled\u00e1\u0161 akci, kterou si naplno u\u017eije\u0161, ale nezabere cel\u00fd v\u00edkend?\ud83e\udd14 To je na\u0161e Jednove\u010derka!\ud83e\udd17\ud83d\ude4f <\/p>\n\n\n\n<p>Sejdeme se v p\u00e1tek k ve\u010deru a spole\u010dn\u011b se dozv\u00edme, jak\u00e9 to je b\u00fdt \u0161koln\u00edm far\u00e1\u0159em a u\u010dit v k\u0159es\u0165ansk\u00e9m prost\u0159ed\u00ed, z p\u0159edn\u00e1\u0161ky m\u00edstn\u00edho far\u00e1\u0159e Radima \u017d\u00e1rsk\u00e9ho, a samoz\u0159ejm\u011b nebude chyb\u011bt ani no\u010dn\u00ed hra!\ud83e\udd29\ud83c\udf03<\/p>\n\n\n\n<p>Odj\u00ed\u017ed\u011bt budeme v sobotu po sn\u00eddani. \ud83c\udf7d\ufe0f\ud83d\ude82<\/p>\n\n\n\n<p>Tak nev\u00e1hej a p\u0159idej se k n\u00e1m! T\u011b\u0161\u00edme se na spole\u010dnou z\u00e1bavu!\ud83d\ude04\ud83e\ude98\ud83c\udfb6<\/p>\n\n\n\n<figure class=\"wp-block-image size-full\"><img loading=\"lazy\" decoding=\"async\" width=\"509\" height=\"720\" src=\"https:\/\/mladez.evangnet.cz\/kralovehradecka\/wp-content\/uploads\/sites\/7\/2025\/05\/Jednovecerka-v-Semonicich-socky-.png\" alt=\"\" class=\"wp-image-215\" srcset=\"https:\/\/mladez.evangnet.cz\/kralovehradecka\/wp-content\/uploads\/sites\/7\/2025\/05\/Jednovecerka-v-Semonicich-socky-.png 509w, https:\/\/mladez.evangnet.cz\/kralovehradecka\/wp-content\/uploads\/sites\/7\/2025\/05\/Jednovecerka-v-Semonicich-socky--212x300.png 212w\" sizes=\"auto, (max-width: 509px) 100vw, 509px\" \/><\/figure>\n","protected":false},"featured_media":186,"menu_order":0,"template":"","categories":[],"class_list":["post-184","event","type-event","status-publish","has-post-thumbnail","hentry"],"_links":{"self":[{"href":"https:\/\/mladez.evangnet.cz\/kralovehradecka\/wp-json\/wp\/v2\/event\/184","targetHints":{"allow":["GET"]}}],"collection":[{"href":"https:\/\/mladez.evangnet.cz\/kralovehradecka\/wp-json\/wp\/v2\/event"}],"about":[{"href":"https:\/\/mladez.evangnet.cz\/kralovehradecka\/wp-json\/wp\/v2\/types\/event"}],"version-history":[{"count":4,"href":"https:\/\/mladez.evangnet.cz\/kralovehradecka\/wp-json\/wp\/v2\/event\/184\/revisions"}],"predecessor-version":[{"id":216,"href":"https:\/\/mladez.evangnet.cz\/kralovehradecka\/wp-json\/wp\/v2\/event\/184\/revisions\/216"}],"wp:featuredmedia":[{"embeddable":true,"href":"https:\/\/mladez.evangnet.cz\/kralovehradecka\/wp-json\/wp\/v2\/media\/186"}],"wp:attachment":[{"href":"https:\/\/mladez.evangnet.cz\/kralovehradecka\/wp-json\/wp\/v2\/media?parent=184"}],"wp:term":[{"taxonomy":"category","embeddable":true,"href":"https:\/\/mladez.evangnet.cz\/kralovehradecka\/wp-json\/wp\/v2\/categories?post=184"}],"curies":[{"name":"wp","href":"https:\/\/api.w.org\/{rel}","templated":true}]}}

Jednovečerka v Semonicích

<p>Hledáš akci, kterou si naplno užiješ, ale nezabere celý víkend?🤔 To je naše Jednovečerka!🤗🙏 </p>



<p>Sejdeme se v pátek k večeru a společně se dozvíme, jaké to je být školním farářem a učit v křesťanském prostředí, z přednášky místního faráře Radima Žárského, a samozřejmě nebude chybět ani noční hra!🤩🌃</p>



<p>Odjíždět budeme v sobotu po snídani. 🍽️🚂</p>



<p>Tak neváhej a přidej se k nám! Těšíme se na společnou zábavu!😄🪘🎶</p>



<figure class="wp-block-image size-full"><img loading="lazy" decoding="async" width="509" height="720" src="https://mladez.evangnet.cz/kralovehradecka/wp-content/uploads/sites/7/2025/05/Jednovecerka-v-Semonicich-socky-.png" alt="" class="wp-image-215" srcset="https://mladez.evangnet.cz/kralovehradecka/wp-content/uploads/sites/7/2025/05/Jednovecerka-v-Semonicich-socky-.png 509w, https://mladez.evangnet.cz/kralovehradecka/wp-content/uploads/sites/7/2025/05/Jednovecerka-v-Semonicich-socky--212x300.png 212w" sizes="auto, (max-width: 509px) 100vw, 509px" /></figure>
