{"id":170,"date":"2025-04-21T09:46:04","date_gmt":"2025-04-21T07:46:04","guid":{"rendered":"https:\/\/mladez.evangnet.cz\/kralovehradecka\/?post_type=event&#038;p=170"},"modified":"2025-04-23T15:50:58","modified_gmt":"2025-04-23T13:50:58","slug":"jednovecerka-v-hradci","status":"publish","type":"event","link":"https:\/\/mladez.evangnet.cz\/kralovehradecka\/akce\/jednovecerka-v-hradci\/","title":{"rendered":"Jednove\u010derka v Hradci"},"content":{"rendered":"\n<figure class=\"wp-block-image size-large\"><img loading=\"lazy\" decoding=\"async\" width=\"724\" height=\"1024\" src=\"https:\/\/mladez.evangnet.cz\/kralovehradecka\/wp-content\/uploads\/sites\/7\/2025\/04\/Plakat-jednovecerka-HK-724x1024.jpg\" alt=\"\" class=\"wp-image-173\" srcset=\"https:\/\/mladez.evangnet.cz\/kralovehradecka\/wp-content\/uploads\/sites\/7\/2025\/04\/Plakat-jednovecerka-HK-724x1024.jpg 724w, https:\/\/mladez.evangnet.cz\/kralovehradecka\/wp-content\/uploads\/sites\/7\/2025\/04\/Plakat-jednovecerka-HK-212x300.jpg 212w, https:\/\/mladez.evangnet.cz\/kralovehradecka\/wp-content\/uploads\/sites\/7\/2025\/04\/Plakat-jednovecerka-HK-768x1086.jpg 768w, https:\/\/mladez.evangnet.cz\/kralovehradecka\/wp-content\/uploads\/sites\/7\/2025\/04\/Plakat-jednovecerka-HK-1086x1536.jpg 1086w, https:\/\/mladez.evangnet.cz\/kralovehradecka\/wp-content\/uploads\/sites\/7\/2025\/04\/Plakat-jednovecerka-HK.jpg 1131w\" sizes=\"auto, (max-width: 724px) 100vw, 724px\" \/><\/figure>\n\n\n\n<p>Mil\u00ed ml\u00e1de\u017en\u00edci! \ud83d\ude0a<\/p>\n\n\n\n<p>P\u0159ed letn\u00edmi pr\u00e1zdninami n\u00e1s \u010dek\u00e1 je\u0161t\u011b jedna akce a tou je Jednove\u010derka v Hradci Kr\u00e1lov\u00e9. \ud83d\udc92 Tentokr\u00e1t v\u00fdjime\u010dn\u011b nebude z p\u00e1tka na sobotu, ale ze soboty na ned\u011bli. To proto, \u017ee v ned\u011bli se v Hradci Kr\u00e1lov\u00e9 kon\u00e1 senior\u00e1tn\u00ed rodinn\u00e1 ned\u011ble a tak jsme se rozhodli tyto akce spojit. To znamen\u00e1, \u017ee m\u016f\u017eete p\u0159ijet v sobotu mezi 16:30 a\u017e 17:00, u\u017e\u00edt si bezva odpoledne, ve\u010der pln\u00fd zp\u00edv\u00e1n\u00ed, no\u010dn\u00ed hru, modlitby taiz\u00e9 a bezva lidi. \ud83c\udfb6 Pak p\u0159espat a r\u00e1no pokra\u010dovat bohoslu\u017ebami a dal\u0161\u00edm programem.\u00a0<\/p>\n\n\n\n<p>Tak nev\u00e1hejte a p\u0159ije\u010fte, moc se t\u011b\u0161\u00edme! \u2764\ufe0f<\/p>\n","protected":false},"featured_media":125,"menu_order":0,"template":"","categories":[],"class_list":["post-170","event","type-event","status-publish","has-post-thumbnail","hentry"],"_links":{"self":[{"href":"https:\/\/mladez.evangnet.cz\/kralovehradecka\/wp-json\/wp\/v2\/event\/170","targetHints":{"allow":["GET"]}}],"collection":[{"href":"https:\/\/mladez.evangnet.cz\/kralovehradecka\/wp-json\/wp\/v2\/event"}],"about":[{"href":"https:\/\/mladez.evangnet.cz\/kralovehradecka\/wp-json\/wp\/v2\/types\/event"}],"version-history":[{"count":4,"href":"https:\/\/mladez.evangnet.cz\/kralovehradecka\/wp-json\/wp\/v2\/event\/170\/revisions"}],"predecessor-version":[{"id":180,"href":"https:\/\/mladez.evangnet.cz\/kralovehradecka\/wp-json\/wp\/v2\/event\/170\/revisions\/180"}],"wp:featuredmedia":[{"embeddable":true,"href":"https:\/\/mladez.evangnet.cz\/kralovehradecka\/wp-json\/wp\/v2\/media\/125"}],"wp:attachment":[{"href":"https:\/\/mladez.evangnet.cz\/kralovehradecka\/wp-json\/wp\/v2\/media?parent=170"}],"wp:term":[{"taxonomy":"category","embeddable":true,"href":"https:\/\/mladez.evangnet.cz\/kralovehradecka\/wp-json\/wp\/v2\/categories?post=170"}],"curies":[{"name":"wp","href":"https:\/\/api.w.org\/{rel}","templated":true}]}}

Jednovečerka v Hradci

<figure class="wp-block-image size-large"><img loading="lazy" decoding="async" width="724" height="1024" src="https://mladez.evangnet.cz/kralovehradecka/wp-content/uploads/sites/7/2025/04/Plakat-jednovecerka-HK-724x1024.jpg" alt="" class="wp-image-173" srcset="https://mladez.evangnet.cz/kralovehradecka/wp-content/uploads/sites/7/2025/04/Plakat-jednovecerka-HK-724x1024.jpg 724w, https://mladez.evangnet.cz/kralovehradecka/wp-content/uploads/sites/7/2025/04/Plakat-jednovecerka-HK-212x300.jpg 212w, https://mladez.evangnet.cz/kralovehradecka/wp-content/uploads/sites/7/2025/04/Plakat-jednovecerka-HK-768x1086.jpg 768w, https://mladez.evangnet.cz/kralovehradecka/wp-content/uploads/sites/7/2025/04/Plakat-jednovecerka-HK-1086x1536.jpg 1086w, https://mladez.evangnet.cz/kralovehradecka/wp-content/uploads/sites/7/2025/04/Plakat-jednovecerka-HK.jpg 1131w" sizes="auto, (max-width: 724px) 100vw, 724px" /></figure>



<p>Milí mládežníci! 😊</p>



<p>Před letními prázdninami nás čeká ještě jedna akce a tou je Jednovečerka v Hradci Králové. 💒 Tentokrát výjimečně nebude z pátka na sobotu, ale ze soboty na neděli. To proto, že v neděli se v Hradci Králové koná seniorátní rodinná neděle a tak jsme se rozhodli tyto akce spojit. To znamená, že můžete přijet v sobotu mezi 16:30 až 17:00, užít si bezva odpoledne, večer plný zpívání, noční hru, modlitby taizé a bezva lidi. 🎶 Pak přespat a ráno pokračovat bohoslužbami a dalším programem. </p>



<p>Tak neváhejte a přijeďte, moc se těšíme! ❤️</p>
