{"id":128,"date":"2025-01-05T17:19:32","date_gmt":"2025-01-05T16:19:32","guid":{"rendered":"https:\/\/mladez.evangnet.cz\/kralovehradecka\/?post_type=event&#038;p=128"},"modified":"2025-02-06T21:18:08","modified_gmt":"2025-02-06T20:18:08","slug":"vikendovka-v-tisu","status":"publish","type":"event","link":"https:\/\/mladez.evangnet.cz\/kralovehradecka\/akce\/vikendovka-v-tisu\/","title":{"rendered":"V\u00edkendovka v Tisu"},"content":{"rendered":"\n<figure class=\"wp-block-image size-large\"><img loading=\"lazy\" decoding=\"async\" width=\"1024\" height=\"768\" src=\"https:\/\/mladez.evangnet.cz\/kralovehradecka\/wp-content\/uploads\/sites\/7\/2025\/01\/20220305_073426-1024x768.jpg\" alt=\"\" class=\"wp-image-129\" srcset=\"https:\/\/mladez.evangnet.cz\/kralovehradecka\/wp-content\/uploads\/sites\/7\/2025\/01\/20220305_073426-1024x768.jpg 1024w, https:\/\/mladez.evangnet.cz\/kralovehradecka\/wp-content\/uploads\/sites\/7\/2025\/01\/20220305_073426-300x225.jpg 300w, https:\/\/mladez.evangnet.cz\/kralovehradecka\/wp-content\/uploads\/sites\/7\/2025\/01\/20220305_073426-768x576.jpg 768w, https:\/\/mladez.evangnet.cz\/kralovehradecka\/wp-content\/uploads\/sites\/7\/2025\/01\/20220305_073426-1536x1152.jpg 1536w, https:\/\/mladez.evangnet.cz\/kralovehradecka\/wp-content\/uploads\/sites\/7\/2025\/01\/20220305_073426.jpg 2000w\" sizes=\"auto, (max-width: 1024px) 100vw, 1024px\" \/><\/figure>\n\n\n\n<p>Prvn\u00ed akce v r. 2025 se bl\u00ed\u017e\u00ed!<br>V zimn\u00edm \u010dasu se vyd\u00e1me do Orlick\u00fdch hor, konkr\u00e9tn\u011b do Tisu, kter\u00fd n\u00e1s posledn\u011b p\u0159ekvapil ne\u010dekan\u00fdm mno\u017estv\u00edm sn\u011bhu.<br>Krom\u011b hry po okol\u00ed a program\u016f prob\u011bhne i volba nov\u00e9ho SOMu (uskupen\u00ed, kter\u00e9 po\u0159\u00e1d\u00e1 tyto akce). P\u0159ije\u010f a zvol sv\u00e9 favority nebo rovnou kandiduj!<\/p>\n\n\n\n<figure class=\"wp-block-image size-full\"><img loading=\"lazy\" decoding=\"async\" width=\"720\" height=\"1003\" src=\"https:\/\/mladez.evangnet.cz\/kralovehradecka\/wp-content\/uploads\/sites\/7\/2025\/01\/plakat-1.jpg\" alt=\"\" class=\"wp-image-136\" srcset=\"https:\/\/mladez.evangnet.cz\/kralovehradecka\/wp-content\/uploads\/sites\/7\/2025\/01\/plakat-1.jpg 720w, https:\/\/mladez.evangnet.cz\/kralovehradecka\/wp-content\/uploads\/sites\/7\/2025\/01\/plakat-1-215x300.jpg 215w\" sizes=\"auto, (max-width: 720px) 100vw, 720px\" \/><\/figure>\n","protected":false},"featured_media":0,"menu_order":0,"template":"","categories":[],"class_list":["post-128","event","type-event","status-publish","hentry"],"_links":{"self":[{"href":"https:\/\/mladez.evangnet.cz\/kralovehradecka\/wp-json\/wp\/v2\/event\/128","targetHints":{"allow":["GET"]}}],"collection":[{"href":"https:\/\/mladez.evangnet.cz\/kralovehradecka\/wp-json\/wp\/v2\/event"}],"about":[{"href":"https:\/\/mladez.evangnet.cz\/kralovehradecka\/wp-json\/wp\/v2\/types\/event"}],"version-history":[{"count":8,"href":"https:\/\/mladez.evangnet.cz\/kralovehradecka\/wp-json\/wp\/v2\/event\/128\/revisions"}],"predecessor-version":[{"id":142,"href":"https:\/\/mladez.evangnet.cz\/kralovehradecka\/wp-json\/wp\/v2\/event\/128\/revisions\/142"}],"wp:attachment":[{"href":"https:\/\/mladez.evangnet.cz\/kralovehradecka\/wp-json\/wp\/v2\/media?parent=128"}],"wp:term":[{"taxonomy":"category","embeddable":true,"href":"https:\/\/mladez.evangnet.cz\/kralovehradecka\/wp-json\/wp\/v2\/categories?post=128"}],"curies":[{"name":"wp","href":"https:\/\/api.w.org\/{rel}","templated":true}]}}

Víkendovka v Tisu

<figure class="wp-block-image size-large"><img loading="lazy" decoding="async" width="1024" height="768" src="https://mladez.evangnet.cz/kralovehradecka/wp-content/uploads/sites/7/2025/01/20220305_073426-1024x768.jpg" alt="" class="wp-image-129" srcset="https://mladez.evangnet.cz/kralovehradecka/wp-content/uploads/sites/7/2025/01/20220305_073426-1024x768.jpg 1024w, https://mladez.evangnet.cz/kralovehradecka/wp-content/uploads/sites/7/2025/01/20220305_073426-300x225.jpg 300w, https://mladez.evangnet.cz/kralovehradecka/wp-content/uploads/sites/7/2025/01/20220305_073426-768x576.jpg 768w, https://mladez.evangnet.cz/kralovehradecka/wp-content/uploads/sites/7/2025/01/20220305_073426-1536x1152.jpg 1536w, https://mladez.evangnet.cz/kralovehradecka/wp-content/uploads/sites/7/2025/01/20220305_073426.jpg 2000w" sizes="auto, (max-width: 1024px) 100vw, 1024px" /></figure>



<p>První akce v r. 2025 se blíží!<br>V zimním času se vydáme do Orlických hor, konkrétně do Tisu, který nás posledně překvapil nečekaným množstvím sněhu.<br>Kromě hry po okolí a programů proběhne i volba nového SOMu (uskupení, které pořádá tyto akce). Přijeď a zvol své favority nebo rovnou kandiduj!</p>



<figure class="wp-block-image size-full"><img loading="lazy" decoding="async" width="720" height="1003" src="https://mladez.evangnet.cz/kralovehradecka/wp-content/uploads/sites/7/2025/01/plakat-1.jpg" alt="" class="wp-image-136" srcset="https://mladez.evangnet.cz/kralovehradecka/wp-content/uploads/sites/7/2025/01/plakat-1.jpg 720w, https://mladez.evangnet.cz/kralovehradecka/wp-content/uploads/sites/7/2025/01/plakat-1-215x300.jpg 215w" sizes="auto, (max-width: 720px) 100vw, 720px" /></figure>
