{"id":8,"date":"2024-11-07T18:31:26","date_gmt":"2024-11-07T17:31:26","guid":{"rendered":"https:\/\/mladez.evangnet.cz\/jihoceska\/?page_id=8"},"modified":"2026-03-19T10:21:15","modified_gmt":"2026-03-19T09:21:15","slug":"fotogalerie","status":"publish","type":"page","link":"https:\/\/mladez.evangnet.cz\/jihoceska\/fotogalerie\/","title":{"rendered":"Fotogalerie"},"content":{"rendered":"\n<p>Co p\u0159esn\u011b se na akci d\u011blo, jak jsme ji pro\u017e\u00edvali, co jsme se dozv\u011bd\u011bli, a jak n\u00e1s to posunulo, u\u017e se nedozv\u00ed\u0161, ale m\u016f\u017ee\u0161 se alespo\u0148 nadechnout atmosf\u00e9ry fotografi\u00ed, kter\u00e9 v n\u00e1s probouzej\u00ed tolik vzpom\u00ednek.<\/p>\n\n\n\n<div class=\"wp-block-buttons is-content-justification-center is-layout-flex wp-container-core-buttons-is-layout-a89b3969 wp-block-buttons-is-layout-flex\">\n<div class=\"wp-block-button has-custom-width wp-block-button__width-50\"><a class=\"wp-block-button__link has-medium-font-size has-custom-font-size wp-element-button\" href=\"https:\/\/eu.zonerama.com\/Mladezjihosen\/349021\" target=\"_blank\" rel=\"noopener\"><strong>FOTKY Z AKC\u00cd<\/strong><\/a><\/div>\n<\/div>\n\n\n\n<p>Traktory:<\/p>\n\n\n\n<figure class=\"wp-block-gallery has-nested-images columns-default is-cropped wp-block-gallery-1 is-layout-flex wp-block-gallery-is-layout-flex\">\n<figure class=\"wp-block-image size-large\"><img loading=\"lazy\" decoding=\"async\" width=\"1024\" height=\"768\" data-id=\"323\" src=\"https:\/\/mladez.evangnet.cz\/jihoceska\/wp-content\/uploads\/sites\/9\/2026\/03\/IMG-20241217-WA0168-1-1024x768.jpg\" alt=\"\" class=\"wp-image-323\" srcset=\"https:\/\/mladez.evangnet.cz\/jihoceska\/wp-content\/uploads\/sites\/9\/2026\/03\/IMG-20241217-WA0168-1-1024x768.jpg 1024w, https:\/\/mladez.evangnet.cz\/jihoceska\/wp-content\/uploads\/sites\/9\/2026\/03\/IMG-20241217-WA0168-1-300x225.jpg 300w, https:\/\/mladez.evangnet.cz\/jihoceska\/wp-content\/uploads\/sites\/9\/2026\/03\/IMG-20241217-WA0168-1-768x576.jpg 768w, https:\/\/mladez.evangnet.cz\/jihoceska\/wp-content\/uploads\/sites\/9\/2026\/03\/IMG-20241217-WA0168-1-1536x1152.jpg 1536w, https:\/\/mladez.evangnet.cz\/jihoceska\/wp-content\/uploads\/sites\/9\/2026\/03\/IMG-20241217-WA0168-1.jpg 1600w\" sizes=\"auto, (max-width: 1024px) 100vw, 1024px\" \/><\/figure>\n\n\n\n<figure class=\"wp-block-image size-large\"><img loading=\"lazy\" decoding=\"async\" width=\"768\" height=\"1024\" data-id=\"326\" src=\"https:\/\/mladez.evangnet.cz\/jihoceska\/wp-content\/uploads\/sites\/9\/2026\/03\/IMG-20241217-WA0166-1-768x1024.jpg\" alt=\"\" class=\"wp-image-326\" srcset=\"https:\/\/mladez.evangnet.cz\/jihoceska\/wp-content\/uploads\/sites\/9\/2026\/03\/IMG-20241217-WA0166-1-768x1024.jpg 768w, https:\/\/mladez.evangnet.cz\/jihoceska\/wp-content\/uploads\/sites\/9\/2026\/03\/IMG-20241217-WA0166-1-225x300.jpg 225w, https:\/\/mladez.evangnet.cz\/jihoceska\/wp-content\/uploads\/sites\/9\/2026\/03\/IMG-20241217-WA0166-1-1152x1536.jpg 1152w, https:\/\/mladez.evangnet.cz\/jihoceska\/wp-content\/uploads\/sites\/9\/2026\/03\/IMG-20241217-WA0166-1.jpg 1200w\" sizes=\"auto, (max-width: 768px) 100vw, 768px\" \/><\/figure>\n\n\n\n<figure class=\"wp-block-image size-large\"><img loading=\"lazy\" decoding=\"async\" width=\"768\" height=\"1024\" data-id=\"324\" src=\"https:\/\/mladez.evangnet.cz\/jihoceska\/wp-content\/uploads\/sites\/9\/2026\/03\/IMG-20241217-WA0151-1-768x1024.jpg\" alt=\"\" class=\"wp-image-324\" srcset=\"https:\/\/mladez.evangnet.cz\/jihoceska\/wp-content\/uploads\/sites\/9\/2026\/03\/IMG-20241217-WA0151-1-768x1024.jpg 768w, https:\/\/mladez.evangnet.cz\/jihoceska\/wp-content\/uploads\/sites\/9\/2026\/03\/IMG-20241217-WA0151-1-225x300.jpg 225w, https:\/\/mladez.evangnet.cz\/jihoceska\/wp-content\/uploads\/sites\/9\/2026\/03\/IMG-20241217-WA0151-1-1152x1536.jpg 1152w, https:\/\/mladez.evangnet.cz\/jihoceska\/wp-content\/uploads\/sites\/9\/2026\/03\/IMG-20241217-WA0151-1.jpg 1200w\" sizes=\"auto, (max-width: 768px) 100vw, 768px\" \/><\/figure>\n\n\n\n<figure class=\"wp-block-image size-large\"><img loading=\"lazy\" decoding=\"async\" width=\"1024\" height=\"768\" data-id=\"325\" src=\"https:\/\/mladez.evangnet.cz\/jihoceska\/wp-content\/uploads\/sites\/9\/2026\/03\/IMG-20241217-WA0162-1-1024x768.jpg\" alt=\"\" class=\"wp-image-325\" srcset=\"https:\/\/mladez.evangnet.cz\/jihoceska\/wp-content\/uploads\/sites\/9\/2026\/03\/IMG-20241217-WA0162-1-1024x768.jpg 1024w, https:\/\/mladez.evangnet.cz\/jihoceska\/wp-content\/uploads\/sites\/9\/2026\/03\/IMG-20241217-WA0162-1-300x225.jpg 300w, https:\/\/mladez.evangnet.cz\/jihoceska\/wp-content\/uploads\/sites\/9\/2026\/03\/IMG-20241217-WA0162-1-768x576.jpg 768w, https:\/\/mladez.evangnet.cz\/jihoceska\/wp-content\/uploads\/sites\/9\/2026\/03\/IMG-20241217-WA0162-1-1536x1152.jpg 1536w, https:\/\/mladez.evangnet.cz\/jihoceska\/wp-content\/uploads\/sites\/9\/2026\/03\/IMG-20241217-WA0162-1.jpg 1600w\" sizes=\"auto, (max-width: 1024px) 100vw, 1024px\" \/><\/figure>\n<\/figure>\n","protected":false},"excerpt":{"rendered":"<p>Co p\u0159esn\u011b se na akci d\u011blo, jak jsme ji pro\u017e\u00edvali, co jsme se dozv\u011bd\u011bli, a jak n\u00e1s to posunulo, u\u017e se nedozv\u00ed\u0161, ale m\u016f\u017ee\u0161 se alespo\u0148 nadechnout atmosf\u00e9ry fotografi\u00ed, kter\u00e9 v n\u00e1s probouzej\u00ed tolik vzpom\u00ednek. Traktory:<\/p>\n","protected":false},"author":1,"featured_media":329,"parent":0,"menu_order":0,"comment_status":"closed","ping_status":"closed","template":"","meta":{"zakra_page_container_layout":"customizer","zakra_page_sidebar_layout":"customizer","zakra_remove_content_margin":false,"zakra_sidebar":"customizer","zakra_transparent_header":"customizer","zakra_logo":0,"zakra_main_header_style":"default","zakra_menu_item_color":"","zakra_menu_item_hover_color":"","zakra_menu_item_active_color":"","zakra_menu_active_style":"","zakra_page_header":true,"footnotes":""},"class_list":["post-8","page","type-page","status-publish","has-post-thumbnail","hentry"],"_links":{"self":[{"href":"https:\/\/mladez.evangnet.cz\/jihoceska\/wp-json\/wp\/v2\/pages\/8","targetHints":{"allow":["GET"]}}],"collection":[{"href":"https:\/\/mladez.evangnet.cz\/jihoceska\/wp-json\/wp\/v2\/pages"}],"about":[{"href":"https:\/\/mladez.evangnet.cz\/jihoceska\/wp-json\/wp\/v2\/types\/page"}],"author":[{"embeddable":true,"href":"https:\/\/mladez.evangnet.cz\/jihoceska\/wp-json\/wp\/v2\/users\/1"}],"replies":[{"embeddable":true,"href":"https:\/\/mladez.evangnet.cz\/jihoceska\/wp-json\/wp\/v2\/comments?post=8"}],"version-history":[{"count":9,"href":"https:\/\/mladez.evangnet.cz\/jihoceska\/wp-json\/wp\/v2\/pages\/8\/revisions"}],"predecessor-version":[{"id":328,"href":"https:\/\/mladez.evangnet.cz\/jihoceska\/wp-json\/wp\/v2\/pages\/8\/revisions\/328"}],"wp:featuredmedia":[{"embeddable":true,"href":"https:\/\/mladez.evangnet.cz\/jihoceska\/wp-json\/wp\/v2\/media\/329"}],"wp:attachment":[{"href":"https:\/\/mladez.evangnet.cz\/jihoceska\/wp-json\/wp\/v2\/media?parent=8"}],"curies":[{"name":"wp","href":"https:\/\/api.w.org\/{rel}","templated":true}]}}