{"id":296,"date":"2026-01-30T11:01:12","date_gmt":"2026-01-30T10:01:12","guid":{"rendered":"https:\/\/mladez.evangnet.cz\/jihoceska\/?post_type=event&#038;p=296"},"modified":"2026-01-30T11:08:10","modified_gmt":"2026-01-30T10:08:10","slug":"ples","status":"publish","type":"event","link":"https:\/\/mladez.evangnet.cz\/jihoceska\/akce\/ples\/","title":{"rendered":"Ples"},"content":{"rendered":"\n<p><\/p>\n\n\n\n<p class=\"has-medium-font-size\">Poj\u010fte si s n\u00e1mi zatan\u010dit na na\u0161em SOMov\u00e9m plese!<\/p>\n\n\n\n<p class=\"has-medium-font-size\">M\u016f\u017eete se t\u011b\u0161it na \u017eivou hudbu, sout\u011b\u017ee, p\u0159ekvapen\u00ed, ob\u010derstven\u00ed a samoz\u0159ejm\u011b hodn\u011b z\u00e1bavy.<\/p>\n\n\n\n<p class=\"has-medium-font-size\">M\u00edsto: \u010cesk\u00e9 Bud\u011bjovice <\/p>\n\n\n\n<p class=\"has-medium-font-size\">Kdy: 14.2.2026 v 19:00<\/p>\n\n\n\n<p class=\"has-medium-font-size\">Pokud se chcete nau\u010dit tan\u010dit, nebo si nejste jist\u00ed kroky a chcete si je opr\u00e1\u0161it, tak od 15:00 se bude konat tan\u010dic\u00ed d\u00edlna, kter\u00e1 je ur\u010den\u00e1 pr\u00e1v\u011b na to.<\/p>\n\n\n\n<p class=\"has-medium-font-size\">Samotn\u00fd ples se kon\u00e1 14. 2., ale kdokoliv, kdo by m\u011bl z\u00e1jem p\u0159espat do ned\u011ble a z\u016f\u010dastnit se s n\u00e1mi bohoslu\u017eeb je v\u00edt\u00e1n.<\/p>\n\n\n\n<p class=\"has-medium-font-size\">Budeme se na v\u00e1s t\u011b\u0161it!<\/p>\n\n\n\n<p class=\"has-medium-font-size\"><\/p>\n\n\n\n<p class=\"has-medium-font-size\"><\/p>\n","protected":false},"featured_media":298,"menu_order":0,"template":"","categories":[],"class_list":["post-296","event","type-event","status-publish","has-post-thumbnail","hentry"],"_links":{"self":[{"href":"https:\/\/mladez.evangnet.cz\/jihoceska\/wp-json\/wp\/v2\/event\/296","targetHints":{"allow":["GET"]}}],"collection":[{"href":"https:\/\/mladez.evangnet.cz\/jihoceska\/wp-json\/wp\/v2\/event"}],"about":[{"href":"https:\/\/mladez.evangnet.cz\/jihoceska\/wp-json\/wp\/v2\/types\/event"}],"version-history":[{"count":3,"href":"https:\/\/mladez.evangnet.cz\/jihoceska\/wp-json\/wp\/v2\/event\/296\/revisions"}],"predecessor-version":[{"id":302,"href":"https:\/\/mladez.evangnet.cz\/jihoceska\/wp-json\/wp\/v2\/event\/296\/revisions\/302"}],"wp:featuredmedia":[{"embeddable":true,"href":"https:\/\/mladez.evangnet.cz\/jihoceska\/wp-json\/wp\/v2\/media\/298"}],"wp:attachment":[{"href":"https:\/\/mladez.evangnet.cz\/jihoceska\/wp-json\/wp\/v2\/media?parent=296"}],"wp:term":[{"taxonomy":"category","embeddable":true,"href":"https:\/\/mladez.evangnet.cz\/jihoceska\/wp-json\/wp\/v2\/categories?post=296"}],"curies":[{"name":"wp","href":"https:\/\/api.w.org\/{rel}","templated":true}]}}

<p></p>



<p class="has-medium-font-size">Pojďte si s námi zatančit na našem SOMovém plese!</p>



<p class="has-medium-font-size">Můžete se těšit na živou hudbu, soutěže, překvapení, občerstvení a samozřejmě hodně zábavy.</p>



<p class="has-medium-font-size">Místo: České Budějovice </p>



<p class="has-medium-font-size">Kdy: 14.2.2026 v 19:00</p>



<p class="has-medium-font-size">Pokud se chcete naučit tančit, nebo si nejste jistí kroky a chcete si je oprášit, tak od 15:00 se bude konat tančicí dílna, která je určená právě na to.</p>



<p class="has-medium-font-size">Samotný ples se koná 14. 2., ale kdokoliv, kdo by měl zájem přespat do neděle a zůčastnit se s námi bohoslužeb je vítán.</p>



<p class="has-medium-font-size">Budeme se na vás těšit!</p>



<p class="has-medium-font-size"></p>



<p class="has-medium-font-size"></p>
