{"id":283,"date":"2025-12-04T12:17:29","date_gmt":"2025-12-04T11:17:29","guid":{"rendered":"https:\/\/mladez.evangnet.cz\/jihoceska\/?post_type=event&#038;p=283"},"modified":"2025-12-04T12:17:30","modified_gmt":"2025-12-04T11:17:30","slug":"konfiakce-tri-kralove","status":"publish","type":"event","link":"https:\/\/mladez.evangnet.cz\/jihoceska\/akce\/konfiakce-tri-kralove\/","title":{"rendered":"Konfiakce: T\u0159i kr\u00e1lov\u00e9"},"content":{"rendered":"\n<p>P\u0159ije\u010fte na na\u0161i dal\u0161\u00ed akci, tentokr\u00e1t to bude akce pro mlad\u0161\u00ed. T\u00e9ma leto\u0161n\u00ed akce pro konfirmandy jsou t\u0159i kr\u00e1lov\u00e9. Ale byli doopravdy jen t\u0159i? A byli to doopravdy kr\u00e1lov\u00e9? To se dozv\u00edte, pokud p\u0159ijedete.<\/p>\n\n\n\n<p><strong>POZOR!!!<\/strong> Sraz je v 18:00 na vlakov\u00e9m n\u00e1dra\u017e\u00ed v \u010cesk\u00fdch Bud\u011bjovic\u00edch u v\u00e1no\u010dn\u00edho stromku. <\/p>\n\n\n\n<p>Krom pobo\u017enost\u00ed, filmu a t\u0159eba taiz\u00e9, bude i spoustu venkovn\u00edch her, tak si nezapome\u0148te vz\u00edt pevnou obuv a sportovn\u00ed oble\u010den\u00ed. A taky si nezapome\u0148 vz\u00edt sebou de\u0161tn\u00edk!<\/p>\n\n\n\n<p><\/p>\n","protected":false},"featured_media":287,"menu_order":0,"template":"","categories":[],"class_list":["post-283","event","type-event","status-publish","has-post-thumbnail","hentry"],"_links":{"self":[{"href":"https:\/\/mladez.evangnet.cz\/jihoceska\/wp-json\/wp\/v2\/event\/283","targetHints":{"allow":["GET"]}}],"collection":[{"href":"https:\/\/mladez.evangnet.cz\/jihoceska\/wp-json\/wp\/v2\/event"}],"about":[{"href":"https:\/\/mladez.evangnet.cz\/jihoceska\/wp-json\/wp\/v2\/types\/event"}],"version-history":[{"count":2,"href":"https:\/\/mladez.evangnet.cz\/jihoceska\/wp-json\/wp\/v2\/event\/283\/revisions"}],"predecessor-version":[{"id":288,"href":"https:\/\/mladez.evangnet.cz\/jihoceska\/wp-json\/wp\/v2\/event\/283\/revisions\/288"}],"wp:featuredmedia":[{"embeddable":true,"href":"https:\/\/mladez.evangnet.cz\/jihoceska\/wp-json\/wp\/v2\/media\/287"}],"wp:attachment":[{"href":"https:\/\/mladez.evangnet.cz\/jihoceska\/wp-json\/wp\/v2\/media?parent=283"}],"wp:term":[{"taxonomy":"category","embeddable":true,"href":"https:\/\/mladez.evangnet.cz\/jihoceska\/wp-json\/wp\/v2\/categories?post=283"}],"curies":[{"name":"wp","href":"https:\/\/api.w.org\/{rel}","templated":true}]}}

Konfiakce: Tři králové

<p>Přijeďte na naši další akci, tentokrát to bude akce pro mladší. Téma letošní akce pro konfirmandy jsou tři králové. Ale byli doopravdy jen tři? A byli to doopravdy králové? To se dozvíte, pokud přijedete.</p>



<p><strong>POZOR!!!</strong> Sraz je v 18:00 na vlakovém nádraží v Českých Budějovicích u vánočního stromku. </p>



<p>Krom pobožností, filmu a třeba taizé, bude i spoustu venkovních her, tak si nezapomeňte vzít pevnou obuv a sportovní oblečení. A taky si nezapomeň vzít sebou deštník!</p>



<p></p>
