{"id":272,"date":"2025-11-08T12:47:21","date_gmt":"2025-11-08T11:47:21","guid":{"rendered":"https:\/\/mladez.evangnet.cz\/jihoceska\/?post_type=event&#038;p=272"},"modified":"2025-11-08T12:52:45","modified_gmt":"2025-11-08T11:52:45","slug":"senioratky-pravda-a-nasili-je-nasili-omluvitelne","status":"publish","type":"event","link":"https:\/\/mladez.evangnet.cz\/jihoceska\/akce\/senioratky-pravda-a-nasili-je-nasili-omluvitelne\/","title":{"rendered":"Senior\u00e1tky: Pravda a n\u00e1sil\u00ed \u2013 je n\u00e1sil\u00ed omluviteln\u00e9"},"content":{"rendered":"\n<p>Srde\u010dn\u011b v\u00e1s zveme na senior\u00e1tn\u00ed dny ml\u00e1de\u017ee, na kter\u00fdch se budeme v\u011bnovat jednomu z nejt\u011b\u017e\u0161\u00edch, ale z\u00e1rove\u0148 nejaktu\u00e1ln\u011bj\u0161\u00edch t\u00e9mat dne\u0161n\u00ed doby \u2013 <strong>vztahu mezi pravdou, spravedlnost\u00ed a n\u00e1sil\u00edm.<\/strong><\/p>\n\n\n\n<p>Senior\u00e1tn\u00ed dny ml\u00e1de\u017ee jsou o zamy\u0161len\u00ed na ur\u010dit\u00e9 t\u00e9ma, proto se m\u016f\u017eete t\u011b\u0161it na p\u0159edn\u00e1\u0161ku, diskusi, nebo r\u016fzn\u00e9 pobo\u017enosti. P\u0159edn\u00e1\u0161et n\u00e1m bude vojensk\u00fd kaplan Richard Dra\u010dka.<\/p>\n\n\n\n<p>Ale nebojte se, tak\u00e9 se m\u016f\u017eete t\u011b\u0161it na: spole\u010dn\u00e9 hran\u00ed deskov\u00fdch her, zp\u00edv\u00e1n\u00ed, zaj\u00edmav\u00e9 workshopy, kter\u00fdch se m\u016f\u017eete z\u00fa\u010dastnit a mnoho dal\u0161\u00edho<br>Douf\u00e1me, \u017ee v\u00e1s uvid\u00edme v hojn\u00e9m po\u010dtu \ud83d\ude42<\/p>\n\n\n\n<p>\u201eBlaze t\u011bm, kdo p\u016fsob\u00ed pokoj, nebo\u0165 oni budou nazv\u00e1ni syny Bo\u017e\u00edmi.\u201c<br><em>(Mt 5,9)<\/em><\/p>\n","protected":false},"featured_media":273,"menu_order":0,"template":"","categories":[],"class_list":["post-272","event","type-event","status-publish","has-post-thumbnail","hentry"],"_links":{"self":[{"href":"https:\/\/mladez.evangnet.cz\/jihoceska\/wp-json\/wp\/v2\/event\/272","targetHints":{"allow":["GET"]}}],"collection":[{"href":"https:\/\/mladez.evangnet.cz\/jihoceska\/wp-json\/wp\/v2\/event"}],"about":[{"href":"https:\/\/mladez.evangnet.cz\/jihoceska\/wp-json\/wp\/v2\/types\/event"}],"version-history":[{"count":8,"href":"https:\/\/mladez.evangnet.cz\/jihoceska\/wp-json\/wp\/v2\/event\/272\/revisions"}],"predecessor-version":[{"id":284,"href":"https:\/\/mladez.evangnet.cz\/jihoceska\/wp-json\/wp\/v2\/event\/272\/revisions\/284"}],"wp:featuredmedia":[{"embeddable":true,"href":"https:\/\/mladez.evangnet.cz\/jihoceska\/wp-json\/wp\/v2\/media\/273"}],"wp:attachment":[{"href":"https:\/\/mladez.evangnet.cz\/jihoceska\/wp-json\/wp\/v2\/media?parent=272"}],"wp:term":[{"taxonomy":"category","embeddable":true,"href":"https:\/\/mladez.evangnet.cz\/jihoceska\/wp-json\/wp\/v2\/categories?post=272"}],"curies":[{"name":"wp","href":"https:\/\/api.w.org\/{rel}","templated":true}]}}

Seniorátky: Pravda a násilí – je násilí omluvitelné

<p>Srdečně vás zveme na seniorátní dny mládeže, na kterých se budeme věnovat jednomu z nejtěžších, ale zároveň nejaktuálnějších témat dnešní doby – <strong>vztahu mezi pravdou, spravedlností a násilím.</strong></p>



<p>Seniorátní dny mládeže jsou o zamyšlení na určité téma, proto se můžete těšit na přednášku, diskusi, nebo různé pobožnosti. Přednášet nám bude vojenský kaplan Richard Dračka.</p>



<p>Ale nebojte se, také se můžete těšit na: společné hraní deskových her, zpívání, zajímavé workshopy, kterých se můžete zúčastnit a mnoho dalšího<br>Doufáme, že vás uvidíme v hojném počtu 🙂</p>



<p>„Blaze těm, kdo působí pokoj, neboť oni budou nazváni syny Božími.“<br><em>(Mt 5,9)</em></p>
