{"id":160,"date":"2025-01-24T16:53:12","date_gmt":"2025-01-24T15:53:12","guid":{"rendered":"https:\/\/mladez.evangnet.cz\/jihoceska\/?post_type=event&#038;p=160"},"modified":"2025-03-12T22:11:48","modified_gmt":"2025-03-12T21:11:48","slug":"deskac","status":"publish","type":"event","link":"https:\/\/mladez.evangnet.cz\/jihoceska\/akce\/deskac\/","title":{"rendered":"Desk\u00e1\u010d"},"content":{"rendered":"\n<p><em>Spolu s hor\u00e1ck\u00fdm SOMem<\/em><\/p>\n\n\n\n<p>Jeliko\u017e se v budoucnosti budou na\u0161e senior\u00e1ty slu\u010dovat, rozhodli jsme se uspo\u0159\u00e1dat spole\u010dn\u00fd desk\u00e1\u010d. Akce to bude v celku norm\u00e1ln\u00ed, jen ji organizuj\u00ed dva SOMy. Konat se bude v Jihlav\u011b. P\u0159\u00edm\u00e9 spoje jezd\u00ed z T\u00e1bora, Vesel\u00ed nad Lu\u017enic\u00ed a \u010cesk\u00fdch Bud\u011bjovic. Na akci se m\u016f\u017eete t\u011b\u0161it na deskovky, zp\u011bv, n\u011bjak\u00e9 ty pobo\u017enosti a hlavn\u011b nov\u00e9 lidi a\u017e z dalek\u00e9 vyso\u010diny. <\/p>\n\n\n\n<p>T\u011b\u0161\u00edme se na v\u00e1s:)<\/p>\n\n\n\n<p><\/p>\n","protected":false},"featured_media":174,"menu_order":0,"template":"","categories":[],"class_list":["post-160","event","type-event","status-publish","has-post-thumbnail","hentry"],"_links":{"self":[{"href":"https:\/\/mladez.evangnet.cz\/jihoceska\/wp-json\/wp\/v2\/event\/160","targetHints":{"allow":["GET"]}}],"collection":[{"href":"https:\/\/mladez.evangnet.cz\/jihoceska\/wp-json\/wp\/v2\/event"}],"about":[{"href":"https:\/\/mladez.evangnet.cz\/jihoceska\/wp-json\/wp\/v2\/types\/event"}],"version-history":[{"count":4,"href":"https:\/\/mladez.evangnet.cz\/jihoceska\/wp-json\/wp\/v2\/event\/160\/revisions"}],"predecessor-version":[{"id":177,"href":"https:\/\/mladez.evangnet.cz\/jihoceska\/wp-json\/wp\/v2\/event\/160\/revisions\/177"}],"wp:featuredmedia":[{"embeddable":true,"href":"https:\/\/mladez.evangnet.cz\/jihoceska\/wp-json\/wp\/v2\/media\/174"}],"wp:attachment":[{"href":"https:\/\/mladez.evangnet.cz\/jihoceska\/wp-json\/wp\/v2\/media?parent=160"}],"wp:term":[{"taxonomy":"category","embeddable":true,"href":"https:\/\/mladez.evangnet.cz\/jihoceska\/wp-json\/wp\/v2\/categories?post=160"}],"curies":[{"name":"wp","href":"https:\/\/api.w.org\/{rel}","templated":true}]}}

Deskáč

<p><em>Spolu s horáckým SOMem</em></p>



<p>Jelikož se v budoucnosti budou naše senioráty slučovat, rozhodli jsme se uspořádat společný deskáč. Akce to bude v celku normální, jen ji organizují dva SOMy. Konat se bude v Jihlavě. Přímé spoje jezdí z Tábora, Veselí nad Lužnicí a Českých Budějovic. Na akci se můžete těšit na deskovky, zpěv, nějaké ty pobožnosti a hlavně nové lidi až z daleké vysočiny. </p>



<p>Těšíme se na vás:)</p>



<p></p>
