{"id":171,"date":"2025-03-11T22:01:48","date_gmt":"2025-03-11T21:01:48","guid":{"rendered":"https:\/\/mladez.evangnet.cz\/horacka\/?post_type=event&#038;p=171"},"modified":"2025-03-11T22:04:47","modified_gmt":"2025-03-11T21:04:47","slug":"patecni-mladez","status":"publish","type":"event","link":"https:\/\/mladez.evangnet.cz\/horacka\/akce\/patecni-mladez\/","title":{"rendered":"P\u00e1te\u010dn\u00ed ml\u00e1de\u017e"},"content":{"rendered":"\n<p>P\u0159ije\u010fte za n\u00e1mi na p\u00e1te\u010dn\u00ed ml\u00e1de\u017e tentokr\u00e1t do Jihlavy. Program si pro n\u00e1s p\u0159ichyst\u00e1 Jan Ke\u0159kovsk\u00fd. Tak nev\u00e1hej a dora\u017e! U\u017eijeme si kr\u00e1sn\u00fd ve\u010der pln\u00fd sm\u00edchu a dobr\u00e9 spole\u010dnost.<\/p>\n","protected":false},"featured_media":174,"menu_order":0,"template":"","categories":[],"class_list":["post-171","event","type-event","status-publish","has-post-thumbnail","hentry"],"_links":{"self":[{"href":"https:\/\/mladez.evangnet.cz\/horacka\/wp-json\/wp\/v2\/event\/171","targetHints":{"allow":["GET"]}}],"collection":[{"href":"https:\/\/mladez.evangnet.cz\/horacka\/wp-json\/wp\/v2\/event"}],"about":[{"href":"https:\/\/mladez.evangnet.cz\/horacka\/wp-json\/wp\/v2\/types\/event"}],"version-history":[{"count":2,"href":"https:\/\/mladez.evangnet.cz\/horacka\/wp-json\/wp\/v2\/event\/171\/revisions"}],"predecessor-version":[{"id":175,"href":"https:\/\/mladez.evangnet.cz\/horacka\/wp-json\/wp\/v2\/event\/171\/revisions\/175"}],"wp:featuredmedia":[{"embeddable":true,"href":"https:\/\/mladez.evangnet.cz\/horacka\/wp-json\/wp\/v2\/media\/174"}],"wp:attachment":[{"href":"https:\/\/mladez.evangnet.cz\/horacka\/wp-json\/wp\/v2\/media?parent=171"}],"wp:term":[{"taxonomy":"category","embeddable":true,"href":"https:\/\/mladez.evangnet.cz\/horacka\/wp-json\/wp\/v2\/categories?post=171"}],"curies":[{"name":"wp","href":"https:\/\/api.w.org\/{rel}","templated":true}]}}

Páteční mládež

<p>Přijeďte za námi na páteční mládež tentokrát do Jihlavy. Program si pro nás přichystá Jan Keřkovský. Tak neváhej a doraž! Užijeme si krásný večer plný smíchu a dobré společnost.</p>
