{"id":51,"date":"2024-09-10T17:08:24","date_gmt":"2024-09-10T15:08:24","guid":{"rendered":"https:\/\/mladez.evangnet.cz\/chrudimska\/?post_type=event&#038;p=51"},"modified":"2024-09-10T17:08:24","modified_gmt":"2024-09-10T15:08:24","slug":"vylet-do-hradiste","status":"publish","type":"event","link":"https:\/\/mladez.evangnet.cz\/chrudimska\/akce\/vylet-do-hradiste\/","title":{"rendered":"V\u00fdlet do Hradi\u0161t\u011b"},"content":{"rendered":"<p>Ahoj ahoj,<br \/>\nse smutn\u00fdm koncem pr\u00e1zdnin n\u00e1s \u010dekaj\u00ed \u0161\u0165astn\u00e9 momenty. Jedn\u00edm z nich je Senior\u00e1tn\u00ed v\u00fdlet z Chrudimi do Hradi\u0161t\u011b, na kter\u00fd bychom v\u00e1s moc r\u00e1di pozvali v term\u00ednu 21.-22.9. Setk\u00e1me se v Chrudimi na n\u00e1dra\u017e\u00ed v 10 hodin a p\u011b\u0161ky vyraz\u00edme sm\u011br Hradi\u0161t\u011b. Cestou ud\u011bl\u00e1me n\u011bkolik zastaven\u00ed, nep\u016fjdeme to na jeden n\u00e1dech :)). V Hradi\u0161ti se od 15h p\u0159ipoj\u00edme k festivalu Zahradi\u0161t\u011b. Nejd\u0159\u00edve si d\u00e1me spole\u010dn\u011b j\u00eddlo, potom se budeme voln\u011b pohybovat na zahrad\u011b, u\u017e\u00edvat atmosf\u00e9ru a p\u0159ipraven\u00fd program, \u010di si m\u016f\u017eeme zahr\u00e1t m\u00ed\u010dov\u00e9 a jin\u00e9 hry. S sebou budete pot\u0159ebovat spac\u00e1k, karimatku a osobn\u00ed hygienu, p\u0159\u00edpadn\u011b hudebn\u00ed n\u00e1stroj &#8211; toto v\u0161e budeme moct odv\u00e9zt autem, abychom s t\u00edm nemuseli \u0161lapat lesem. Ov\u0161em na cestu si s sebou mimo vhodn\u00e9ho oble\u010den\u00ed vzhledem k po\u010das\u00ed vezm\u011bte sva\u010dinu s pit\u00edm, spole\u010dn\u00e9 j\u00eddlo n\u00e1s bude \u010dekat a\u017e na m\u00edst\u011b. Pros\u00edm, p\u0159ihla\u0161ujte se do 17.9. p\u0159es\u00a0<a href=\"https:\/\/forms.gle\/ajZnYi6vAvt3wFBJ9\" target=\"_blank\" rel=\"noopener\">tento odkaz<\/a>. T\u011b\u0161\u00edme se a p\u0159ejeme \u00fasp\u011b\u0161n\u00e9 vkro\u010den\u00ed do nov\u00e9ho \u0161koln\u00edho roku 24\/25!<\/p>\n<p>SOM Chrudimsk\u00e9ho senior\u00e1tu\u00a0\ud83d\ude42<\/p>\n","protected":false},"featured_media":48,"menu_order":0,"template":"","categories":[4],"class_list":["post-51","event","type-event","status-publish","has-post-thumbnail","hentry","category-udalosti"],"_links":{"self":[{"href":"https:\/\/mladez.evangnet.cz\/chrudimska\/wp-json\/wp\/v2\/event\/51","targetHints":{"allow":["GET"]}}],"collection":[{"href":"https:\/\/mladez.evangnet.cz\/chrudimska\/wp-json\/wp\/v2\/event"}],"about":[{"href":"https:\/\/mladez.evangnet.cz\/chrudimska\/wp-json\/wp\/v2\/types\/event"}],"version-history":[{"count":1,"href":"https:\/\/mladez.evangnet.cz\/chrudimska\/wp-json\/wp\/v2\/event\/51\/revisions"}],"predecessor-version":[{"id":52,"href":"https:\/\/mladez.evangnet.cz\/chrudimska\/wp-json\/wp\/v2\/event\/51\/revisions\/52"}],"wp:featuredmedia":[{"embeddable":true,"href":"https:\/\/mladez.evangnet.cz\/chrudimska\/wp-json\/wp\/v2\/media\/48"}],"wp:attachment":[{"href":"https:\/\/mladez.evangnet.cz\/chrudimska\/wp-json\/wp\/v2\/media?parent=51"}],"wp:term":[{"taxonomy":"category","embeddable":true,"href":"https:\/\/mladez.evangnet.cz\/chrudimska\/wp-json\/wp\/v2\/categories?post=51"}],"curies":[{"name":"wp","href":"https:\/\/api.w.org\/{rel}","templated":true}]}}

Výlet do Hradiště

<p>Ahoj ahoj,<br />
se smutným koncem prázdnin nás čekají šťastné momenty. Jedním z nich je Seniorátní výlet z Chrudimi do Hradiště, na který bychom vás moc rádi pozvali v termínu 21.-22.9. Setkáme se v Chrudimi na nádraží v 10 hodin a pěšky vyrazíme směr Hradiště. Cestou uděláme několik zastavení, nepůjdeme to na jeden nádech :)). V Hradišti se od 15h připojíme k festivalu Zahradiště. Nejdříve si dáme společně jídlo, potom se budeme volně pohybovat na zahradě, užívat atmosféru a připravený program, či si můžeme zahrát míčové a jiné hry. S sebou budete potřebovat spacák, karimatku a osobní hygienu, případně hudební nástroj &#8211; toto vše budeme moct odvézt autem, abychom s tím nemuseli šlapat lesem. Ovšem na cestu si s sebou mimo vhodného oblečení vzhledem k počasí vezměte svačinu s pitím, společné jídlo nás bude čekat až na místě. Prosím, přihlašujte se do 17.9. přes <a href="https://forms.gle/ajZnYi6vAvt3wFBJ9" target="_blank" rel="noopener">tento odkaz</a>. Těšíme se a přejeme úspěšné vkročení do nového školního roku 24/25!</p>
<p>SOM Chrudimského seniorátu 🙂</p>
