{"id":325,"date":"2026-01-31T15:57:15","date_gmt":"2026-01-31T14:57:15","guid":{"rendered":"https:\/\/mladez.evangnet.cz\/chrudimska\/?post_type=event&#038;p=325"},"modified":"2026-01-31T15:57:21","modified_gmt":"2026-01-31T14:57:21","slug":"patecni-mladez-v-pardubicich","status":"publish","type":"event","link":"https:\/\/mladez.evangnet.cz\/chrudimska\/akce\/patecni-mladez-v-pardubicich\/","title":{"rendered":"P\u00e1te\u010dn\u00ed ml\u00e1de\u017e v Pardubic\u00edch"},"content":{"rendered":"","protected":false},"featured_media":254,"menu_order":0,"template":"","categories":[],"class_list":["post-325","event","type-event","status-publish","has-post-thumbnail","hentry"],"_links":{"self":[{"href":"https:\/\/mladez.evangnet.cz\/chrudimska\/wp-json\/wp\/v2\/event\/325","targetHints":{"allow":["GET"]}}],"collection":[{"href":"https:\/\/mladez.evangnet.cz\/chrudimska\/wp-json\/wp\/v2\/event"}],"about":[{"href":"https:\/\/mladez.evangnet.cz\/chrudimska\/wp-json\/wp\/v2\/types\/event"}],"version-history":[{"count":1,"href":"https:\/\/mladez.evangnet.cz\/chrudimska\/wp-json\/wp\/v2\/event\/325\/revisions"}],"predecessor-version":[{"id":326,"href":"https:\/\/mladez.evangnet.cz\/chrudimska\/wp-json\/wp\/v2\/event\/325\/revisions\/326"}],"wp:featuredmedia":[{"embeddable":true,"href":"https:\/\/mladez.evangnet.cz\/chrudimska\/wp-json\/wp\/v2\/media\/254"}],"wp:attachment":[{"href":"https:\/\/mladez.evangnet.cz\/chrudimska\/wp-json\/wp\/v2\/media?parent=325"}],"wp:term":[{"taxonomy":"category","embeddable":true,"href":"https:\/\/mladez.evangnet.cz\/chrudimska\/wp-json\/wp\/v2\/categories?post=325"}],"curies":[{"name":"wp","href":"https:\/\/api.w.org\/{rel}","templated":true}]}}

Páteční mládež v Pardubicích
