{"id":320,"date":"2026-01-02T20:58:05","date_gmt":"2026-01-02T19:58:05","guid":{"rendered":"https:\/\/mladez.evangnet.cz\/chrudimska\/?post_type=event&#038;p=320"},"modified":"2026-01-02T20:58:10","modified_gmt":"2026-01-02T19:58:10","slug":"patecni-mladez-v-chrudimi","status":"publish","type":"event","link":"https:\/\/mladez.evangnet.cz\/chrudimska\/akce\/patecni-mladez-v-chrudimi\/","title":{"rendered":"P\u00e1te\u010dn\u00ed ml\u00e1de\u017e v Chrudimi"},"content":{"rendered":"","protected":false},"featured_media":0,"menu_order":0,"template":"","categories":[],"class_list":["post-320","event","type-event","status-publish","hentry"],"_links":{"self":[{"href":"https:\/\/mladez.evangnet.cz\/chrudimska\/wp-json\/wp\/v2\/event\/320","targetHints":{"allow":["GET"]}}],"collection":[{"href":"https:\/\/mladez.evangnet.cz\/chrudimska\/wp-json\/wp\/v2\/event"}],"about":[{"href":"https:\/\/mladez.evangnet.cz\/chrudimska\/wp-json\/wp\/v2\/types\/event"}],"version-history":[{"count":1,"href":"https:\/\/mladez.evangnet.cz\/chrudimska\/wp-json\/wp\/v2\/event\/320\/revisions"}],"predecessor-version":[{"id":321,"href":"https:\/\/mladez.evangnet.cz\/chrudimska\/wp-json\/wp\/v2\/event\/320\/revisions\/321"}],"wp:attachment":[{"href":"https:\/\/mladez.evangnet.cz\/chrudimska\/wp-json\/wp\/v2\/media?parent=320"}],"wp:term":[{"taxonomy":"category","embeddable":true,"href":"https:\/\/mladez.evangnet.cz\/chrudimska\/wp-json\/wp\/v2\/categories?post=320"}],"curies":[{"name":"wp","href":"https:\/\/api.w.org\/{rel}","templated":true}]}}

Páteční mládež v Chrudimi
