{"id":306,"date":"2025-09-17T17:57:33","date_gmt":"2025-09-17T15:57:33","guid":{"rendered":"https:\/\/mladez.evangnet.cz\/chrudimska\/?post_type=event&#038;p=306"},"modified":"2025-09-17T17:57:33","modified_gmt":"2025-09-17T15:57:33","slug":"vanockova-mladez-v-lozicich","status":"publish","type":"event","link":"https:\/\/mladez.evangnet.cz\/chrudimska\/akce\/vanockova-mladez-v-lozicich\/","title":{"rendered":"V\u00e1no\u010dkov\u00e1 ml\u00e1de\u017e v Lozic\u00edch"},"content":{"rendered":"","protected":false},"featured_media":0,"menu_order":0,"template":"","categories":[],"class_list":["post-306","event","type-event","status-publish","hentry"],"_links":{"self":[{"href":"https:\/\/mladez.evangnet.cz\/chrudimska\/wp-json\/wp\/v2\/event\/306","targetHints":{"allow":["GET"]}}],"collection":[{"href":"https:\/\/mladez.evangnet.cz\/chrudimska\/wp-json\/wp\/v2\/event"}],"about":[{"href":"https:\/\/mladez.evangnet.cz\/chrudimska\/wp-json\/wp\/v2\/types\/event"}],"version-history":[{"count":1,"href":"https:\/\/mladez.evangnet.cz\/chrudimska\/wp-json\/wp\/v2\/event\/306\/revisions"}],"predecessor-version":[{"id":307,"href":"https:\/\/mladez.evangnet.cz\/chrudimska\/wp-json\/wp\/v2\/event\/306\/revisions\/307"}],"wp:attachment":[{"href":"https:\/\/mladez.evangnet.cz\/chrudimska\/wp-json\/wp\/v2\/media?parent=306"}],"wp:term":[{"taxonomy":"category","embeddable":true,"href":"https:\/\/mladez.evangnet.cz\/chrudimska\/wp-json\/wp\/v2\/categories?post=306"}],"curies":[{"name":"wp","href":"https:\/\/api.w.org\/{rel}","templated":true}]}}

Vánočková mládež v Lozicích
