{"id":292,"date":"2025-07-22T23:02:45","date_gmt":"2025-07-22T21:02:45","guid":{"rendered":"https:\/\/mladez.evangnet.cz\/chrudimska\/?post_type=event&#038;p=292"},"modified":"2025-08-11T15:14:19","modified_gmt":"2025-08-11T13:14:19","slug":"spolecna-mladez-s-policskym-senioratem-v-kroune","status":"publish","type":"event","link":"https:\/\/mladez.evangnet.cz\/chrudimska\/akce\/spolecna-mladez-s-policskym-senioratem-v-kroune\/","title":{"rendered":"Spole\u010dn\u00e1 ml\u00e1de\u017e s Poli\u010dsk\u00fdm senior\u00e1tem v Poli\u010dce"},"content":{"rendered":"","protected":false},"featured_media":0,"menu_order":0,"template":"","categories":[],"class_list":["post-292","event","type-event","status-publish","hentry"],"_links":{"self":[{"href":"https:\/\/mladez.evangnet.cz\/chrudimska\/wp-json\/wp\/v2\/event\/292","targetHints":{"allow":["GET"]}}],"collection":[{"href":"https:\/\/mladez.evangnet.cz\/chrudimska\/wp-json\/wp\/v2\/event"}],"about":[{"href":"https:\/\/mladez.evangnet.cz\/chrudimska\/wp-json\/wp\/v2\/types\/event"}],"version-history":[{"count":2,"href":"https:\/\/mladez.evangnet.cz\/chrudimska\/wp-json\/wp\/v2\/event\/292\/revisions"}],"predecessor-version":[{"id":302,"href":"https:\/\/mladez.evangnet.cz\/chrudimska\/wp-json\/wp\/v2\/event\/292\/revisions\/302"}],"wp:attachment":[{"href":"https:\/\/mladez.evangnet.cz\/chrudimska\/wp-json\/wp\/v2\/media?parent=292"}],"wp:term":[{"taxonomy":"category","embeddable":true,"href":"https:\/\/mladez.evangnet.cz\/chrudimska\/wp-json\/wp\/v2\/categories?post=292"}],"curies":[{"name":"wp","href":"https:\/\/api.w.org\/{rel}","templated":true}]}}

Společná mládež s Poličským seniorátem v Poličce
