{"id":261,"date":"2025-03-03T18:21:28","date_gmt":"2025-03-03T17:21:28","guid":{"rendered":"https:\/\/mladez.evangnet.cz\/chrudimska\/?post_type=event&#038;p=261"},"modified":"2025-06-15T19:57:29","modified_gmt":"2025-06-15T17:57:29","slug":"vylet-brandys-nad-orlici","status":"publish","type":"event","link":"https:\/\/mladez.evangnet.cz\/chrudimska\/akce\/vylet-brandys-nad-orlici\/","title":{"rendered":"V\u00fdlet Brand\u00fds nad Orlic\u00ed"},"content":{"rendered":"\n<p>Spole\u010dn\u011b vyraz\u00edme z vlakov\u00e9ho n\u00e1dra\u017e\u00ed v \u00dast\u00ed nad Orlic\u00ed v sobotu ve 14:45.<\/p>\n\n\n\n<p><strong>Co s sebou?<\/strong><br><strong>Na span\u00ed (odvezeme autem):<\/strong> spac\u00e1k, karimatku, osobn\u00ed hygienu a p\u0159\u00edpadn\u011b hudebn\u00ed n\u00e1stroj<\/p>\n\n\n\n<p><strong>Na cestu (ponesete sami):<\/strong> sva\u010dinu, pit\u00ed, vhodnou obuv a oble\u010den\u00ed dle po\u010das\u00ed<\/p>\n\n\n\n<p>Spole\u010dn\u00e9 j\u00eddlo n\u00e1s bude \u010dekat a\u017e na m\u00edst\u011b.<\/p>\n\n\n\n<p>T\u011b\u0161\u00edme se na spole\u010dn\u00e9 setk\u00e1n\u00ed a p\u0159ejeme v\u00e1m hodn\u011b sil do z\u00e1v\u011bru \u0161koln\u00edho roku!<\/p>\n\n\n\n<p><strong>V\u00e1\u0161 SOM Chrudimsk\u00e9ho senior\u00e1tu<\/strong><\/p>\n\n\n\n<p><\/p>\n","protected":false},"featured_media":219,"menu_order":0,"template":"","categories":[],"class_list":["post-261","event","type-event","status-publish","has-post-thumbnail","hentry"],"_links":{"self":[{"href":"https:\/\/mladez.evangnet.cz\/chrudimska\/wp-json\/wp\/v2\/event\/261","targetHints":{"allow":["GET"]}}],"collection":[{"href":"https:\/\/mladez.evangnet.cz\/chrudimska\/wp-json\/wp\/v2\/event"}],"about":[{"href":"https:\/\/mladez.evangnet.cz\/chrudimska\/wp-json\/wp\/v2\/types\/event"}],"version-history":[{"count":2,"href":"https:\/\/mladez.evangnet.cz\/chrudimska\/wp-json\/wp\/v2\/event\/261\/revisions"}],"predecessor-version":[{"id":284,"href":"https:\/\/mladez.evangnet.cz\/chrudimska\/wp-json\/wp\/v2\/event\/261\/revisions\/284"}],"wp:featuredmedia":[{"embeddable":true,"href":"https:\/\/mladez.evangnet.cz\/chrudimska\/wp-json\/wp\/v2\/media\/219"}],"wp:attachment":[{"href":"https:\/\/mladez.evangnet.cz\/chrudimska\/wp-json\/wp\/v2\/media?parent=261"}],"wp:term":[{"taxonomy":"category","embeddable":true,"href":"https:\/\/mladez.evangnet.cz\/chrudimska\/wp-json\/wp\/v2\/categories?post=261"}],"curies":[{"name":"wp","href":"https:\/\/api.w.org\/{rel}","templated":true}]}}

Výlet Brandýs nad Orlicí

<p>Společně vyrazíme z vlakového nádraží v Ústí nad Orlicí v sobotu ve 14:45.</p>



<p><strong>Co s sebou?</strong><br><strong>Na spaní (odvezeme autem):</strong> spacák, karimatku, osobní hygienu a případně hudební nástroj</p>



<p><strong>Na cestu (ponesete sami):</strong> svačinu, pití, vhodnou obuv a oblečení dle počasí</p>



<p>Společné jídlo nás bude čekat až na místě.</p>



<p>Těšíme se na společné setkání a přejeme vám hodně sil do závěru školního roku!</p>



<p><strong>Váš SOM Chrudimského seniorátu</strong></p>



<p></p>
