{"id":234,"date":"2024-11-23T14:22:07","date_gmt":"2024-11-23T13:22:07","guid":{"rendered":"https:\/\/mladez.evangnet.cz\/chrudimska\/?post_type=event&#038;p=234"},"modified":"2024-11-23T14:22:07","modified_gmt":"2024-11-23T13:22:07","slug":"patecni-mladez-2","status":"publish","type":"event","link":"https:\/\/mladez.evangnet.cz\/chrudimska\/akce\/patecni-mladez-2\/","title":{"rendered":"P\u00e1te\u010dn\u00ed ml\u00e1de\u017e"},"content":{"rendered":"\n<p>Srde\u010dn\u011b v\u00e1s zveme na na\u0161\u00ed prvn\u00ed ml\u00e1de\u017enickou ud\u00e1lost v nov\u00e9m roce, kterou bude P\u00e1te\u010dn\u00ed ml\u00e1de\u017e v Pardubic\u00edch. Akce se uskute\u010dn\u00ed 24. ledna 2025. T\u011b\u0161\u00edme se na v\u00e1s!<\/p>\n\n\n\n<p><\/p>\n","protected":false},"featured_media":235,"menu_order":0,"template":"","categories":[],"class_list":["post-234","event","type-event","status-publish","has-post-thumbnail","hentry"],"_links":{"self":[{"href":"https:\/\/mladez.evangnet.cz\/chrudimska\/wp-json\/wp\/v2\/event\/234","targetHints":{"allow":["GET"]}}],"collection":[{"href":"https:\/\/mladez.evangnet.cz\/chrudimska\/wp-json\/wp\/v2\/event"}],"about":[{"href":"https:\/\/mladez.evangnet.cz\/chrudimska\/wp-json\/wp\/v2\/types\/event"}],"version-history":[{"count":1,"href":"https:\/\/mladez.evangnet.cz\/chrudimska\/wp-json\/wp\/v2\/event\/234\/revisions"}],"predecessor-version":[{"id":236,"href":"https:\/\/mladez.evangnet.cz\/chrudimska\/wp-json\/wp\/v2\/event\/234\/revisions\/236"}],"wp:featuredmedia":[{"embeddable":true,"href":"https:\/\/mladez.evangnet.cz\/chrudimska\/wp-json\/wp\/v2\/media\/235"}],"wp:attachment":[{"href":"https:\/\/mladez.evangnet.cz\/chrudimska\/wp-json\/wp\/v2\/media?parent=234"}],"wp:term":[{"taxonomy":"category","embeddable":true,"href":"https:\/\/mladez.evangnet.cz\/chrudimska\/wp-json\/wp\/v2\/categories?post=234"}],"curies":[{"name":"wp","href":"https:\/\/api.w.org\/{rel}","templated":true}]}}

Páteční mládež

<p>Srdečně vás zveme na naší první mládežnickou událost v novém roce, kterou bude Páteční mládež v Pardubicích. Akce se uskuteční 24. ledna 2025. Těšíme se na vás!</p>



<p></p>
