{"id":147,"date":"2024-09-11T13:26:58","date_gmt":"2024-09-11T11:26:58","guid":{"rendered":"https:\/\/mladez.evangnet.cz\/chrudimska\/?post_type=event&#038;p=147"},"modified":"2024-11-22T15:43:04","modified_gmt":"2024-11-22T14:43:04","slug":"vanockova-mladez","status":"publish","type":"event","link":"https:\/\/mladez.evangnet.cz\/chrudimska\/akce\/vanockova-mladez\/","title":{"rendered":"V\u00e1no\u010dkov\u00e1 ml\u00e1de\u017e"},"content":{"rendered":"\n<p>S koncem roku 2024 bychom v\u00e1s moc r\u00e1di pozvali na posledn\u00ed senior\u00e1tn\u00ed ml\u00e1de\u017enick\u00e9 setk\u00e1n\u00ed, t\u00edm bude V\u00e1no\u010dkov\u00e1 ml\u00e1de\u017e v Lozic\u00edch, 6.-8.12.2024. Mimo velice kreativn\u00ed, z\u00e1bavn\u00e9 a odpo\u010dinkov\u00e9 aktivity n\u00e1s \u010dek\u00e1 program s R\u00fat Ku\u010derovou a tak\u00e9 Markem Belzou. Jako ka\u017ed\u00fd rok budeme v sobotu ve\u010der prom\u00edtat fotky z leto\u0161n\u00edho roku n\u00e1s v\u0161ech. Pros\u00edm, do st\u0159edy 4.12. n\u00e1m na mail mladezchrudim@gmail.com po\u0161lete 2 &#8211; 4 fotky z uplynul\u00e9ho roku, kter\u00e9 jsou pro v\u00e1s n\u011b\u010d\u00edm d\u016fle\u017eit\u00e9 a r\u00e1di byste je sd\u00edleli s ostatn\u00edmi. Kdybyste se ml\u00e1de\u017ee \u010di sobotn\u00edho ve\u010dera nemohli z\u00fa\u010dastnit, budeme r\u00e1di, kdy\u017e n\u00e1m p\u00e1r fotek s popiskem po\u0161lete takt\u00e9\u017e.\u00a0P\u0159ihla\u0161ujte se pros\u00edm\u00a0do st\u0159edy 4.12. S sebou si p\u0159ivezte karimatku, spac\u00e1k, tepl\u00e9 oble\u010den\u00ed, p\u0159ez\u016fvky, osobn\u00ed v\u011bci.<\/p>\n","protected":false},"featured_media":226,"menu_order":0,"template":"","categories":[4],"class_list":["post-147","event","type-event","status-publish","has-post-thumbnail","hentry","category-udalosti"],"_links":{"self":[{"href":"https:\/\/mladez.evangnet.cz\/chrudimska\/wp-json\/wp\/v2\/event\/147","targetHints":{"allow":["GET"]}}],"collection":[{"href":"https:\/\/mladez.evangnet.cz\/chrudimska\/wp-json\/wp\/v2\/event"}],"about":[{"href":"https:\/\/mladez.evangnet.cz\/chrudimska\/wp-json\/wp\/v2\/types\/event"}],"version-history":[{"count":3,"href":"https:\/\/mladez.evangnet.cz\/chrudimska\/wp-json\/wp\/v2\/event\/147\/revisions"}],"predecessor-version":[{"id":225,"href":"https:\/\/mladez.evangnet.cz\/chrudimska\/wp-json\/wp\/v2\/event\/147\/revisions\/225"}],"wp:featuredmedia":[{"embeddable":true,"href":"https:\/\/mladez.evangnet.cz\/chrudimska\/wp-json\/wp\/v2\/media\/226"}],"wp:attachment":[{"href":"https:\/\/mladez.evangnet.cz\/chrudimska\/wp-json\/wp\/v2\/media?parent=147"}],"wp:term":[{"taxonomy":"category","embeddable":true,"href":"https:\/\/mladez.evangnet.cz\/chrudimska\/wp-json\/wp\/v2\/categories?post=147"}],"curies":[{"name":"wp","href":"https:\/\/api.w.org\/{rel}","templated":true}]}}

Vánočková mládež

<p>S koncem roku 2024 bychom vás moc rádi pozvali na poslední seniorátní mládežnické setkání, tím bude Vánočková mládež v Lozicích, 6.-8.12.2024. Mimo velice kreativní, zábavné a odpočinkové aktivity nás čeká program s Rút Kučerovou a také Markem Belzou. Jako každý rok budeme v sobotu večer promítat fotky z letošního roku nás všech. Prosím, do středy 4.12. nám na mail mladezchrudim@gmail.com pošlete 2 &#8211; 4 fotky z uplynulého roku, které jsou pro vás něčím důležité a rádi byste je sdíleli s ostatními. Kdybyste se mládeže či sobotního večera nemohli zúčastnit, budeme rádi, když nám pár fotek s popiskem pošlete taktéž. Přihlašujte se prosím do středy 4.12. S sebou si přivezte karimatku, spacák, teplé oblečení, přezůvky, osobní věci.</p>
